000
CXHW51 PHFO 011612
CLMLIH


CLIMATE REPORT
NATIONAL WEATHER SERVICE HONOLULU HI
608 AM HST THU FEB 1 2018

...................................

...THE LIHUE HI CLIMATE SUMMARY FOR THE MONTH OF JANUARY 2018...

CLIMATE NORMAL PERIOD 1981 TO 2010
CLIMATE RECORD PERIOD 1946 TO 2018

WEATHER         OBSERVED          NORMAL  DEPART  LAST YEAR`S
                 VALUE   DATE(S)  VALUE   FROM    VALUE  DATE(S)
                                          NORMAL
................................................................
TEMPERATURE (F)
RECORD
 HIGH              86   01/26/2016
                        01/03/2006
                        12/12/1995
 LOW               50   01/22/1969
HIGHEST            83   01/31        78       5       83  01/20
                        01/30
LOWEST             62   01/28        65      -3       58  01/06
                        01/14
                        01/13
AVG. MAXIMUM     79.5              78.0     1.5     79.2
AVG. MINIMUM     67.2              65.5     1.7     66.1
MEAN             73.4              71.7     1.7     72.6
DAYS MAX >= 90      0               0.0     0.0        0
DAYS MAX <= 32      0               0.0     0.0        0
DAYS MIN <= 32      0               0.0     0.0        0
DAYS MIN <= 0       0               0.0     0.0        0

PRECIPITATION (INCHES)
RECORD
 MAXIMUM        17.56   1956
 MINIMUM         0.20   2017
TOTALS           0.44              3.75   -3.31     0.20
DAILY AVG.       0.01              0.12   -0.11     0.01
DAYS >= .01        13              13.1    -0.1        7
DAYS >= .10         1               5.4    -4.4        1
DAYS >= .50         0               1.7    -1.7        0
DAYS >= 1.00        0               0.8    -0.8        0
GREATEST
 24 HR. TOTAL    0.16   01/31 TO 01/31              0.11

SNOWFALL (INCHES)
RECORDS
 TOTAL            0.0   5
                        0
                        -26215
TOTALS            0.0               0.0     0.0      0.0
SINCE 7/1         0.0               0.0     0.0      0.0
SNOWDEPTH AVG.     MM                MM      MM        0
DAYS >= 1.0         0               0.0     0.0        0
GREATEST
 SNOW DEPTH        MM                                  0  MM
 24 HR TOTAL      0.0   01/31 TO 01/31               0.0

DEGREE_DAYS
HEATING TOTAL       0                 0       0        0
 SINCE 7/1          0                 0       0        0
COOLING TOTAL     269               209      60      244
 SINCE 1/1        269               217      52      244
.................................................................

WIND (MPH)
AVERAGE WIND SPEED              11.6
HIGHEST WIND SPEED/DIRECTION    32/070    DATE  01/18
HIGHEST GUST SPEED/DIRECTION    38/060    DATE  01/18

SKY COVER
POSSIBLE SUNSHINE (PERCENT)   MM
AVERAGE SKY COVER             MM
NUMBER OF DAYS FAIR            0
NUMBER OF DAYS PC              0
NUMBER OF DAYS CLOUDY          0

AVERAGE RH (PERCENT)     MM

WEATHER CONDITIONS. NUMBER OF DAYS WITH
THUNDERSTORM              0     MIXED PRECIP               0
HEAVY RAIN                0     RAIN                       0
LIGHT RAIN                0     FREEZING RAIN              0
LT FREEZING RAIN          0     HAIL                       0
HEAVY SNOW                0     SNOW                       0
LIGHT SNOW                0     SLEET                      0
FOG                      16     FOG W/VIS <= 1/4 MILE      0
HAZE                     11

-  INDICATES NEGATIVE NUMBERS.
R  INDICATES RECORD WAS SET OR TIED.
MM INDICATES DATA IS MISSING.
T  INDICATES TRACE AMOUNT.

$$
