000
CXUS54 KLZK 041633 CCA
CLMLIT

CLIMATE REPORT
NATIONAL WEATHER SERVICE LITTLE ROCK AR
1049 AM CDT TUE JUL 4 2017

...................................

...THE LITTLE ROCK ADAMS FIELD CLIMATE SUMMARY FOR THE MONTH OF JUNE 2017...

CLIMATE NORMAL PERIOD 1981 TO 2010
CLIMATE RECORD PERIOD 1874 TO 2017

WEATHER         OBSERVED          NORMAL  DEPART  LAST YEAR`S
                 VALUE   DATE(S)  VALUE   FROM    VALUE  DATE(S)
                                          NORMAL
................................................................
TEMPERATURE (F)
RECORD
 HIGH             107   06/28/2012
 LOW               46   06/03/1969
HIGHEST            92   06/16        89       3       98  06/26
                                                          06/17
LOWEST             57   06/09        68     -11       65  06/06
AVG. MAXIMUM     86.0              88.9    -2.9     91.9
AVG. MINIMUM     67.0              69.4    -2.4     73.4
MEAN             76.5              79.1    -2.6     82.7
DAYS MAX >= 90      4              14.3   -10.3       21
DAYS MAX <= 32      0               0.0     0.0        0
DAYS MIN <= 32      0               0.0     0.0        0
DAYS MIN <= 0       0               0.0     0.0        0

PRECIPITATION (INCHES)
RECORD
 MAXIMUM        10.53   1877
 MINIMUM         0.00   1952
TOTALS           3.24              3.65   -0.41     1.83
DAILY AVG.       0.11              0.12   -0.01     0.06
DAYS >= .01        13               8.7     4.3        7
DAYS >= .10         9                                  6
DAYS >= .50         3                                  0
DAYS >= 1.00        0               0.9    -0.9        0
GREATEST
 24 HR. TOTAL    0.71   06/22 TO 06/22

SNOWFALL (INCHES)
TOTALS            0.0               0.0     0.0      0.0
 LIQUID EQUIV    0.00              0.00    0.00     0.00
SINCE 7/1         0.2               3.5    -3.3      5.7
 LIQUID 7/1      0.02                MM      MM     0.57
SNOWDEPTH AVG.      0
DAYS >= TRACE       0               0.0     0.0        0
DAYS >= 1.0         0                                  0
GREATEST
 SNOW DEPTH         0   MM
 24 HR TOTAL      0.0

DEGREE_DAYS
HEATING TOTAL       0                 0       0        0
 SINCE 7/1       2294              3052    -758     2191
COOLING TOTAL     351               425     -74      540
 SINCE 1/1        617               706     -89      814

FREEZE DATES
RECORD
 EARLIEST     10/20/1989
 LATEST       04/19/1983
EARLIEST      11/13             11/13
LATEST        03/15             03/19
.................................................

WIND (MPH)
AVERAGE WIND SPEED              6.4
HIGHEST WIND SPEED/DIRECTION    37/350    DATE  06/23
HIGHEST GUST SPEED/DIRECTION    47/310    DATE  06/30

SKY COVER
POSSIBLE SUNSHINE (PERCENT)   MM
AVERAGE SKY COVER           0.60
NUMBER OF DAYS FAIR            5
NUMBER OF DAYS PC             12
NUMBER OF DAYS CLOUDY         13

AVERAGE RH (PERCENT)     77

WEATHER CONDITIONS. NUMBER OF DAYS WITH
THUNDERSTORM              0     MIXED PRECIP               0
HEAVY RAIN                3     RAIN                       7
LIGHT RAIN               15     FREEZING RAIN              0
LT FREEZING RAIN          0     HAIL                       0
HEAVY SNOW                0     SNOW                       0
LIGHT SNOW                0     SLEET                      0
FOG                      12     FOG W/VIS <= 1/4 MILE      1
HAZE                      4

-  INDICATES NEGATIVE NUMBERS.
R  INDICATES RECORD WAS SET OR TIED.
MM INDICATES DATA IS MISSING.
T  INDICATES TRACE AMOUNT.

&&

...DATA FOR LITTLE ROCK ADAMS FIELD FOR JUNE 2017...

.SUMMARY...
THINGS WERE VERY DIFFERENT THIS JUNE COMPARED TO MUCH OF THE LAST
DECADE. WHILE THERE WERE A FEW DAYS WITH TEMPERATURES ABOVE THE 30-
YEAR AVERAGE, THIS WAS NOT THE CASE IN MOST OF THE MONTH. THIS WAS
THE COOLEST JUNE BY AVERAGE HIGH, LOW AND MONTHLY TEMPERATURES IN AT
LEAST 13 YEARS.

THERE WERE ONLY FOUR 90-DEGREE DAYS, WHICH WAS THE FEWEST SINCE
2004, AND TIED 1919, 1908, AND 1888 FOR THE 4TH FEWEST 90-DEGREE
DAYS ON RECORD DURING THE MONTH.

THE HIGHEST TEMPERATURE DURING THE MONTH WAS 92 DEGREES, AND THIS
WAS THE FIRST TIME SINCE 2001 WHERE THE JUNE MAXIMUM TEMPERATURE AT
LITTLE ROCK WAS 92 DEGREES OR LESS.

SPEAKING OF 90-DEGREE DAYS, THE FIRST ONE FOR THE YEAR WAS ON JUNE
14TH. THIS WAS THE LATEST FIRST 90-DEGREE DAY AT LITTLE ROCK SINCE
1939, AND THE 6TH EARLIEST SINCE TEMPERATURE RECORDS BEGAN IN 1879.

THE LOWEST TEMPERATURE DURING THE MONTH WAS 57 DEGREES, AND THIS WAS
THE COOLEST JUNE READING SINCE 2009.

EVEN THOUGH RAINFALL WAS LESS THAN HALF AN INCH BELOW THE 30-YEAR
AVERAGE, IT WAS STILL THE WETTEST JUNE IN THREE YEARS.

.MONTHLY TEMPERATURES...
THE AVERAGE HIGH TEMPERATURE WAS THE COOLEST SINCE 2004. THE AVERAGE
LOW AND MONTHLY TEMPERATURES WERE THE COOLEST SINCE 2003.

.DAILY TEMPERATURES...
DAILY TEMPERATURES WERE ABOVE AVERAGE ON FIVE DAYS, AVERAGE ON
ONE DAY, AND BELOW AVERAGE ON 24 DAYS.

.DAILY RECORD TEMPERATURES TIED OR BROKEN DURING THE MONTH...
NONE.

.MONTHLY RAINFALL...
EVEN THOUGH RAINFALL WAS BELOW AVERAGE, IT WAS STILL THE WETTEST
JUNE SINCE 2014.

.DAILY RAINFALL RECORDS TIED OR BROKEN...
NONE.

$$

57
