000
CXUS55 KRIW 021943 AAA
CLMLND

CLIMATE REPORT
NATIONAL WEATHER SERVICE RIVERTON WY
1243 PM MDT WED JUL 1 2015

...PRELIMINARY MONTHLY CLIMATE SUMMARY FOR THE HUNT FIELD IN LANDER
FOR THE MONTH OF JUNE 2015...

...OFFICIAL CLIMATE DATA FOR THE MONTH OF JUNE 2015 WILL BE
AVAILABLE APPROXIMATELY IN AUGUST 2015 FROM THE NATIONAL CLIMATIC
DATA CENTER (HTTP://WWW.NCDC.NOAA.GOV/OL/CLIMATEDATA.HTML).
UNOFFICIAL ASOS DAILY SUMMARIES ARE AVAILABLE ON THE INTERNET AT
HTTP://WWW.WEATHER.GOV/CLIMATE/INDEX.PHP?WFO=RIW

...JUNE WAS THE 6TH WARMEST ON RECORD AND THE 6TH DRIEST IN LANDER...

THE AVERAGE TEMPERATURE FOR LANDER IN JUNE WAS 67.4 DEGREES...WHICH
WAS 4.4 DEGREES ABOVE NORMAL. THIS MAKES IT THE 6TH WARMEST JUNE ON
RECORD. THE WARMEST READING OF THE MONTH WAS 94 DEGREES ON THE 28TH.
THE COLDEST READING OF THE MONTH WAS 45 DEGREES ON THE 4TH. NO
TEMPERATURE RECORDS WERE SET DURING THE MONTH.

TOTAL PRECIPITATION FOR THE MONTH WAS 0.80 INCHES...WHICH WAS 63
PERCENT OF NORMAL. THE WETTEST 24 HOUR PERIOD OF THE MONTH WAS THE
15TH...WHEN 0.30 OF AN INCH OF PRECIPITATION FELL. NO PRECIPITATION
RECORDS WERE SET DURING THE MONTH. THE HIGHEST WIND GUST WAS 52 MPH
ON THE 1ST.

...THE LANDER WY CLIMATE SUMMARY FOR THE MONTH OF JUNE 2015...

CLIMATE NORMAL PERIOD 1981 TO 2010
CLIMATE RECORD PERIOD 1891 TO 2015

WEATHER         OBSERVED          NORMAL  DEPART
                 VALUE   DATE(S)  VALUE   FROM
                                          NORMAL
................................................
TEMPERATURE (F)
RECORD
 HIGH             100   06/23/1954
 LOW               25   06/03/1951
HIGHEST            94   06/28
LOWEST             45   06/04
AVG. MAXIMUM     82.1              77.5     4.6
AVG. MINIMUM     52.8              48.4     4.4
MEAN             67.4              63.0     4.4
DAYS MAX >= 90      6
DAYS MAX <= 32      0
DAYS MIN <= 32      0
DAYS MIN <= 0       0

PRECIPITATION (INCHES)
RECORD
 MAXIMUM         6.88   1947
 MINIMUM         0.00   1971
                        1956
TOTALS           0.80              1.27   -0.47
DAILY AVG.       0.03              0.04   -0.01
DAYS >= .01         6
DAYS >= .10         3
DAYS >= .50         0
DAYS >= 1.00        0
GREATEST
 24 HR. TOTAL    0.30   06/15 TO 06/15

SNOWFALL (INCHES)
TOTALS            0.0               0.1    -0.1
SINCE 7/1        73.9              91.4   -17.5
SNOWDEPTH AVG.      0
DAYS >= 1.0         0

DEGREE_DAYS
HEATING TOTAL      31               126     -95
 SINCE 7/1       6968              7748    -780
COOLING TOTAL     110                64      46
 SINCE 1/1        110                69      41
.................................................

WIND (MPH)
AVERAGE WIND SPEED              6.2
RESULTANT WIND SPEED/DIRECTION   2/271
HIGHEST WIND SPEED/DIRECTION    45/200    DATE  06/01
HIGHEST GUST SPEED/DIRECTION    52/230    DATE  06/01

SKY COVER
POSSIBLE SUNSHINE (PERCENT)   MM
AVERAGE SKY COVER           0.20
NUMBER OF DAYS FAIR           25
NUMBER OF DAYS PC              5
NUMBER OF DAYS CLOUDY          0

AVERAGE RH (PERCENT)     52

WEATHER CONDITIONS. NUMBER OF DAYS WITH
THUNDERSTORM              0     MIXED PRECIP               0
HEAVY RAIN                0     RAIN                       2
LIGHT RAIN               11     FREEZING RAIN              0
LT FREEZING RAIN          0     HAIL                       0
HEAVY SNOW                0     SNOW                       0
LIGHT SNOW                0     SLEET                      0
FOG                       2     FOG W/VIS <= 1/4 MILE      0
HAZE                      0

-  INDICATES NEGATIVE NUMBERS.
R  INDICATES RECORD WAS SET OR TIED.
MM INDICATES DATA IS MISSING.
T  INDICATES TRACE AMOUNT.

LOOKING AHEAD TO JULY 2015...THE AVERAGE HIGH TEMPERATURE ON THE
FIRST OF THE MONTH IS 85 DEGREES...AND THE AVERAGE LOW TEMPERATURE
IS 53 DEGREES. THE AVERAGE HIGH BY THE END OF THE MONTH IS 87
DEGREES...AND THE AVERAGE LOW TEMPERATURE IS 57 DEGREES. THE AVERAGE
MONTHLY PRECIPITATION IS 0.70 INCHES.

$$
