000
CXUS46 KOTX 011054
CLMLWS

CLIMATE REPORT
NATIONAL WEATHER SERVICE SPOKANE, WA
350 AM PDT WED OCT 1 2014

...................................

...THE LEWISTON ID AIRPORT CLIMATE SUMMARY FOR THE MONTH OF
SEPTEMBER 2014...


SEPTEMBER 2014 BROUGHT WARMER AND DRIER THAN NORMAL CONDITIONS TO
SOUTHEAST WASHINGTON AND THE SOUTH IDAHO PANHANDLE.

THE MONTH STARTED OFF ON SLIGHTLY COOLER THAN NORMAL AS A LOW
PRESSURE SYSTEM CLIPPED THE AREA. TEMPERATURES QUICKLY REBOUNDED
INTO THE LOW 90S IN LEWISTON FROM THE 6TH THROUGH THE 8TH.  ANOTHER
COOL DOWN FOLLOWED WHICH WAS ACCOMPANIED BY DRIER AIR FROM THE 10TH
THROUGH THE 12TH WHICH BROUGHT COOL NIGHT TIME TEMPERATURES.
LEWISTON DROPPED TO 41 DEGREES ON THE 11TH WITH PULLMAN DROPPING TO
32 DEGREES.  A PROLONGED PERIOD OF WARMER TEMPERATURES FOLLOWED WITH
READINGS CONSISTENTLY 5 TO 10 DEGREES ABOVE NORMAL THROUGH THE 15TH
THROUGH THE 26TH.  A FEW SHOWERS OCCURRED TOWARDS THE END OF THIS
STRETCH OF WARMTH AS A LOW PRESSURE SYSTEM APPROACHED.  LATE ON THE
29TH INTO THE 30TH A COLD FRONT BROUGHT RAIN SHOWERS WITH RAINFALL
TOTALS FOR MOST AREAS RANGING BETWEEN 0.10-0.30 INCHES OF RAIN
EXCEPT FOR AROUND A HALF INCH AROUND MOSCOW AND KELLOGG.

ONE RECORD WAS TIED DURING THE MONTH AT LEWISTON AIRPORT.  THE LOW
TEMPERATURE OF 62 DEGREES ON THE 18TH TIED THE WARMEST ON RECORD FOR
THE DATE.


CLIMATE NORMAL PERIOD 1981 TO 2010
CLIMATE RECORD PERIOD 1881 TO 2014

WEATHER         OBSERVED          NORMAL  DEPART  LAST YEAR`S
                 VALUE   DATE(S)  VALUE   FROM    VALUE  DATE(S)
                                          NORMAL
................................................................
TEMPERATURE (F)
RECORD
 HIGH             108   09/06/1944
 LOW               27   09/24/1926
HIGHEST            93   09/16        MM      MM       99  09/11
                                                          09/14
LOWEST             41   09/11        MM      MM       45  09/27
AVG. MAXIMUM     81.9              78.2     3.7     79.2
AVG. MINIMUM     53.5              51.0     2.5     56.8
MEAN             67.7              64.6     3.1     68.0
DAYS MAX >= 90      5               3.9     1.1        8
DAYS MAX <= 32      0               0.0     0.0        0
DAYS MIN <= 32      0               0.1    -0.1        0
DAYS MIN <= 0       0               0.0     0.0        0

PRECIPITATION (INCHES)
RECORD
 MAXIMUM         4.37   1940
 MINIMUM            T   2012
                        1999
TOTALS           0.25              0.67   -0.42     1.57
DAILY AVG.       0.01              0.02   -0.01     0.05
DAYS >= .01         6               4.9     1.1       14
DAYS >= .10         0               2.3    -2.3        4
DAYS >= .50         0               0.2    -0.2        0
DAYS >= 1.00        0               0.0     0.0        0
GREATEST
 24 HR. TOTAL    0.15   09/29 TO 09/30           09/23 TO 09/24
                                                          09/30 TO 09/30
                                                          09/30 TO 09/30

SNOWFALL (INCHES)
RECORDS
 TOTAL              T   1926
TOTALS            0.0               0.0     0.0      0.0
SINCE 7/1         0.0               0.0     0.0      0.0
SNOWDEPTH AVG.      0                MM      MM        0
DAYS >= 1.0         0               0.0     0.0        0
GREATEST
 SNOW DEPTH         0   MM                             0  MM
 24 HR TOTAL      0.0   09/30 TO 09/30           09/30 TO 09/30
                                                          09/30 TO 09/30
                                                          09/30 TO 09/30

DEGREE_DAYS
HEATING TOTAL      20                99     -79       87
 SINCE 7/1         20               114     -94       87
COOLING TOTAL     111                87      24      184
 SINCE 1/1       1081               804     277     1178
.................................................

WIND (MPH)
AVERAGE WIND SPEED              5.0
HIGHEST WIND SPEED/DIRECTION    31/270    DATE  09/02
HIGHEST GUST SPEED/DIRECTION    39/270    DATE  09/02

SKY COVER
POSSIBLE SUNSHINE (PERCENT)   MM
AVERAGE SKY COVER           0.20
NUMBER OF DAYS FAIR           22
NUMBER OF DAYS PC              7
NUMBER OF DAYS CLOUDY          1

AVERAGE RH (PERCENT)     43

WEATHER CONDITIONS. NUMBER OF DAYS WITH
THUNDERSTORM              0     MIXED PRECIP               0
HEAVY RAIN                0     RAIN                       4
LIGHT RAIN                6     FREEZING RAIN              0
LT FREEZING RAIN          0     HAIL                       0
HEAVY SNOW                0     SNOW                       0
LIGHT SNOW                0     SLEET                      0
FOG                       2     FOG W/VIS <= 1/4 MILE      0
HAZE                      8

-  INDICATES NEGATIVE NUMBERS.
R  INDICATES RECORD WAS SET OR TIED.
MM INDICATES DATA IS MISSING.
T  INDICATES TRACE AMOUNT.

$$
