000
CXUS56 KHNX 011928
CLMMAE


CLIMATE REPORT
NATIONAL WEATHER SERVICE SAN JOAQUIN VALLEY, CA
1224 PM PDT FRI JUL 1 2016

...................................

...THE MADERA CA AIRPORT CLIMATE SUMMARY FOR THE MONTH OF JUNE 2016...

CLIMATE NORMAL PERIOD 1981 TO 2010
CLIMATE RECORD PERIOD 1998 TO 2016

WEATHER         OBSERVED          NORMAL  DEPART  LAST YEAR`S
                 VALUE   DATE(S)  VALUE   FROM    VALUE  DATE(S)
                                          NORMAL
................................................................
TEMPERATURE (F)
RECORD
 HIGH             107   06/08/2013
                        06/21/2008
                        06/15/2000
 LOW               44   06/02/2011
                        06/09/1999
                        06/07/1999
HIGHEST           106   06/28        MM      MM      106  06/26
LOWEST             50   06/16        MM      MM       53  06/01
                        06/15
AVG. MAXIMUM     95.5              90.8     4.7     96.1
AVG. MINIMUM     59.6              57.7     1.9     62.0
MEAN             77.6              74.2     3.4     79.1
DAYS MAX >= 90     22              17.5     4.5       24
DAYS MIN <= 32      0               0.0     0.0        0

PRECIPITATION (INCHES)
RECORD
 MAXIMUM         1.31   2011
TOTALS              T              0.19   -0.19     0.00
DAYS >= .01         0                MM      MM        0
DAYS >= .10         0                MM      MM        0
DAYS >= .50         0                MM      MM        0
DAYS >= 1.00        0                MM      MM        0
GREATEST
 24 HR. TOTAL       T   06/28 TO 06/28
                        06/11 TO 06/12
                        06/12 TO 06/12

SNOWFALL (INCHES)
RECORDS
 TOTAL            0.0
TOTALS            0.0               0.0

DEGREE_DAYS
HEATING TOTAL       1                 3      -2        0
 SINCE 7/1       2073              2655    -582     1726
COOLING TOTAL     383               280     103      429
 SINCE 1/1        576               424     152      610
.................................................................

WIND (MPH)
AVERAGE WIND SPEED              7.9
HIGHEST WIND SPEED/DIRECTION    20/330    DATE  06/17
HIGHEST GUST SPEED/DIRECTION    25/330    DATE  06/17

AVERAGE RH (PERCENT)     45

WEATHER CONDITIONS. NUMBER OF DAYS WITH
THUNDERSTORM              0     RAIN                       0
HAIL                      0     FOG                        0
FOG W/VIS <= 1/4 MILE     0     HAZE                       2

-  INDICATES NEGATIVE NUMBERS.
R  INDICATES RECORD WAS SET OR TIED.
MM INDICATES DATA IS MISSING.
T  INDICATES TRACE AMOUNT.

$$
