000
CXUS53 KDTX 011713
CLMMBS

CLIMATE REPORT
NATIONAL WEATHER SERVICE DETROIT/PONTIAC MI
1137 AM EST MON DEC 1 2014

...................................

...THE  TRI CITIES MI CLIMATE SUMMARY FOR THE MONTH OF NOVEMBER 2014...

CLIMATE NORMAL PERIOD 1981 TO 2010
CLIMATE RECORD PERIOD 1898 TO 2014

WEATHER         OBSERVED          NORMAL  DEPART
                 VALUE   DATE(S)  VALUE   FROM
                                          NORMAL
................................................
TEMPERATURE (F)
HIGHEST            59   11/04        MM      MM
LOWEST              8   11/21        MM      MM
AVG. MAXIMUM     41.3              45.9    -4.6
AVG. MINIMUM     27.9              31.2    -3.3
MEAN             34.6              38.5    -3.9
DAYS MAX >= 90      0               0.0     0.0
DAYS MAX <= 32     10               2.2     7.8
DAYS MIN <= 32     21              16.9     4.1
DAYS MIN <= 0       0               0.0     0.0

PRECIPITATION (INCHES)
TOTALS           2.18              2.70   -0.52
DAILY AVG.       0.07              0.09   -0.02
DAYS >= .01        11              11.4    -0.4
DAYS >= .10         4               5.8    -1.8
DAYS >= .50         2               1.5     0.5
DAYS >= 1.00        0               0.7    -0.7
GREATEST
 24 HR. TOTAL    1.61   11/23 TO 11/24
 STORM TOTAL       MM
 (MM/DD(HH))            MM

SNOWFALL (INCHES)
TOTALS            2.9               3.6    -0.7
 LIQUID EQUIV    0.29              0.40   -0.11
SINCE 7/1         2.9               3.9    -1.0
 LIQUID 7/1      0.29
DAYS >= TRACE      14               2.4    11.6
DAYS >= 1.0         2               1.1     0.9
GREATEST
 SNOW DEPTH         2   11/22
                        11/21
                        11/20
 24 HR TOTAL      1.4   MM
 STORM TOTAL       MM
 (MM/DD(HH))            MM

DEGREE_DAYS
HEATING TOTAL     905               794     111
 SINCE 7/1       1496              1473      23
COOLING TOTAL       0                 0       0
 SINCE 1/1        539               557     -18

FREEZE DATES
RECORD
 EARLIEST     MM
 LATEST       MM
EARLIEST                        MM
LATEST                          MM
.................................................

WIND (MPH)
AVERAGE WIND SPEED              11.7
HIGHEST WIND SPEED/DIRECTION    44/230    DATE  11/24
HIGHEST GUST SPEED/DIRECTION    57/230    DATE  11/24

SKY COVER
POSSIBLE SUNSHINE (PERCENT)   MM
AVERAGE SKY COVER           0.70
NUMBER OF DAYS FAIR            4
NUMBER OF DAYS PC              9
NUMBER OF DAYS CLOUDY         17

AVERAGE RH (PERCENT)     69

WEATHER CONDITIONS. NUMBER OF DAYS WITH
THUNDERSTORM              0     MIXED PRECIP               0
HEAVY RAIN                1     RAIN                       2
LIGHT RAIN               13     FREEZING RAIN              0
LT FREEZING RAIN          1     HAIL                       0
HEAVY SNOW                0     SNOW                       0
LIGHT SNOW               13     SLEET                      0
FOG                      12     FOG W/VIS <= 1/4 MILE      0
HAZE                     10

-  INDICATES NEGATIVE NUMBERS.
R  INDICATES RECORD WAS SET OR TIED.
MM INDICATES DATA IS MISSING.
T  INDICATES TRACE AMOUNT.

$$

=================================================================
       SOUTHEAST MICHIGAN CLIMATE SUMMARY FOR NOVEMBER 2014


NOVEMBER 2014 MONTHLY STATISTICS AND RANKINGS
-----------------------------------------------------------------

SNOWFALL
                ACTUAL    NORMAL*    DEPARTURE     RANKING
DETROIT AREA     4.0"      1.5"       +2.5"      37TH SNOWIEST
FLINT AREA       8.7"      2.5"       +6.2"      12TH SNOWIEST
SAGINAW          2.9"      3.6"       -0.7"      37TH SNOWIEST

SNOW YEAR SINCE JULY 1

                ACTUAL    NORMAL*    DEPARTURE     RANKING
DETROIT AREA     4.0"      1.6"       +2.4"      41ST SNOWIEST
FLINT AREA       9.4"      2.9"       +6.5"      12TH SNOWIEST
SAGINAW          2.9"      3.9"       -1.0"      39TH SNOWIEST


PRECIPITATION
                ACTUAL    NORMAL*    DEPARTURE     RANKING
DETROIT AREA    1.67"      2.79"      -1.12"     39TH DRIEST
FLINT AREA      1.69"      2.67"      -0.98"     35TH DRIEST
SAGINAW         2.18"      2.70"      -0.52"     50TH DRIEST

WATER YEAR SINCE JANUARY 1

                ACTUAL    NORMAL*    DEPARTURE     RANKING
DETROIT AREA    36.16"    31.01"      +5.15"     14TH WETTEST
FLINT AREA      33.78"    29.45"      +4.33"     18TH WETTEST
SAGINAW         30.37"    29.68"      +0.69"     31ST WETTEST

      *NORMAL TO DATE (AS OF NOVEMBER 30, 2014)

AVERAGE TEMPERATURE
                ACTUAL    NORMAL*    DEPARTURE     RANKING
DETROIT AREA     35.8      41.5        -5.7      13TH COLDEST
FLINT AREA       35.3      38.9        -3.6      14TH COLDEST
SAGINAW          34.6      38.5        -3.9      13TH COLDEST

AVERAGE HIGH TEMPERATURE
                ACTUAL    NORMAL*    DEPARTURE     RANKING
DETROIT AREA     43.2      48.8        -5.6      21ST COLDEST
FLINT AREA       42.7      46.7        -4.0      15TH COLDEST
SAGINAW          41.3      45.9        -4.6      14TH COLDEST

AVERAGE LOW TEMPERATURE
                ACTUAL    NORMAL*    DEPARTURE     RANKING
DETROIT AREA     28.4      34.3        -5.9       7TH COLDEST
FLINT AREA       28.0      31.0        -3.0      12TH COLDEST
SAGINAW          27.9      31.2        -3.3      15TH COLDEST


DETROIT AREA HAS A CLIMATE RECORD DATING TO NOVEMBER 1874
FLINT AREA HAS A CLIMATE RECORD DATING TO JANUARY 1921
SAGINAW HAS A CLIMATE RECORD DATING TO 1912
