000
CXUS42 KFFC 011858
CLMMCN


CLIMATE REPORT
NATIONAL WEATHER SERVICE PEACHTREE CITY GA
154 PM EST MON JAN 1 2018

...................................

...THE MACON CLIMATE SUMMARY FOR THE MONTH OF DECEMBER 2017...

CLIMATE NORMAL PERIOD 1981 TO 2010
CLIMATE RECORD PERIOD 1899 TO 2017

WEATHER         OBSERVED          NORMAL  DEPART  LAST YEAR`S
                 VALUE   DATE(S)  VALUE   FROM    VALUE  DATE(S)
                                          NORMAL
................................................................
TEMPERATURE (F)
RECORD
 HIGH              82   12/13/1972
                        12/11/1972
                        12/10/1972
 LOW                5   12/13/1962
HIGHEST            76   12/05        67       9       81  12/18
LOWEST             25   12/16        29      -4       24  12/10
AVG. MAXIMUM     60.0              59.6     0.4     63.0
AVG. MINIMUM     40.2              36.4     3.8     41.3
MEAN             50.1              48.0     2.1     52.2
DAYS MAX >= 90      0               0.0     0.0        0
DAYS MAX <= 32      0               0.1    -0.1        0
DAYS MIN <= 32      8              11.9    -3.9        7
DAYS MIN <= 0       0               0.0     0.0        0

PRECIPITATION (INCHES)
RECORD
 MAXIMUM        12.62   2015
 MINIMUM         0.33   1946
TOTALS           3.26              4.04   -0.78
DAILY AVG.       0.11              0.13   -0.02     0.19
DAYS >= .01         9               8.8     0.2       10
DAYS >= .10         6               6.0     0.0        7
DAYS >= .50         3               2.6     0.4        5
DAYS >= 1.00        1               1.3    -0.3        2
GREATEST
 24 HR. TOTAL    1.19   12/08 TO 12/08           12/05 TO 12/06
                                                          12/31 TO 12/31
                                                          12/31 TO 12/31

SNOWFALL (INCHES)
RECORDS
 TOTAL            0.1   2010
 24 HR TOTAL      0.1   12/25/2010 TO 12/25/2010
 SNOW DEPTH         0   MM
TOTALS            0.0               0.1    -0.1      0.0
SINCE 7/1         0.0               0.1    -0.1      0.0
SNOWDEPTH AVG.      0                MM      MM        0
DAYS >= TRACE       0               0.1    -0.1        0
DAYS >= 1.0         0               0.1    -0.1        0
GREATEST
 24 HR TOTAL      0.0   12/31 TO 12/31           12/31 TO 12/31
                                                          12/31 TO 12/31
                                                          12/31 TO 12/31

DEGREE_DAYS
HEATING TOTAL     456               530     -74      391
 SINCE 7/1        814               925    -111      633
COOLING TOTAL       2                 3      -1        2
 SINCE 1/1       2372              2166     206     2622
..................................................

WIND (MPH)
AVERAGE WIND SPEED              5.8
HIGHEST WIND SPEED/DIRECTION    24/300    DATE  12/12
HIGHEST GUST SPEED/DIRECTION    34/320    DATE  12/12

SKY COVER
POSSIBLE SUNSHINE (PERCENT)   MM
AVERAGE SKY COVER           0.50
NUMBER OF DAYS FAIR           10
NUMBER OF DAYS PC             10
NUMBER OF DAYS CLOUDY         11

AVERAGE RH (PERCENT)     73

WEATHER CONDITIONS. NUMBER OF DAYS WITH
THUNDERSTORM              0     MIXED PRECIP               0
HEAVY RAIN                4     RAIN                       3
LIGHT RAIN               10     FREEZING RAIN              0
LT FREEZING RAIN          0     HAIL                       0
HEAVY SNOW                0     SNOW                       0
LIGHT SNOW                0     SLEET                      0
FOG                      18     FOG W/VIS <= 1/4 MILE      7
HAZE                      5

-  INDICATES NEGATIVE NUMBERS.
R  INDICATES RECORD WAS SET OR TIED.
MM INDICATES DATA IS MISSING.
T  INDICATES TRACE AMOUNT.

$$
