000
CXUS52 KMLB 011700
CLMMCO


CLIMATE REPORT
NATIONAL WEATHER SERVICE MELBOURNE FL
1154 AM EDT MON AUG 1 2016

...................................

...THE ORLANDO  AREA CLIMATE SUMMARY FOR THE MONTH OF JULY 2016...

CLIMATE NORMAL PERIOD 1981 TO 2010
CLIMATE RECORD PERIOD 1892 TO 2016

WEATHER         OBSERVED          NORMAL  DEPART  LAST YEAR`S
                 VALUE   DATE(S)  VALUE   FROM    VALUE  DATE(S)
                                          NORMAL
................................................................
TEMPERATURE (F)
MONTHLY RECORD
 HOTTEST         85.2   2016
 COLDEST         78.4   1893
DAILY RECORD
 HIGH             101   07/02/1998
                        07/28/1936
 LOW               64   07/03/1937
                        07/08/1893
                        07/05/1893
JULY 2016
HIGHEST            98   07/08
LOWEST             73   07/25
                        07/23
                        07/22
AVG. MAXIMUM     94.6              91.8     2.8     92.6
AVG. MINIMUM     75.7              73.6     2.1     74.5
MEAN             85.2              82.7     2.5     83.6
DAYS MAX >= 90     31              23.1     7.9       27
DAYS MAX <= 32      0               0.0     0.0        0
DAYS MIN <= 32      0               0.0     0.0        0
DAYS MIN <= 0       0               0.0     0.0        0

PRECIPITATION (INCHES)
MONTHLY RECORD
 MAXIMUM        19.57   1960
 MINIMUM         1.63   1892
DAILY RECORD
 MAXIMUM         8.19   07/25/1960
JULY 2016
TOTALS           3.99              7.27   -3.28     7.42
DAYS >= .01        13              16.3    -3.3       20
DAYS >= .10         5              11.1    -6.1       12
DAYS >= .50         3               5.0    -2.0        6
DAYS >= 1.00        1               2.1    -1.1        2
GREATEST
 24 HR. TOTAL    1.45   07/29 TO 07/29

SNOWFALL (INCHES)
TOTALS            0.0               0.0     0.0      0.0
SINCE 7/1         0.0               0.0     0.0      0.0
DAYS >= TRACE       0                                  0

DEGREE_DAYS
HEATING TOTAL       0                 0       0        0
 SINCE 7/1          0                 0       0        0
COOLING TOTAL     634               549      85      583
 SINCE 1/1       2088              1840     248     2309
.................................................................

WIND (MPH)
AVERAGE WIND SPEED              5.2
HIGHEST WIND SPEED/DIRECTION    45/100    DATE  07/18
HIGHEST GUST SPEED/DIRECTION    63/110    DATE  07/18

SKY COVER
POSSIBLE SUNSHINE (PERCENT)   MM
AVERAGE SKY COVER           0.50
NUMBER OF DAYS FAIR            6
NUMBER OF DAYS PC             25
NUMBER OF DAYS CLOUDY          0

AVERAGE RH (PERCENT)     70

WEATHER CONDITIONS. NUMBER OF DAYS WITH
THUNDERSTORM             24     MIXED PRECIP               0
HEAVY RAIN                5     RAIN                       4
LIGHT RAIN               19     LT FREEZING RAIN           0
HAIL                      0     LIGHT SNOW                 0
SLEET                     0     FOG                        6
FOG W/VIS <= 1/4 MILE     0     HAZE                       2

-  INDICATES NEGATIVE NUMBERS.
R  INDICATES RECORD WAS SET OR TIED.
MM INDICATES DATA IS MISSING.
T  INDICATES TRACE AMOUNT.

$$
