000
CXUS54 KMEG 072257
CLMMEG


CLIMATE REPORT...REISSUED
NATIONAL WEATHER SERVICE MEMPHIS TN
552 PM CDT MON AUG 7 2017

...................................

...THE MEMPHIS/GERMANTOWN WFO CLIMATE SUMMARY FOR THE MONTH OF JULY 2017...

CLIMATE NORMAL PERIOD 1981 TO 2010
CLIMATE RECORD PERIOD 1988 TO 2017

WEATHER         OBSERVED          NORMAL  DEPART  LAST YEAR`S
                 VALUE   DATE(S)  VALUE   FROM    VALUE  DATE(S)
                                          NORMAL
................................................................
TEMPERATURE (F)
RECORD
 HIGH             102   07/06/2012
                        07/11/2011
                        07/21/2006
 LOW               57   07/15/1990
                        07/14/1990
HIGHEST            98   07/22        MM      MM       99  07/22
                        07/21
LOWEST             63   07/31        MM      MM       70  07/16
AVG. MAXIMUM     92.0              90.9     1.1     92.5
AVG. MINIMUM     72.1              71.1     1.0     74.0
MEAN             82.0              81.0     1.0     83.2
DAYS MAX >= 90     22              19.3     2.7       24
DAYS MAX <= 32      0               0.0     0.0        0
DAYS MIN <= 32      0               0.0     0.0        0
DAYS MIN <= 0       0               0.0     0.0        0

PRECIPITATION (INCHES)
RECORD
 MAXIMUM           MM   MM
 MINIMUM           MM   MM
TOTALS           5.63              4.54    1.09     5.98
DAILY AVG.       0.18              0.15    0.03     0.19
DAYS >= .01        10               9.5     0.5       12
DAYS >= .10         8               6.7     1.3        9
DAYS >= .50         3               3.4    -0.4        5
DAYS >= 1.00        2               1.6     0.4        1
GREATEST
 24 HR. TOTAL    2.21   07/14 TO 07/14

SNOWFALL (INCHES)
RECORDS
 TOTAL             MM   5
TOTALS            0.0               0.0     0.0      0.0
SINCE 7/1         0.0               0.0     0.0      0.0
SNOWDEPTH AVG.      0                MM      MM        0
DAYS >= 1.0         0               0.0     0.0        0
GREATEST
 SNOW DEPTH         0   MM                             0  MM
 24 HR TOTAL      0.0   07/31 TO 07/31

DEGREE_DAYS
HEATING TOTAL       0                 0       0        0
 SINCE 7/1          0                 0       0        0
COOLING TOTAL     537               496      41      573
 SINCE 1/1       1267              1128     139     1293
.................................................................



-  INDICATES NEGATIVE NUMBERS.
R  INDICATES RECORD WAS SET OR TIED.
MM INDICATES DATA IS MISSING.
T  INDICATES TRACE AMOUNT.

$$
