000
CXUS54 KMEG 021905
CLMMEG


CLIMATE REPORT
NATIONAL WEATHER SERVICE MEMPHIS TN
102 PM CST FRI DEC 2 2016

...................................

...THE MEMPHIS/GERMANTOWN WFO CLIMATE SUMMARY FOR THE MONTH OF NOVEMBER 2016...

CLIMATE NORMAL PERIOD 1981 TO 2010
CLIMATE RECORD PERIOD 1988 TO 2016

WEATHER         OBSERVED          NORMAL  DEPART  LAST YEAR`S
                 VALUE   DATE(S)  VALUE   FROM    VALUE  DATE(S)
                                          NORMAL
................................................................
TEMPERATURE (F)
RECORD
 HIGH              86   11/01/2000
 LOW               18   11/18/2014
HIGHEST            85   11/03        MM      MM       81  11/05
                        11/01
LOWEST             29   11/21        MM      MM       27  11/23
                        11/20                             11/22
AVG. MAXIMUM     68.0              62.4     5.6     65.9
AVG. MINIMUM     43.6              40.5     3.1     46.5
MEAN             55.8              51.5     4.3     56.2
DAYS MAX >= 90      0               0.0     0.0        0
DAYS MAX <= 32      0               0.0     0.0        0
DAYS MIN <= 32      4               6.8    -2.8        3
DAYS MIN <= 0       0               0.0     0.0        0

PRECIPITATION (INCHES)
RECORD
 MAXIMUM           MM   MM
 MINIMUM           MM   MM
TOTALS           3.12              5.36   -2.24    10.59
DAILY AVG.       0.10              0.18   -0.08     0.35
DAYS >= .01         7               9.5    -2.5       11
DAYS >= .10         7               6.3     0.7        8
DAYS >= .50         2               3.2    -1.2        6
DAYS >= 1.00        1               1.8    -0.8        5
GREATEST
 24 HR. TOTAL    1.50   11/28 TO 11/28

SNOWFALL (INCHES)
RECORDS
 TOTAL             MM   5
TOTALS            0.0               0.0     0.0      0.0
SINCE 7/1         0.0               0.0     0.0      0.0
SNOWDEPTH AVG.      0                MM      MM        0
DAYS >= 1.0         0               0.0     0.0        0
GREATEST
 SNOW DEPTH         0   MM                             0  MM
 24 HR TOTAL      0.0   11/30 TO 11/30

DEGREE_DAYS
HEATING TOTAL     293               415    -122      273
 SINCE 7/1        322               599    -277      381
COOLING TOTAL      26                 9      17       17
 SINCE 1/1       2423              1926     497     2138
.................................................................



-  INDICATES NEGATIVE NUMBERS.
R  INDICATES RECORD WAS SET OR TIED.
MM INDICATES DATA IS MISSING.
T  INDICATES TRACE AMOUNT.

$$
