000
CXUS54 KMEG 011821
CLMMEG


CLIMATE REPORT
NATIONAL WEATHER SERVICE MEMPHIS TN
1218 PM CST SUN FEB 1 2015

...................................

...THE MEMPHIS/GERMANTOWN WFO CLIMATE SUMMARY FOR THE MONTH OF JANUARY 2015...

CLIMATE NORMAL PERIOD 1981 TO 2010
CLIMATE RECORD PERIOD 1988 TO 2015

WEATHER         OBSERVED          NORMAL  DEPART  LAST YEAR`S
                 VALUE   DATE(S)  VALUE   FROM    VALUE  DATE(S)
                                          NORMAL
................................................................
TEMPERATURE (F)
RECORD
 HIGH              77   01/31/2002
                        01/30/2002
 LOW                5   01/07/2014
HIGHEST            64   01/29        77     -13       64  01/20
                        01/19
LOWEST              7   01/08         6       1        5  01/07
AVG. MAXIMUM     49.4              48.5     0.9     46.7
AVG. MINIMUM     29.6              29.6     0.0     23.1
MEAN             39.5              39.1     0.4     34.9
DAYS MAX >= 90      0               0.0     0.0        0
DAYS MAX <= 32      2               2.6    -0.6        5
DAYS MIN <= 32     20              19.5     0.5       26
DAYS MIN <= 0       0               0.0     0.0        0

PRECIPITATION (INCHES)
RECORD
 MAXIMUM        10.57   2013
 MINIMUM         1.56   2000
TOTALS           1.34R             3.96   -2.62     3.23
DAILY AVG.       0.04              0.13   -0.09     0.10
DAYS >= .01         7              10.8    -3.8       10
DAYS >= .10         4               7.1    -3.1        6
DAYS >= .50         1               3.3    -2.3        3
DAYS >= 1.00        0               1.3    -1.3        0
GREATEST
 24 HR. TOTAL    0.55   01/03 TO 01/03

SNOWFALL (INCHES)
RECORDS
 TOTAL            7.6   2011
TOTALS              T               0.3    -0.3        T
SINCE 7/1         0.3               0.4    -0.1        T
SNOWDEPTH AVG.      0                MM      MM        0
DAYS >= 1.0         0               0.1    -0.1        0
GREATEST
 SNOW DEPTH         0   MM                            -1  01/28
 24 HR TOTAL        T   01/23 TO 01/23

DEGREE_DAYS
HEATING TOTAL     783               805     -22      928
 SINCE 7/1       2073              2129     -56     2309
COOLING TOTAL       0                 0       0        0
 SINCE 1/1          0                 0       0        0
.................................................................



-  INDICATES NEGATIVE NUMBERS.
R  INDICATES RECORD WAS SET OR TIED.
MM INDICATES DATA IS MISSING.
T  INDICATES TRACE AMOUNT.

$$
