000
CXUS54 KMEG 022213
CLMMEG


CLIMATE REPORT
NATIONAL WEATHER SERVICE MEMPHIS TN
510 PM CDT FRI SEP 2 2016

...................................

...THE MEMPHIS/GERMANTOWN WFO CLIMATE SUMMARY FOR THE MONTH OF AUGUST 2016...

CLIMATE NORMAL PERIOD 1981 TO 2010
CLIMATE RECORD PERIOD 1988 TO 2016

WEATHER         OBSERVED          NORMAL  DEPART  LAST YEAR`S
                 VALUE   DATE(S)  VALUE   FROM    VALUE  DATE(S)
                                          NORMAL
................................................................
TEMPERATURE (F)
RECORD
 HIGH             106   08/15/2007
 LOW               47   08/08/2009
HIGHEST            98   08/03        MM      MM       98  08/04
                                                          08/03
LOWEST             65   08/22        MM      MM       57  08/26
                                                          08/25
AVG. MAXIMUM     90.7              90.6     0.1     89.3
AVG. MINIMUM     73.6              69.5     4.1     67.5
MEAN             82.2              80.1     2.1     78.4
DAYS MAX >= 90     21              17.3     3.7       15
DAYS MAX <= 32      0               0.0     0.0        0
DAYS MIN <= 32      0               0.0     0.0        0
DAYS MIN <= 0       0               0.0     0.0        0

PRECIPITATION (INCHES)
RECORD
 MAXIMUM           MM   MM
 MINIMUM           MM   MM
TOTALS           4.70              3.30    1.40     4.27
DAILY AVG.       0.15              0.11    0.04     0.14
DAYS >= .01        11               6.6     4.4       10
DAYS >= .10         8               4.4     3.6        6
DAYS >= .50         4               1.7     2.3        3
DAYS >= 1.00        1               0.7     0.3        1
GREATEST
 24 HR. TOTAL    1.71   08/15 TO 08/15

SNOWFALL (INCHES)
RECORDS
 TOTAL             MM   5
TOTALS            0.0               0.0     0.0      0.0
SINCE 7/1         0.0               0.0     0.0      0.0
SNOWDEPTH AVG.      0                MM      MM        0
DAYS >= 1.0         0               0.0     0.0        0
GREATEST
 SNOW DEPTH         0   MM                             0  MM
 24 HR TOTAL      0.0   08/31 TO 08/31

DEGREE_DAYS
HEATING TOTAL       0                 0       0        0
 SINCE 7/1          0                 0       0        0
COOLING TOTAL     543               467      76      421
 SINCE 1/1       1836              1595     241     1739
.................................................................



-  INDICATES NEGATIVE NUMBERS.
R  INDICATES RECORD WAS SET OR TIED.
MM INDICATES DATA IS MISSING.
T  INDICATES TRACE AMOUNT.

$$
