000
CXUS54 KJAN 030232
CLMMEI


CLIMATE REPORT
NATIONAL WEATHER SERVICE JACKSON MS
930 PM CDT TUE SEP 2 2014

...................................

...THE MERIDIAN CLIMATE SUMMARY FOR THE MONTH OF AUGUST 2014...

CLIMATE NORMAL PERIOD 1981 TO 2010
CLIMATE RECORD PERIOD 1889 TO 2014

WEATHER         OBSERVED          NORMAL  DEPART  LAST YEAR`S
                 VALUE   DATE(S)  VALUE   FROM    VALUE  DATE(S)
                                          NORMAL
................................................................
TEMPERATURE (F)
RECORD
 HIGH             106   08/29/2000
 LOW               49   08/25/1891
HIGHEST            99   08/24        98       1       94  08/31
                                                          08/07
                                                          08/03
LOWEST             59   08/14        62      -3       60  08/27
AVG. MAXIMUM     92.7              91.5     1.2     89.3
AVG. MINIMUM     68.3              69.0    -0.7     69.7
MEAN             80.5              80.3     0.2     79.5
DAYS MAX >= 90     24              20.4     3.6       16
DAYS MAX <= 32      0               0.0     0.0        0
DAYS MIN <= 32      0               0.0     0.0        0
DAYS MIN <= 0       0               0.0     0.0        0

PRECIPITATION (INCHES)
RECORD
 MAXIMUM        12.10   1919
 MINIMUM         0.41   1947
TOTALS           2.30              3.99   -1.69     3.69
DAILY AVG.       0.07              0.13   -0.06     0.12
DAYS >= .01         7               9.4    -2.4        9
DAYS >= .10         4               5.8    -1.8        7
DAYS >= .50         3               2.6     0.4        3
DAYS >= 1.00        0               1.1    -1.1        1
GREATEST
 24 HR. TOTAL    0.80   08/08 TO 08/09              1.88
                        08/09 TO 08/09
                        08/09 TO 08/10

SNOWFALL (INCHES)
RECORDS
 TOTAL            0.0   MM
TOTALS            0.0               0.0     0.0      0.0
SINCE 7/1         0.0               0.0     0.0      0.0
DAYS >= TRACE       0
DAYS >= 1.0         0               0.0     0.0        0
GREATEST
 24 HR TOTAL      0.0   08/31 TO 08/31

DEGREE_DAYS
HEATING TOTAL       0                 0       0        0
 SINCE 7/1          0                 0       0        0
COOLING TOTAL     488               473      15      456
 SINCE 1/1       1593              1620     -27     1580
.................................................................

WIND (MPH)
AVERAGE WIND SPEED              3.8
HIGHEST WIND SPEED/DIRECTION    28/310    DATE  08/18
HIGHEST GUST SPEED/DIRECTION    39/310    DATE  08/18

SKY COVER
POSSIBLE SUNSHINE (PERCENT)   MM
AVERAGE SKY COVER           0.20
NUMBER OF DAYS FAIR           26
NUMBER OF DAYS PC              5
NUMBER OF DAYS CLOUDY          0

AVERAGE RH (PERCENT)     69

WEATHER CONDITIONS. NUMBER OF DAYS WITH
THUNDERSTORM              3     MIXED PRECIP               0
HEAVY RAIN                4     RAIN                       4
LIGHT RAIN               10     FREEZING RAIN              0
LT FREEZING RAIN          0     HAIL                       0
HEAVY SNOW                0     SNOW                       0
LIGHT SNOW                0     SLEET                      0
FOG                      14     FOG W/VIS <= 1/4 MILE      0
HAZE                      1

-  INDICATES NEGATIVE NUMBERS.
R  INDICATES RECORD WAS SET OR TIED.
MM INDICATES DATA IS MISSING.
T  INDICATES TRACE AMOUNT.

$$
