000
CXUS44 KBRO 011011
CLMMFE


CLIMATE REPORT
NATIONAL WEATHER SERVICE BROWNSVILLE TX
457 AM CDT MON JUN 1 2015

...................................

...THE MCALLEN CLIMATE SUMMARY FOR THE MONTH OF MAY 2015...

CLIMATE NORMAL PERIOD 1981 TO 2010
CLIMATE RECORD PERIOD 1941 TO 2015

WEATHER         OBSERVED          NORMAL  DEPART  LAST YEAR`S
                 VALUE   DATE(S)  VALUE   FROM    VALUE  DATE(S)
                                          NORMAL
................................................................
TEMPERATURE (F)
HIGHEST            96   05/09        97      -1       99  05/31
LOWEST             62   05/01        61       1       53  05/16
AVG. MAXIMUM     90.7              91.7    -1.0
AVG. MINIMUM     75.2              72.1     3.1
MEAN             83.0              81.9     1.1     79.1
DAYS MAX >= 90     21              20.6     0.4
DAYS MAX <= 32      0               0.0     0.0
DAYS MIN <= 32      0               0.0     0.0
DAYS MIN <= 0       0               0.0     0.0

PRECIPITATION (INCHES)
TOTALS           4.90              2.25    2.65     0.80
DAILY AVG.       0.16              0.07    0.09     0.03
DAYS >= .01         9               4.8     4.2        4
DAYS >= .10         9               3.1     5.9        3
DAYS >= .50         4               1.3     2.7        0
DAYS >= 1.00        1               0.8     0.2        0
GREATEST
 24 HR. TOTAL    2.08   05/11 TO 05/12

DEGREE_DAYS
HEATING TOTAL       0                 0       0        0
 SINCE 7/1        756               579     177      883
COOLING TOTAL     564               524      40      443
 SINCE 1/1       1245              1255     -10     1056
.........................................................

WIND (MPH)
AVERAGE WIND SPEED              12.4
HIGHEST WIND SPEED/DIRECTION    43/360    DATE  05/29
HIGHEST GUST SPEED/DIRECTION    54/360    DATE  05/29

SKY COVER
POSSIBLE SUNSHINE (PERCENT)   MM
AVERAGE SKY COVER           0.60
NUMBER OF DAYS FAIR            5
NUMBER OF DAYS PC             18
NUMBER OF DAYS CLOUDY          8

AVERAGE RH (PERCENT)     72

WEATHER CONDITIONS. NUMBER OF DAYS WITH
THUNDERSTORM              0     MIXED PRECIP               0
HEAVY RAIN                9     RAIN                       7
LIGHT RAIN               15     FREEZING RAIN              0
LT FREEZING RAIN          0     HAIL                       0
HEAVY SNOW                0     SNOW                       0
LIGHT SNOW                0     SLEET                      0
FOG                      20     FOG W/VIS <= 1/4 MILE      0
HAZE                     21

-  INDICATES NEGATIVE NUMBERS.
R  INDICATES RECORD WAS SET OR TIED.
MM INDICATES DATA IS MISSING.
T  INDICATES TRACE AMOUNT.

$$
