000
CXUS54 KBMX 021911
CLMMGM


CLIMATE REPORT
NATIONAL WEATHER SERVICE BIRMINGHAM, AL
210 PM CDT WED AUG 2 2017

...................................

...THE MONTGOMERY CLIMATE SUMMARY FOR THE MONTH OF JULY 2017...

CLIMATE NORMAL PERIOD 1981 TO 2010
CLIMATE RECORD PERIOD 1872 TO 2017

WEATHER         OBSERVED          NORMAL  DEPART  LAST YEAR`S
                 VALUE   DATE(S)  VALUE   FROM    VALUE  DATE(S)
                                          NORMAL
................................................................
TEMPERATURE (F)
RECORD
 HIGH             107   07/07/1881
 LOW               59   07/30/2014
                        07/20/2009
                        01/05/2000
HIGHEST            98   07/26        MM      MM       MM  MM
                        07/21
                        07/20
LOWEST             69   07/31        MM      MM       MM  MM
AVG. MAXIMUM     93.8              92.1     1.7       MM
AVG. MINIMUM     73.9              71.5     2.4       MM
MEAN             83.8                                 MM
DAYS MAX >= 90     30              22.4     7.6       MM
DAYS MAX <= 32      0               0.0     0.0       MM
DAYS MIN <= 32      0               0.0     0.0       MM
DAYS MIN <= 0       0               0.0     0.0       MM

PRECIPITATION (INCHES)
RECORD
 MAXIMUM        13.42   1899
 MINIMUM         0.43   1902
TOTALS           4.50              5.24   -0.74       MM
DAILY AVG.       0.15              0.17   -0.02       MM
DAYS >= .01        14              11.5     2.5       MM
DAYS >= .10         9               8.4     0.6       MM
DAYS >= .50         3               3.4    -0.4       MM
DAYS >= 1.00        2               1.7     0.3       MM

DEGREE_DAYS
HEATING TOTAL       0                 0       0       MM
 SINCE 7/1          0                 0       0       MM
COOLING TOTAL     591               521      70       MM
 SINCE 1/1       1609              1279     330       MM
.................................................................

WIND (MPH)
AVERAGE WIND SPEED              4.1
HIGHEST WIND SPEED/DIRECTION    33/320    DATE  07/07
HIGHEST GUST SPEED/DIRECTION    40/110    DATE  07/21

AVERAGE RH (PERCENT)     67

WEATHER CONDITIONS. NUMBER OF DAYS WITH
THUNDERSTORM              0     MIXED PRECIP               0
HEAVY RAIN                7     RAIN                       6
LIGHT RAIN               12     FREEZING RAIN              0
LT FREEZING RAIN          0     HAIL                       0
HEAVY SNOW                0     SNOW                       0
LIGHT SNOW                0     SLEET                      0
FOG                      18     FOG W/VIS <= 1/4 MILE      2
HAZE                     19

-  INDICATES NEGATIVE NUMBERS.
R  INDICATES RECORD WAS SET OR TIED.
MM INDICATES DATA IS MISSING.
T  INDICATES TRACE AMOUNT.

$$
