000
CXUS53 KGRR 031302
CLMMKG

CLIMATE REPORT
NATIONAL WEATHER SERVICE GRAND RAPIDS, MI
755 AM EST TUE FEB 3 2015

...................................

...THE MUSKEGON MI CLIMATE SUMMARY FOR THE MONTH OF JANUARY 2015...

CLIMATE NORMAL PERIOD 1981 TO 2010
CLIMATE RECORD PERIOD 1896 TO 2015

WEATHER         OBSERVED          NORMAL  DEPART  LAST YEAR`S
                 VALUE   DATE(S)  VALUE   FROM    VALUE  DATE(S)
                                          NORMAL
................................................................
TEMPERATURE (F)
RECORD
 HIGH              63   01/25/1950
 LOW              -21   01/12/1912
HIGHEST            40   01/17        47      -7       43  01/12
                                                          01/11
                                                          01/10
LOWEST             -5   01/14                -4       -1  01/23
                                                          01/07
                                                          01/06
AVG. MAXIMUM     29.7              30.8    -1.1     26.8
AVG. MINIMUM     17.0              20.1    -3.1     13.8
MEAN             23.4              25.4    -2.0     20.3
DAYS MAX >= 90      0               0.0     0.0        0
DAYS MAX <= 32     15              16.5    -1.5       21
DAYS MIN <= 32     29              26.9     2.1       29
DAYS MIN <= 0       2               0.9     1.1        3

PRECIPITATION (INCHES)
RECORD
 MAXIMUM         7.72   1897
 MINIMUM         0.29   1934
TOTALS           1.72              2.03   -0.31     3.32
DAILY AVG.       0.06              0.07   -0.01     0.11
DAYS >= .01        14              15.7    -1.7       22
DAYS >= .10         5               6.2    -1.2       11
DAYS >= .50         0               0.7    -0.7        1
DAYS >= 1.00        0               0.0     0.0        0
GREATEST
 24 HR. TOTAL    0.40   01/03 TO 01/04

SNOWFALL (INCHES)
RECORDS
 TOTAL          102.4   1982
 24 HR TOTAL     22.0   01/10/1982 TO 01/10/1982
 SNOW DEPTH        33   01/16/1979
TOTALS           32.5              28.0     4.5     48.4
SINCE 7/1        58.4              63.1    -4.7     96.5
SNOWDEPTH AVG.      8                 6       2       14
DAYS >= TRACE      19              15.1     3.9       29
DAYS >= 1.0        10               8.2     1.8       14
GREATEST
 SNOW DEPTH        18   01/10                         25  01/29
                                                          01/28
 24 HR TOTAL      8.0   01/08 TO 01/08

DEGREE_DAYS
HEATING TOTAL    1282              1226      56     1379
 SINCE 7/1       3757              3672      85     3843
COOLING TOTAL       0                 0       0        0
 SINCE 1/1          0                 0       0        0

FREEZE DATES
RECORD
 EARLIEST     09/22/1976
 LATEST       06/22/1992
EARLIEST                        10/14
LATEST                          05/04
...................................................

WIND (MPH)
AVERAGE WIND SPEED              10.9
RESULTANT WIND SPEED/DIRECTION   4/273
HIGHEST WIND SPEED/DIRECTION    45/220    DATE  01/08
HIGHEST GUST SPEED/DIRECTION    55/230    DATE  01/08

SKY COVER
POSSIBLE SUNSHINE (PERCENT)   MM
AVERAGE SKY COVER           0.80
NUMBER OF DAYS FAIR            2
NUMBER OF DAYS PC              7
NUMBER OF DAYS CLOUDY         22

AVERAGE RH (PERCENT)     71

WEATHER CONDITIONS. NUMBER OF DAYS WITH
THUNDERSTORM              0     MIXED PRECIP               1
HEAVY RAIN                0     RAIN                       0
LIGHT RAIN                5     FREEZING RAIN              0
LT FREEZING RAIN          1     HAIL                       0
HEAVY SNOW                3     SNOW                       8
LIGHT SNOW               19     SLEET                      0
FOG                      17     FOG W/VIS <= 1/4 MILE      1
HAZE                     11

-  INDICATES NEGATIVE NUMBERS.
R  INDICATES RECORD WAS SET OR TIED.
MM INDICATES DATA IS MISSING.
T  INDICATES TRACE AMOUNT.

&&

JANUARY 2015 IN SOUTHWEST LOWER MICHIGAN WAS COLDER THAN NORMAL...
WITH NEAR TO ABOVE NORMAL SNOWFALL AND BELOW AVERAGE WATER
EQUIVALENT PRECIPITATION.

THE MONTH STARTED OUT ACTIVE AS A LARGE SCALE TROUGH SETTLED OVER
THE GREAT LAKES... PROVIDING MICHIGAN WITH VERY COLD AIR AT TIMES
AND FREQUENT ALBERTA CLIPPER WEATHER SYSTEMS WITH LAKE EFFECT SNOW.
MEASURABLE SNOW WAS RECORDED AT MUSKEGON AND GRAND RAPIDS FOR EACH
OF THE FIRST 10 DAYS EXCEPT FOR JANUARY 2ND. THE MOST SIGNIFICANT
SNOW EVENT OCCURRED THE EVENING AND NIGHT OF JANUARY 8TH WHEN LAKE
MICHIGAN ENHANCED A STRONG CLIPPER SYSTEM. MANY LOCATIONS WITHIN 40
MILES EAST OF LAKE MICHIGAN RECEIVED 8 TO 14 INCHES OF SNOW... AND
WIND GUSTS OF 40 TO 55 MPH NEAR THE LAKESHORE RESULTED IN
SUBSTANTIAL BLOWING AND DRIFTING. BOTH GRAND RAPIDS AND MUSKEGON SET
DAILY RECORD SNOWFALLS ON THE 8TH.

ARCTIC AIR WITH WELL BELOW NORMAL TEMPERATURES SETTLED INTO THE
GREAT LAKES FOR MOST OF THE PERIOD FROM THE 5TH THROUGH THE 14TH.
HIGH TEMPERATURES WERE FREQUENTLY IN THE TEENS. CALM AND CLEAR
CONDITIONS ON THE MORNINGS OF THE 13TH AND 14TH RESULTED IN LOW
TEMPERATURES BELOW ZERO ACROSS THE AREA. MUSKEGON TIED AND GRAND
RAPIDS BROKE THEIR RECORD LOW TEMPERATURES ON THE 13TH. GRAND RAPIDS
FELL TO 13 DEGREES BELOW ZERO THE MORNING OF THE 14TH... ITS COLDEST
TEMPERATURE SINCE 17 BELOW ZERO WAS OBSERVED ON THE 4TH OF FEBRUARY
1996.

FROM THE MIDDLE OF THE MONTH ONWARD... CONDITIONS WARMED UP AND
QUIETED DOWN. TEMPERATURES WERE GENERALLY NEAR TO ABOVE NORMAL.
LIGHT SNOW OCCURRED PERIODICALLY... BUT THERE WERE ONLY A FEW
OCCASIONS WITH MEASURABLE SNOW.

$$

CAS/EBW
