000
CXUS51 KCAR 111817
CLMMLT


CLIMATE REPORT
NATIONAL WEATHER SERVICE CARIBOU, ME
214 PM EDT THU SEP 11 2014

...................................

...THE MILLINOCKET ME CLIMATE SUMMARY FOR THE SEASON, FROM
6/1/2014 TO 8/31/2014...

CLIMATE NORMAL PERIOD 1981 TO 2010
CLIMATE RECORD PERIOD 1903 TO 2014

WEATHER         OBSERVED          NORMAL  DEPART  LAST YEAR`S
                 VALUE   DATE(S)  VALUE   FROM    VALUE  DATE(S)
                                          NORMAL
................................................................
TEMPERATURE (F)
RECORD
 HIGH             101   06/18/1907
 LOW               26   06/04/1916
HIGHEST            94   07/02        MM      MM       94  07/15
LOWEST             42   06/01        MM      MM       43  06/19
AVG. MAXIMUM     77.9              76.2     1.7     77.4
AVG. MINIMUM     56.3              54.9     1.4     56.2
MEAN             67.1              65.5     1.6     66.8
DAYS MAX >= 90      4               2.3     1.7        9
DAYS MAX <= 32      0               0.0     0.0        0
DAYS MIN <= 32      0               0.0     0.0        0
DAYS MIN <= 0       0               0.0     0.0        0

PRECIPITATION (INCHES)
RECORD
 MAXIMUM        18.62   2006
 MINIMUM        11.92   2012
TOTALS          11.24R                    -0.62
DAILY AVG.       0.12              0.13   -0.01     0.16
DAYS >= .01        33                MM      MM       45
DAYS >= .10        18                MM      MM       26
DAYS >= .50         9                MM      MM       11
DAYS >= 1.00        3                MM      MM        4
GREATEST
 24 HR. TOTAL    1.93   MM                       08/31 TO 08/31
                                                          08/31 TO 08/31
                                                          08/31 TO 08/31

SNOWFALL (INCHES)
RECORDS
 TOTAL             MM   MM
TOTALS             MM                MM      MM      0.0
SINCE 7/1          MM                MM      MM      0.0
SNOWDEPTH AVG.     MM                MM      MM        0
DAYS >= 1.0         0                MM      MM        0
GREATEST
 SNOW DEPTH        MM                                  0  MM
 24 HR TOTAL       MM                            08/31 TO 08/31
                                                          08/31 TO 08/31
                                                          08/31 TO 08/31

DEGREE_DAYS
HEATING TOTAL     104               195     -91      146
 SINCE 7/1         28                79     -51       45
COOLING TOTAL     326               245      81      344
 SINCE 1/1        328               251      77      352
..................................................

WIND (MPH)
AVERAGE WIND SPEED              4.0
HIGHEST WIND SPEED/DIRECTION    25/310    DATE  07/05
HIGHEST GUST SPEED/DIRECTION    41/330    DATE  07/05

SKY COVER
POSSIBLE SUNSHINE (PERCENT)   MM
AVERAGE SKY COVER           0.40
NUMBER OF DAYS FAIR           45
NUMBER OF DAYS PC             31
NUMBER OF DAYS CLOUDY         16

AVERAGE RH (PERCENT)     70

WEATHER CONDITIONS. NUMBER OF DAYS WITH
THUNDERSTORM              0     MIXED PRECIP               0
HEAVY RAIN                9     RAIN                      22
LIGHT RAIN               43     FREEZING RAIN              0
LT FREEZING RAIN          0     HAIL                       0
HEAVY SNOW                0     SNOW                       0
LIGHT SNOW                0     SLEET                      0
FOG                      47     FOG W/VIS <= 1/4 MILE      9
HAZE                     10

-  INDICATES NEGATIVE NUMBERS.
R  INDICATES RECORD WAS SET OR TIED.
MM INDICATES DATA IS MISSING.
T  INDICATES TRACE AMOUNT.

$$
