000
CXUS56 KPQR 011458
CLMMMV


CLIMATE REPORT
NATIONAL WEATHER SERVICE PORTLAND OREGON
758 AM PDT MON SEP 1 2014

...................................

...THE MCMINNVILLE OR CLIMATE SUMMARY FOR THE MONTH OF AUGUST 2014...

CLIMATE NORMAL PERIOD 1981 TO 2010
CLIMATE RECORD PERIOD 1894 TO 2014

WEATHER         OBSERVED          NORMAL  DEPART  LAST YEAR`S
                 VALUE   DATE(S)  VALUE   FROM    VALUE  DATE(S)
                                          NORMAL
................................................................
TEMPERATURE (F)
HIGHEST            98                                 95  08/06
LOWEST             48                                 49  08/20
                                                          08/13
AVG. MAXIMUM     86.7              82.3     4.4     83.0
AVG. MINIMUM     55.9              50.5     5.4     55.7
MEAN             71.3              66.4     4.9     69.4
DAYS MAX >= 90     10               5.8     4.2        4
DAYS MAX <= 32      0               0.0     0.0        0
DAYS MIN <= 32      0               0.0     0.0        0
DAYS MIN <= 0       0               0.0     0.0        0

PRECIPITATION (INCHES)
RECORD
 MAXIMUM         4.51   1968
 MINIMUM         0.00   2000
                        1996
                        1994
TOTALS           0.14              0.58   -0.44     0.66
DAYS >= .01         2                MM      MM        7
DAYS >= .10         1                MM      MM        3
DAYS >= .50         0                MM      MM        0
DAYS >= 1.00        0                MM      MM        0
GREATEST
 24 HR. TOTAL    0.13   08/30 TO 08/30
                        08/29 TO 08/30
                        08/30 TO 08/30

DEGREE_DAYS
HEATING TOTAL       2                41     -39        6
 SINCE 7/1          6                85     -79       17
COOLING TOTAL     205                84     121      151
 SINCE 1/1        445               184     261      337
.................................................................

WIND (MPH)
AVERAGE WIND SPEED              5.0
RESULTANT WIND SPEED/DIRECTION   2/297
HIGHEST WIND SPEED/DIRECTION    25/330    DATE  08/18
HIGHEST GUST SPEED/DIRECTION    30/360    DATE  08/19

SKY COVER
POSSIBLE SUNSHINE (PERCENT)   MM
AVERAGE SKY COVER           0.20

AVERAGE RH (PERCENT)     61

WEATHER CONDITIONS. NUMBER OF DAYS WITH
THUNDERSTORM              0     MIXED PRECIP               0
HEAVY RAIN                1     RAIN                       1
LIGHT RAIN                3     FREEZING RAIN              0
LT FREEZING RAIN          0     HAIL                       0
HEAVY SNOW                0     SNOW                       0
LIGHT SNOW                0     SLEET                      0
FOG                       1     FOG W/VIS <= 1/4 MILE      0
HAZE                      1

-  INDICATES NEGATIVE NUMBERS.
R  INDICATES RECORD WAS SET OR TIED.
MM INDICATES DATA IS MISSING.
T  INDICATES TRACE AMOUNT.

$$
