000
CXUS53 KMKX 011134
CLMMSN


CLIMATE REPORT
NATIONAL WEATHER SERVICE IN MILWAUKEE
631 AM CDT MON AUG 1 2016

...................................

...THE MADISON WI CLIMATE SUMMARY FOR THE MONTH OF JULY 2016...

CLIMATE NORMAL PERIOD 1981 TO 2010
CLIMATE RECORD PERIOD 1871 TO 2016

WEATHER         OBSERVED          NORMAL  DEPART  LAST YEAR`S
                 VALUE   DATE(S)  VALUE   FROM    VALUE  DATE(S)
                                          NORMAL
................................................................
TEMPERATURE (F)
RECORD
 HIGH             107   07/14/1936
 LOW               36   07/06/1965
HIGHEST            94   07/21        93       1       91  07/17
LOWEST             51   07/16        51       0       46  07/02
                        07/03
AVG. MAXIMUM     82.7              81.6     1.1     81.1
AVG. MINIMUM     63.0              61.0     2.0     60.3
MEAN             72.9              71.3     1.6     70.7
DAYS MAX >= 90      4               2.8     1.2        1
DAYS MAX <= 32      0               0.0     0.0        0
DAYS MIN <= 32      0               0.0     0.0        0
DAYS MIN <= 0       0               0.0     0.0        0

PRECIPITATION (INCHES)
RECORD
 MAXIMUM        10.93   1950
 MINIMUM         0.29   1909
TOTALS           5.23              4.18    1.05     5.02
DAILY AVG.       0.17              0.13    0.04     0.16
DAYS >= .01        10              10.6    -0.6        5
DAYS >= .10         6               6.6    -0.6        5
DAYS >= .50         2               2.8    -0.8        5
DAYS >= 1.00        2               1.3     0.7        2
GREATEST
 24 HR. TOTAL    2.79   07/21 TO 07/21              1.42

DEGREE_DAYS
HEATING TOTAL       4                10      -6       16
 SINCE 7/1          4                10      -6       16
COOLING TOTAL     255               206      49      200
 SINCE 1/1        456               356     100      361
.................................................................

WIND (MPH)
AVERAGE WIND SPEED              6.3
HIGHEST WIND SPEED/DIRECTION    48/010    DATE  07/21
HIGHEST GUST SPEED/DIRECTION    63/020    DATE  07/21

SKY COVER
POSSIBLE SUNSHINE (PERCENT)   MM
AVERAGE SKY COVER           0.50
NUMBER OF DAYS FAIR            7
NUMBER OF DAYS PC             20
NUMBER OF DAYS CLOUDY          4

AVERAGE RH (PERCENT)     74

WEATHER CONDITIONS. NUMBER OF DAYS WITH
THUNDERSTORM              7     MIXED PRECIP               0
HEAVY RAIN                4     RAIN                       4
LIGHT RAIN                9     FREEZING RAIN              0
LT FREEZING RAIN          0     HAIL                       0
HEAVY SNOW                0     SNOW                       0
LIGHT SNOW                0     SLEET                      0
FOG                      17     FOG W/VIS <= 1/4 MILE      3
HAZE                      0

-  INDICATES NEGATIVE NUMBERS.
R  INDICATES RECORD WAS SET OR TIED.
MM INDICATES DATA IS MISSING.
T  INDICATES TRACE AMOUNT.

$$
