000
CXUS53 KLIX 012052
CLMNEW


CLIMATE REPORT
NATIONAL WEATHER SERVICE NEW ORLEANS
247 PM CST WED FEB 1 2017

...................................

...THE NEW ORLEANS CLIMATE SUMMARY FOR THE MONTH OF JANUARY 2017...

CLIMATE NORMAL PERIOD 1981 TO 2010
CLIMATE RECORD PERIOD 1946 TO 2017

WEATHER         OBSERVED          NORMAL  DEPART  LAST YEAR`S
                 VALUE   DATE(S)  VALUE   FROM    VALUE  DATE(S)
                                          NORMAL
................................................................
TEMPERATURE (F)
RECORD
 HIGH              83   01/07/1982
                        01/31/1957
 LOW               14   01/21/1985
                        01/24/1963
                        01/11/1962
HIGHEST            80   01/20                         77  01/31
LOWEST             27   01/07                         33  01/24
AVG. MAXIMUM     69.0              62.1     6.9     62.4
AVG. MINIMUM     51.3              44.7     6.6     45.5
MEAN             60.1              53.4     6.7     53.9
DAYS MAX >= 90      0               0.0     0.0        0
DAYS MAX <= 32      0               0.0     0.0        0
DAYS MIN <= 32      2               2.9    -0.9        0
DAYS MIN <= 0       0               0.0     0.0        0

PRECIPITATION (INCHES)
RECORD
 MAXIMUM
 MINIMUM
TOTALS           4.90              5.15   -0.25     4.41
DAILY AVG.       0.16              0.17   -0.01     0.14
DAYS >= .01         9               9.3    -0.3       13
DAYS >= .10         9               6.5     2.5        8
DAYS >= .50         3               3.3    -0.3        4
DAYS >= 1.00        1               1.7    -0.7        2
GREATEST
 24 HR. TOTAL    3.73   12/31 TO 01/01

SNOWFALL (INCHES)
RECORDS
 TOTAL
 24 HR TOTAL
 SNOW DEPTH
TOTALS            0.0                 T     0.0      0.0
SINCE 7/1         0.0                 T     0.0      0.0
SNOWDEPTH AVG.      0                                  0
DAYS >= TRACE       0               0.0     0.0        0
DAYS >= 1.0         0               0.0     0.0        0
GREATEST
 SNOW DEPTH         0                                  0
 24 HR TOTAL      0.0

DEGREE_DAYS
HEATING TOTAL     196               375    -179      340
 SINCE 7/1        486               856    -370      514
COOLING TOTAL      52                16      36        4
 SINCE 1/1         52                14      38        4
..................................................

WIND (MPH)
AVERAGE WIND SPEED              9.0
HIGHEST WIND SPEED/DIRECTION    33/320    DATE  01/21
HIGHEST GUST SPEED/DIRECTION    45/310    DATE  01/21

SKY COVER
POSSIBLE SUNSHINE (PERCENT)
AVERAGE SKY COVER           0.60
NUMBER OF DAYS FAIR            6
NUMBER OF DAYS PC             14
NUMBER OF DAYS CLOUDY         11

AVERAGE RH (PERCENT)     74

WEATHER CONDITIONS. NUMBER OF DAYS WITH
THUNDERSTORM              0     MIXED PRECIP               0
HEAVY RAIN                3     RAIN                       8
LIGHT RAIN               10     FREEZING RAIN              0
LT FREEZING RAIN          0     HAIL                       0
HEAVY SNOW                0     SNOW                       0
LIGHT SNOW                0     SLEET                      0
FOG                      18     FOG W/VIS <= 1/4 MILE      7
HAZE                      3

-  INDICATES NEGATIVE NUMBERS.
R  INDICATES RECORD WAS SET OR TIED.
MM INDICATES DATA IS MISSING.
T  INDICATES TRACE AMOUNT.

$$
