000
CXUS53 KLIX 020725
CLMNEW


CLIMATE REPORT
NATIONAL WEATHER SERVICE NEW ORLEANS
123 AM CST MON MAR 2 2015

...................................

...THE NEW ORLEANS CLIMATE SUMMARY FOR THE MONTH OF FEBRUARY 2015...

CLIMATE NORMAL PERIOD 1981 TO 2010
CLIMATE RECORD PERIOD 1946 TO 2015

WEATHER         OBSERVED          NORMAL  DEPART  LAST YEAR`S
                 VALUE   DATE(S)  VALUE   FROM    VALUE  DATE(S)
                                          NORMAL
................................................................
TEMPERATURE (F)
RECORD
 HIGH              85   02/26/1972
 LOW                7   02/13/1899
HIGHEST            79   02/22                         80  02/20
LOWEST             30   02/18                         34  02/07
AVG. MAXIMUM     61.4              65.4    -4.0     65.4
AVG. MINIMUM     43.4              48.0    -4.6     47.0
MEAN             52.4              56.7    -4.3     56.2
DAYS MAX >= 90      0               0.0     0.0        0
DAYS MAX <= 32      0               0.0     0.0        0
DAYS MIN <= 32      1               0.9     0.1        0
DAYS MIN <= 0       0               0.0     0.0        0

PRECIPITATION (INCHES)
RECORD
 MAXIMUM
 MINIMUM
TOTALS           2.03              5.30   -3.27     6.31
DAILY AVG.       0.07              0.19   -0.12     0.23
DAYS >= .01         9               8.8     0.2       12
DAYS >= .10         4               5.8    -1.8       10
DAYS >= .50         1               3.4    -2.4        6
DAYS >= 1.00        0               1.7    -1.7        1
GREATEST
 24 HR. TOTAL    0.99   02/03 TO 02/04           02/25 TO 02/26


SNOWFALL (INCHES)
RECORDS
 TOTAL
 24 HR TOTAL
 SNOW DEPTH
TOTALS            0.0               0.0     0.0        T
SINCE 7/1         0.0                 T     0.0        T
SNOWDEPTH AVG.      0                                  0
DAYS >= TRACE       0               0.0     0.0        1
DAYS >= 1.0         0               0.0     0.0        0
GREATEST
 SNOW DEPTH         0                                  0
 24 HR TOTAL      0.0   02/28 TO 02/28           02/06 TO 02/06

DEGREE_DAYS
HEATING TOTAL     358               253     105      266
 SINCE 7/1       1204              1109      95     1353
COOLING TOTAL      10                21     -11       24
 SINCE 1/1         18                37     -19       24
.......................................................

WIND (MPH)
AVERAGE WIND SPEED              10.4
HIGHEST WIND SPEED/DIRECTION    30/180    DATE  02/21
HIGHEST GUST SPEED/DIRECTION    36/190    DATE  02/21

SKY COVER
POSSIBLE SUNSHINE (PERCENT)   MM
AVERAGE SKY COVER           0.50
NUMBER OF DAYS FAIR           11
NUMBER OF DAYS PC              8
NUMBER OF DAYS CLOUDY          9

AVERAGE RH (PERCENT)     66

WEATHER CONDITIONS. NUMBER OF DAYS WITH
THUNDERSTORM              0     MIXED PRECIP               0
HEAVY RAIN                0     RAIN                       5
LIGHT RAIN               12     FREEZING RAIN              0
LT FREEZING RAIN          0     HAIL                       0
HEAVY SNOW                0     SNOW                       0
LIGHT SNOW                0     SLEET                      0
FOG                      11     FOG W/VIS <= 1/4 MILE      0
HAZE                     11

-  INDICATES NEGATIVE NUMBERS.
R  INDICATES RECORD WAS SET OR TIED.
MM INDICATES DATA IS MISSING.
T  INDICATES TRACE AMOUNT.

$$
