002
CXUS55 KPSR 012242
CLMNYL

CLIMATE REPORT
NATIONAL WEATHER SERVICE PHOENIX AZ
338 PM MST FRI MAY 1 2015

...................................

...THE YUMA AZ CLIMATE SUMMARY FOR THE MONTH OF APRIL 2015...

CLIMATE NORMAL PERIOD 1981 TO 2010
CLIMATE RECORD PERIOD 1876 TO 2015

WEATHER         OBSERVED          NORMAL  DEPART
                 VALUE   DATE(S)  VALUE   FROM
                                          NORMAL
................................................
TEMPERATURE (F)
RECORD
 HIGH             107   04/06/1989
                        04/21/1958
                        04/18/1954
 LOW               38   04/08/1929
                        04/05/1901
HIGHEST           102   04/30       100       2
LOWEST             52   04/09        49       3
AVG. MAXIMUM     87.4              86.4     1.0
AVG. MINIMUM     60.9              59.6     1.3
MEAN             74.2              73.0     1.2
DAYS MAX >= 90     11              10.4     0.6
DAYS MAX <= 32      0               0.0     0.0
DAYS MIN <= 32      0               0.0     0.0
DAYS MIN <= 0       0               0.0     0.0

PRECIPITATION (INCHES)
RECORD
 MAXIMUM         1.20   1965
 MINIMUM         0.00   2014
                        2010
                        2008
TOTALS              T              0.15   -0.15
DAYS >= .01         0               0.7    -0.7
DAYS >= .10         0               0.5    -0.5
DAYS >= .50         0               0.1    -0.1
DAYS >= 1.00        0               0.0     0.0
GREATEST
 24 HR. TOTAL       T   04/25 TO 04/25
                        04/24 TO 04/25
                        04/25 TO 04/25

DEGREE_DAYS
HEATING TOTAL       0                13     -13
 SINCE 7/1         83               686    -603
COOLING TOTAL     284               253      31
 SINCE 1/1        690               406     284
.................................................

WIND (MPH)
AVERAGE WIND SPEED              7.2
HIGHEST GUST SPEED/DIRECTION    39/280    DATE  04/25

AVERAGE RH (PERCENT)     30

WEATHER CONDITIONS. NUMBER OF DAYS WITH
THUNDERSTORM              0     HEAVY RAIN                 0
RAIN                      0     LIGHT RAIN                 1
FOG W/VIS <= 1/4 MILE     0

-  INDICATES NEGATIVE NUMBERS.
R  INDICATES RECORD WAS SET OR TIED.
MM INDICATES DATA IS MISSING.
T  INDICATES TRACE AMOUNT.

$$
