000
CXUS56 KMTR 031511
CLMOAK


CLIMATE REPORT
NATIONAL WEATHER SERVICE SAN FRANCISCO BAY AREA
746 AM PDT FRI JUL 3 2015

...................................

...THE OAKLAND AIRPORT CLIMATE SUMMARY FOR THE MONTH OF JUNE 2015...

CLIMATE NORMAL PERIOD 1981 TO 2010
CLIMATE RECORD PERIOD 1948 TO 2015

WEATHER         OBSERVED          NORMAL  DEPART  LAST YEAR`S
                 VALUE   DATE(S)  VALUE   FROM    VALUE  DATE(S)
                                          NORMAL
................................................................
TEMPERATURE (F)
RECORD
 HIGH             107   06/02/1960
 LOW               18   06/06/2010
HIGHEST            88   06/08                         86  06/08
LOWEST             52   06/20                         50  06/17
                        06/19
                        06/18
AVG. MAXIMUM     71.3              70.5     0.8     71.6
AVG. MINIMUM     55.3              53.8     1.5     54.4
MEAN             63.3                               63.0
DAYS MAX >= 90      0                                  0
DAYS MAX <= 32      0                                  0
DAYS MIN <= 32      0                                  0
DAYS MIN <= 0       0                                  0

PRECIPITATION (INCHES)
RECORD
 MAXIMUM         1.88   2011
 MINIMUM         0.00   1949
TOTALS           0.18              0.18    0.00        T
DAILY AVG.       0.01              0.01    0.00        T
DAYS >= .01         1                                  0
DAYS >= .10         1                                  0
DAYS >= .50         0                                  0
DAYS >= 1.00        0                                  0
GREATEST
 24 HR. TOTAL    0.18   06/10 TO 06/10           06/26 TO 06/26
                                                          06/30 TO 06/30
                                                          06/30 TO 06/30

DEGREE_DAYS
HEATING TOTAL      62               103     -41       71
 SINCE 7/1       1994              2873    -879     2340
COOLING TOTAL      19                18       1       20
 SINCE 1/1         23                34     -11       64
.................................................

WIND (MPH)
AVERAGE WIND SPEED              9.3
RESULTANT WIND SPEED/DIRECTION   8/283
HIGHEST WIND SPEED/DIRECTION    30/270    DATE  06/09
HIGHEST GUST SPEED/DIRECTION    32/270    DATE  06/09

SKY COVER
POSSIBLE SUNSHINE (PERCENT)   MM
AVERAGE SKY COVER           0.50
NUMBER OF DAYS FAIR            6
NUMBER OF DAYS PC             17
NUMBER OF DAYS CLOUDY          7

AVERAGE RH (PERCENT)     71

WEATHER CONDITIONS. NUMBER OF DAYS WITH
THUNDERSTORM              0     MIXED PRECIP               0
HEAVY RAIN                0     RAIN                       1
LIGHT RAIN                2     FREEZING RAIN              0
LT FREEZING RAIN          0     HAIL                       0
HEAVY SNOW                0     SNOW                       0
LIGHT SNOW                0     SLEET                      0
FOG                      15     FOG W/VIS <= 1/4 MILE      0
HAZE                     11

-  INDICATES NEGATIVE NUMBERS.
R  INDICATES RECORD WAS SET OR TIED.
MM INDICATES DATA IS MISSING.
T  INDICATES TRACE AMOUNT.

$$
