000
CXUS53 KOAX 011900
CLMOAX

CLIMATE REPORT
NATIONAL WEATHER SERVICE OMAHA NEBRASKA
200 PM CDT TUE APR 1 2014

...................................

...THE VALLEY  NWS, NEBRASKA CLIMATE SUMMARY FOR THE MONTH OF MARCH 2014...

CLIMATE NORMAL PERIOD 1981 TO 2010
CLIMATE RECORD PERIOD 1997 TO 2014

WEATHER         OBSERVED          NORMAL  DEPART  LAST YEAR`S
                 VALUE   DATE(S)  VALUE   FROM    VALUE
                                          NORMAL
.............................................................
TEMPERATURE (F)
HIGHEST            74   03/30
                        03/10
LOWEST             -7   03/03
AVG. MAXIMUM     48.6              48.6     0.0
AVG. MINIMUM     23.4              28.0    -4.6
MEAN             36.0              38.3    -2.3
DAYS MAX >= 90      0
DAYS MAX <= 32      4
DAYS MIN <= 32     26
DAYS MIN <= 0       3

PRECIPITATION (INCHES)
TOTALS           0.36
DAYS >= .01         5
DAYS >= .10         1
DAYS >= .50         0
DAYS >= 1.00        0
GREATEST
 24 HR. TOTAL    0.18   03/27 TO 03/27

SNOWFALL (INCHES)
TOTALS            1.9                                9.7
 LIQUID EQUIV    0.19
SINCE 7/1        17.3
SNOWDEPTH AVG.      0
DAYS >= TRACE      13
DAYS >= 1.0         1
GREATEST
 SNOW DEPTH         2
 24 HR TOTAL      1.2   03/01 TO 03/01

DEGREE DAYS
HEATING TOTAL     893
 SINCE 7/1       5953
COOLING TOTAL       0
 SINCE 1/1          0
..............................................................

WIND (MPH)
HIGHEST GUST SPEED    54


WEATHER CONDITIONS. NUMBER OF DAYS WITH
THUNDERSTORM              0     MIXED PRECIP               1
HEAVY RAIN                0     RAIN                       0
LIGHT RAIN                5     FREEZING RAIN              0
LT FREEZING RAIN          0     HAIL                       0
HEAVY SNOW                0     SNOW                       2
LIGHT SNOW               13     SLEET                      1
FOG                       3     FOG W/VIS <= 1/4 MILE      0
HAZE                      4

-  INDICATES NEGATIVE NUMBERS.
R  INDICATES RECORD WAS SET OR TIED.
MM INDICATES DATA IS MISSING.
T  INDICATES TRACE AMOUNT.
>= INDICATES GREATER THAN OR EQUAL TO.
<= INDICATES LESS THAN OR EQUAL TO.

$$

TL/JRB/JEK
