000
CXUS53 KOAX 011659
CLMOAX

CLIMATE REPORT
NATIONAL WEATHER SERVICE OMAHA NEBRASKA
1035 AM CST WED MAR 1 2017

...................................

...THE VALLEY  NWS, NEBRASKA CLIMATE SUMMARY FOR THE MONTH OF FEBRUARY 2017...

CLIMATE NORMAL PERIOD 1981 TO 2010
CLIMATE RECORD PERIOD 1997 TO 2017

WEATHER         OBSERVED          NORMAL  DEPART  LAST YEAR`S
                 VALUE   DATE(S)  VALUE   FROM    VALUE
                                          NORMAL
.............................................................
TEMPERATURE (F)
HIGHEST            73   02/22
                        02/21
LOWEST              7   02/09
                        02/08
AVG. MAXIMUM     49.0              36.8    12.2
AVG. MINIMUM     26.8              17.7     9.1
MEAN             37.9              27.3    10.6
DAYS MAX >= 90      0
DAYS MAX <= 32      4
DAYS MIN <= 32     21
DAYS MIN <= 0       0

PRECIPITATION (INCHES)
TOTALS           0.76
DAYS >= .01         5
DAYS >= .10         3
DAYS >= .50         0
DAYS >= 1.00        0
GREATEST
 24 HR. TOTAL    0.44   02/23 TO 02/24

SNOWFALL (INCHES)
TOTALS            6.3                                9.7
 LIQUID EQUIV    0.63
SINCE 7/1        11.3
DAYS >= TRACE       5
DAYS >= 1.0         3
GREATEST
 SNOW DEPTH         3

 24 HR TOTAL      3.7   02/08

DEGREE DAYS
HEATING TOTAL     754
 SINCE 7/1       3877
COOLING TOTAL       0
 SINCE 1/1          0
..............................................................

WIND (MPH)
HIGHEST GUST SPEED/DIRECTION    36


WEATHER CONDITIONS. NUMBER OF DAYS WITH
THUNDERSTORM              0     MIXED PRECIP               0
HEAVY RAIN                0     RAIN                       0
LIGHT RAIN                3     FREEZING RAIN              0
LT FREEZING RAIN          1     HAIL                       0
HEAVY SNOW                1     SNOW                       4
LIGHT SNOW                5     SLEET                      1
FOG                       4     FOG W/VIS <= 1/4 MILE      0
HAZE                      1

-  INDICATES NEGATIVE NUMBERS.
R  INDICATES RECORD WAS SET OR TIED.
MM INDICATES DATA IS MISSING.
T  INDICATES TRACE AMOUNT.
>  INDICATES GREATER THAN OR EQUAL TO.
<  INDICATES LESS THAN OR EQUAL TO.

$$

JEK/JRB
