000
CXUS53 KOAX 011740
CLMOAX

CLIMATE REPORT
NATIONAL WEATHER SERVICE OMAHA NEBRASKA
1241 PM CDT TUE JUL 1 2014

...................................

...THE VALLEY  NWS, NEBRASKA CLIMATE SUMMARY FOR THE MONTH OF JUNE 2014...

CLIMATE NORMAL PERIOD 1981 TO 2010
CLIMATE RECORD PERIOD 1997 TO 2014

WEATHER         OBSERVED          NORMAL  DEPART  LAST YEAR`S
                 VALUE   DATE(S)  VALUE   FROM    VALUE
                                          NORMAL
.............................................................
TEMPERATURE (F)
HIGHEST            93   06/20
LOWEST             49   06/13
AVG. MAXIMUM     82.0              82.2    -0.2
AVG. MINIMUM     63.3              62.3     1.0
MEAN             72.6              72.2     0.4
DAYS MAX >= 90      3
DAYS MAX <= 32      0
DAYS MIN <= 32      0
DAYS MIN <= 0       0

PRECIPITATION (INCHES)
TOTALS          11.67
DAYS >= .01        14
DAYS >= .10        11
DAYS >= .50         6
DAYS >= 1.00        5
GREATEST
 24 HR. TOTAL    3.26   06/26 TO 06/27

SNOWFALL (INCHES)
TOTALS            0.0                                0.0
 LIQUID EQUIV    0.00
SINCE 7/1        18.2
SNOWDEPTH AVG.      0
DAYS >= TRACE       0
DAYS >= 1.0         0
GREATEST
 SNOW DEPTH         0
 24 HR TOTAL      0.0

DEGREE DAYS
HEATING TOTAL       4
 SINCE 7/1       6505
COOLING TOTAL     240
 SINCE 1/1        370
..............................................................

WIND (MPH)
HIGHEST GUST SPEED    68


WEATHER CONDITIONS. NUMBER OF DAYS WITH
THUNDERSTORM              0     MIXED PRECIP               0
HEAVY RAIN                9     RAIN                      11
LIGHT RAIN               18     FREEZING RAIN              0
LT FREEZING RAIN          0     HAIL                       1
HEAVY SNOW                0     SNOW                       0
LIGHT SNOW                0     SLEET                      0
FOG                       3     FOG W/VIS <= 1/4 MILE      0
HAZE                      0

-  INDICATES NEGATIVE NUMBERS.
R  INDICATES RECORD WAS SET OR TIED.
MM INDICATES DATA IS MISSING.
T  INDICATES TRACE AMOUNT.

$$

JEK/TL
