232
CXUS53 KOAX 040141
CLMOMA

CLIMATE REPORT
NATIONAL WEATHER SERVICE OMAHA NEBRASKA
841 PM CDT TUE OCT 3 2017

...................................

...THE OMAHA EPPLEY, NEBRASKA CLIMATE SUMMARY FOR THE MONTH OF
SEPTEMBER 2017...

CLIMATE NORMAL PERIOD 1981 TO 2010
CLIMATE RECORD PERIOD 1871 TO 2017

WEATHER         OBSERVED          NORMAL  DEPART
                 VALUE   DATE(S)  VALUE   FROM
                                          NORMAL
................................................
TEMPERATURE (F)
HIGHEST            96   09/14
LOWEST             47   09/29
                        09/28
                        09/06
AVG. MAXIMUM     82.3              77.6     4.7
AVG. MINIMUM     59.0              53.9     5.1
MEAN             70.6              65.7     4.9
DAYS MAX >= 90      7
DAYS MAX <= 32      0
DAYS MIN <= 32      0
DAYS MIN <= 0       0

PRECIPITATION (INCHES)
RECORD
 MAXIMUM        13.75   1965
 MINIMUM         0.24   1888
TOTALS           2.59              2.68   -0.09
DAILY AVG.       0.09
DAYS >= .01         5
DAYS >= .10         4
DAYS >= .50         2
DAYS >= 1.00        2
GREATEST
 24 HR. TOTAL    1.05   09/25 TO 09/25
                        09/16 TO 09/16

SNOWFALL (INCHES)
RECORDS
 TOTAL            0.3   1985
TOTALS            0.0               0.0
SINCE 7/1         0.0
SNOWDEPTH AVG.      0
DAYS >= 1.0         0
GREATEST
 SNOW DEPTH         0
 24 HR TOTAL      0.0

DEGREE DAYS
HEATING TOTAL      27                95     -68
 SINCE 7/1         27               103     -76
COOLING TOTAL     203               117      86
 SINCE 1/1       1332              1097     235
.................................................

WIND (MPH)
AVERAGE WIND SPEED              9.8
HIGHEST WIND SPEED/DIRECTION    33/150    DATE  09/19
HIGHEST GUST SPEED/DIRECTION    39/160    DATE  09/19

SKY COVER
AVERAGE SKY COVER           0.50


WEATHER CONDITIONS. NUMBER OF DAYS WITH
THUNDERSTORM              6     MIXED PRECIP               0
HEAVY RAIN                2     RAIN                       4
LIGHT RAIN                7     FREEZING RAIN              0
LT FREEZING RAIN          0     HAIL                       0
HEAVY SNOW                0     SNOW                       0
LIGHT SNOW                0     SLEET                      0
FOG                      10     FOG W/VIS <= 1/4 MILE      2
HAZE                      2

-  INDICATES NEGATIVE NUMBERS.
R  INDICATES RECORD WAS SET OR TIED.
MM INDICATES DATA IS MISSING.
T  INDICATES TRACE AMOUNT.
>= INDICATES GREATER THAN OR EQUAL TO.
<= INDICATES LESS THAN OR EQUAL TO.

&&

...SEPTEMBER WAS THE 16TH WARMEST ON RECORD IN OMAHA...WITH NEAR-
NORMAL RAINFALL...

THE AVERAGE TEMPERATURE OF 70.6 DEGREES WAS THE 16TH WARMEST
SEPTEMBER ON RECORD IN OMAHA, WITH SEVEN DAYS REACHING 90 DEGREES OR
HIGHER AND WITH A COUPLE OF WARM MINIMUM TEMPERATURES SETTING DAILY
RECORDS. THE TOTAL PRECIPITATION OF 2.59 INCHES WAS VERY CLOSE TO
NORMAL AND RANKED RIGHT IN THE MIDDLE OF THE RECORDS, WITH NO RAIN
RECORDED IN THE FIRST HALF OF THE MONTH AND ALL RAIN FALLING ON FIVE
DAYS BETWEEN THE 16TH AND 26TH.

THE MONTH STARTED ON THE COOL SIDE, WITH A FEW NEAR- TO JUST ABOVE-
NORMAL DAYS BEFORE TEMPERATURES TOOK A COOL TURN ON THE 4TH THROUGH
THE 7TH. LOWS ON TWO OF THOSE DAYS REACHED THE UPPER 40S. WARM
TEMPERATURES EMERGED FROM THE 8TH THROUGH THE 25TH, WITH JUST ONE
DAY (THE 17TH) FALLING BELOW NORMAL. TEMPERATURES REACHED THE 90S ON
THE 13TH THROUGH THE 15TH, WITH THE WARMEST READING OF THE MONTH ON
THE 14TH AT 96 DEGREES. THE FIRST RAINFALL OF THE MONTH DIDN`T OCCUR
UNTIL THE 16TH, WITH 1.05 INCHES OF RAIN MEASURED ALONG WITH
REPORTED THUNDER.  THE COOLER WEATHER THAT FOLLOWED THIS RAIN DIDN`T
LAST LONG, WITH TEMPERATURES REBOUNDING ON THE 18TH DESPITE 0.26
INCHES OF RAIN IN THUNDERSTORMS AGAIN.  PARTICULARLY WARM WEATHER
ARRIVED FROM THE 19TH THROUGH THE 24TH. TEMPERATURES REACHED 90
DEGREES OR HIGHER ON FOUR OF THOSE SIX DAYS - THE 19TH AND THE 21ST
THROUGH 23RD. ADDITIONALLY, THE WARM MINIMUM TEMPERATURE OF 77
DEGREES ON THE 22ND SET A DAILY RECORD, BEATING A RECORD SET JUST
LAST YEAR, AND THE WARM MINIMUM TEMPERATURE OF 72 ON THE 23RD TIED A
DAILY RECORD.

A WET FEW DAYS ARRIVED ON THE 24TH TO 26TH, WITH 1.28 INCHES TOTAL
ON THOSE THREE DAYS ALONE. WHILE TEMPERATURES STARTED WARM ON THE
24TH, MUCH COOLER WEATHER ARRIVED ON THE 25TH, WITH DAYTIME HIGHS
BARELY EXCEEDING THE LOWS THE NIGHT BEFORE. TEMPERATURES DID RISE
BACK ABOVE NORMAL AGAIN ON THE 28TH THROUGH THE REST OF THE MONTH.
LOW TEMPERATURES OF 47 DEGREES ON THE 28TH AND 29TH WERE THE COOLEST
READINGS OF THE MONTH, MARKING THE 5TH WARMEST MONTHLY MINIMUM
TEMPERATURES IN SEPTEMBER.


DAILY RECORDS SET IN SEPTEMBER 2017:
DATE          RECORD           READING  PREVIOUS RECORD
SEPTEMBER 22  WARM MIN TEMP     77      73 (2016)
SEPTEMBER 23  WARM MIN TEMP     72      72 (TIES WITH 1892)

$$

MAYES/KLISH
