000
CXUS53 KOAX 200145 CCA
CLMOMA

CLIMATE REPORT...CORRECTION
NATIONAL WEATHER SERVICE OMAHA NEBRASKA
224 PM CDT WED JUL 1 2015

...CORRECTED WEATHER CONDITIONS FOR FOG AND HAZE...

...................................

...THE OMAHA EPPLEY, NEBRASKA CLIMATE SUMMARY FOR THE MONTH OF JUNE 2015...

CLIMATE NORMAL PERIOD 1981 TO 2010
CLIMATE RECORD PERIOD 1871 TO 2015

WEATHER         OBSERVED          NORMAL  DEPART
                 VALUE   DATE(S)  VALUE   FROM
                                          NORMAL
................................................
TEMPERATURE (F)
HIGHEST            97   06/09
LOWEST             54   06/01
AVG. MAXIMUM     83.4              83.2     0.2
AVG. MINIMUM     63.4              61.0     2.4
MEAN             73.4              72.1     1.3
DAYS MAX >= 90      4
DAYS MAX <= 32      0
DAYS MIN <= 32      0
DAYS MIN <= 0       0

PRECIPITATION (INCHES)
RECORD
 MAXIMUM        12.70   1883
 MINIMUM         0.24   2007
TOTALS           4.61              4.18    0.43
DAILY AVG.       0.15
DAYS >= .01        13
DAYS >= .10         8
DAYS >= .50         3
DAYS >= 1.00        1
GREATEST
 24 HR. TOTAL    2.21   06/10 TO 06/11

SNOWFALL (INCHES)
RECORDS
 TOTAL (HAIL)       T   2008
                        2005
                        2001
TOTALS            0.0               0.0
SINCE 7/1        13.8
SNOWDEPTH AVG.      0
DAYS >= 1.0         0
GREATEST
 SNOW DEPTH         0
 24 HR TOTAL      0.0

DEGREE DAYS
HEATING TOTAL       0                17     -17
 SINCE 7/1       5820              6167    -347
COOLING TOTAL     262               230      32
 SINCE 1/1        308               312      -4
.................................................

WIND (MPH)
AVERAGE WIND SPEED              8.3
HIGHEST WIND SPEED/DIRECTION    32/010    DATE  06/11
HIGHEST GUST SPEED/DIRECTION    40/010    DATE  06/11

SKY COVER
AVERAGE SKY COVER           0.60


WEATHER CONDITIONS. NUMBER OF DAYS WITH
THUNDERSTORM             11     MIXED PRECIP               0
HEAVY RAIN                5     RAIN                       6
LIGHT RAIN               16     FREEZING RAIN              0
LT FREEZING RAIN          0     HAIL                       0
HEAVY SNOW                0     SNOW                       0
LIGHT SNOW                0     SLEET                      0
FOG                       9     FOG W/VIS <= 1/4 MILE      0
HAZE                      3

-  INDICATES NEGATIVE NUMBERS.
R  INDICATES RECORD WAS SET OR TIED.
MM INDICATES DATA IS MISSING.
T  INDICATES TRACE AMOUNT.
>= INDICATES GREATER THAN OR EQUAL TO.
<= INDICATES LESS THAN OR EQUAL TO.


&&

...JUNE WAS WETTER AND SLIGHTLY WARMER THAN NORMAL IN OMAHA...

JUNE WAS WETTER THAN NORMAL IN OMAHA...WITH PRECIPITATION OF 4.61
INCHES COMING IN 0.43 INCHES ABOVE NORMAL.  THE AVERAGE TEMPERATURE
OF 73.4 WAS 1.3 DEGREES ABOVE NORMAL.

THE FIRST HALF OF THE MONTH WAS ESPECIALLY RAINY...WITH MORE
PERSISTENT ABOVE-NORMAL TEMPERATURES.  FROM THE 1ST THROUGH THE
15TH...MEASURABLE RAIN FELL ON 8 DAYS...TOTALING 4.22 INCHES.  THE
RAINIEST DAY OF THE MONTH WAS THE 11TH...WITH 1.91 INCHES OF RAIN AT
EPPLEY AIRFIELD.  THE COLDEST TEMPERATURES OF THE MONTH OCCURRED ON
THE 1ST...WITH A LOW OF 54...WHILE THE 12TH WAS ON THE COOL SIDE...
WITH A HIGH OF ONLY 68 DEGREES.  THE WARMEST TEMPERATURE OF THE
MONTH ALSO OCCURRED DURING THAT FIRST HALF...WITH 97 DEGREES ON THE
9TH MARKING THE FIRST 90+ DEGREE READING OF 2015.

FROM THE 16TH THROUGH THE 30TH...RAINFALL WAS MORE SPORADIC AND
GENERALLY ON THE LIGHTER SIDE...AND TEMPERATURES FLUCTUATED JUST A
FEW DEGREES ABOVE AND BELOW NORMAL.  TEMPERATURES REACHED 90 OR
GREATER TWO MORE TIMES...ON THE 20TH AND THE 22ND.  MEASURABLE RAIN
FELL ON 4 DAYS...TOTALLING 0.39 INCHES...WITH MOST OF THAT FALLING
ON THE 24TH AND THE 30TH.

OVERALL...JUNE WAS NOTABLE FOR BEING A FAIRLY QUIET MONTH...WITH AN
ABSENCE OF SEVERE THUNDERSTORMS...TEMPERATURE EXTREMES...OR
SIGNIFICANT FLOODING.


DAILY RECORDS SET IN JUNE 2015:
DATE         RECORD           READING  PREVIOUS RECORD
NO RECORDS SET IN JUNE

$$

MAYES/JEK/TL
