000
CXUS56 KOTX 012031
CLMOMK


CLIMATE REPORT
NATIONAL WEATHER SERVICE SPOKANE, WA
1227 PM PST MON FEB 1 2016

...................................

...THE OMAK WA AIRPORT CLIMATE SUMMARY FOR THE MONTH OF JANUARY 2016...

CLIMATE NORMAL PERIOD 1981 TO 2010
CLIMATE RECORD PERIOD 9999 TO 9999

WEATHER         OBSERVED          NORMAL  DEPART  LAST YEAR`S
                 VALUE   DATE(S)  VALUE   FROM    VALUE  DATE(S)
                                          NORMAL
................................................................
TEMPERATURE (F)
RECORD
 HIGH              61   01/13/2014
 LOW              -22   01/25/1949
HIGHEST            41   01/22        MM      MM       47  01/18
LOWEST             -6   01/01        MM      MM        9  01/03
                                                          01/01
AVG. MAXIMUM     31.7              33.0    -1.3     34.7
AVG. MINIMUM     25.1              20.6     4.5     26.7
MEAN             28.4              26.8     1.6     30.7
DAYS MAX >= 90      0               0.0     0.0        0
DAYS MAX <= 32     12              11.6     0.4        8
DAYS MIN <= 32     30              28.9     1.1       28
DAYS MIN <= 0       2               1.3     0.7        0

PRECIPITATION (INCHES)
RECORD
 MAXIMUM         3.31   1959
 MINIMUM         0.02   2008
TOTALS           2.28              1.89    0.39     0.73
DAILY AVG.       0.07              0.06    0.01     0.02
DAYS >= .01        17                MM      MM        6
DAYS >= .10         9                MM      MM        3
DAYS >= .50         0                MM      MM        0
DAYS >= 1.00        0                MM      MM        0
GREATEST
 24 HR. TOTAL    0.51   01/12 TO 01/13           01/17 TO 01/18
                                                          01/18 TO 01/18
                                                          01/18 TO 01/18

SNOWFALL (INCHES)
RECORDS
 TOTAL           21.5   1933
TOTALS             MM                MM      MM       MM
SINCE 7/1          MM                MM      MM       MM
SNOWDEPTH AVG.     MM                MM      MM       MM
DAYS >= 1.0        MM                MM      MM        0
GREATEST
 SNOW DEPTH        MM                                 MM  MM
 24 HR TOTAL       MM                                 MM

DEGREE_DAYS
HEATING TOTAL    1127              1184     -57     1051
 SINCE 7/1       3579              3933    -354     3499
COOLING TOTAL       0                 0       0        0
 SINCE 1/1          0                 0       0        0
.........................................................

WIND (MPH)
AVERAGE WIND SPEED              3.3
HIGHEST WIND SPEED/DIRECTION    17/350    DATE  01/23
HIGHEST GUST SPEED/DIRECTION    19/350    DATE  01/23

SKY COVER
POSSIBLE SUNSHINE (PERCENT)   MM
AVERAGE SKY COVER           0.90
NUMBER OF DAYS FAIR            0
NUMBER OF DAYS PC              4
NUMBER OF DAYS CLOUDY         27

AVERAGE RH (PERCENT)     90

WEATHER CONDITIONS. NUMBER OF DAYS WITH
THUNDERSTORM              0     MIXED PRECIP               0
HEAVY RAIN                0     RAIN                       0
LIGHT RAIN                8     FREEZING RAIN              0
LT FREEZING RAIN          3     HAIL                       0
HEAVY SNOW                0     SNOW                       4
LIGHT SNOW               16     SLEET                      0
FOG                      31     FOG W/VIS <= 1/4 MILE     17
HAZE                      3

-  INDICATES NEGATIVE NUMBERS.
R  INDICATES RECORD WAS SET OR TIED.
MM INDICATES DATA IS MISSING.
T  INDICATES TRACE AMOUNT.

$$
