000
CXUS56 KOTX 011234
CLMOMK


CLIMATE REPORT
NATIONAL WEATHER SERVICE SPOKANE, WA
534 AM PDT MON MAY 1 2017

...................................

...THE OMAK WA AIRPORT CLIMATE SUMMARY FOR THE MONTH OF APRIL 2017...

CLIMATE NORMAL PERIOD 1981 TO 2010
CLIMATE RECORD PERIOD 9999 TO 9999

WEATHER         OBSERVED          NORMAL  DEPART  LAST YEAR`S
                 VALUE   DATE(S)  VALUE   FROM    VALUE  DATE(S)
                                          NORMAL
................................................................
TEMPERATURE (F)
RECORD
 HIGH              96   04/23/1934
 LOW               15   04/02/1936
HIGHEST            66   04/30        MM      MM       85  04/20
                        04/28
                        04/26
LOWEST             28   04/11        MM      MM       33  04/15
                                                          04/05
AVG. MAXIMUM     59.7              63.4    -3.7     70.7
AVG. MINIMUM     36.7              36.7     0.0     42.5
MEAN             48.2              50.0    -1.8     56.6
DAYS MAX >= 90      0               0.0     0.0        0
DAYS MAX <= 32      0               0.0     0.0        0
DAYS MIN <= 32      8               6.9     1.1        0
DAYS MIN <= 0       0               0.0     0.0        0

PRECIPITATION (INCHES)
RECORD
 MAXIMUM         2.72   1948
 MINIMUM         0.01   1931
TOTALS           2.66              1.04    1.62     0.53
DAILY AVG.       0.09              0.03    0.06     0.02
DAYS >= .01        12                MM      MM        4
DAYS >= .10         7                MM      MM        2
DAYS >= .50         2                MM      MM        0
DAYS >= 1.00        0                MM      MM        0
GREATEST
 24 HR. TOTAL    0.90   04/06 TO 04/07           04/14 TO 04/14
                                                          04/14 TO 04/14
                                                          04/14 TO 04/14

SNOWFALL (INCHES)
RECORDS
 TOTAL            0.5   1950
TOTALS             MM                MM      MM       MM
SINCE 7/1         0.0                MM      MM       MM
SNOWDEPTH AVG.     MM                MM      MM       MM
DAYS >= 1.0        MM                MM      MM        0
GREATEST
 SNOW DEPTH        MM                                 MM  MM
 24 HR TOTAL      0.0   04/23 TO 04/23                MM

DEGREE_DAYS
HEATING TOTAL     496               449      47      249
 SINCE 7/1       6198              6039     159     5275
COOLING TOTAL       0                 1      -1        5
 SINCE 1/1          0                 1      -1        5
.....................................................

WIND (MPH)
AVERAGE WIND SPEED              7.2
HIGHEST WIND SPEED/DIRECTION    29/180    DATE  04/07
HIGHEST GUST SPEED/DIRECTION    37/180    DATE  04/17

SKY COVER
POSSIBLE SUNSHINE (PERCENT)   MM
AVERAGE SKY COVER           0.40
NUMBER OF DAYS FAIR           12
NUMBER OF DAYS PC             15
NUMBER OF DAYS CLOUDY          3

AVERAGE RH (PERCENT)     57

WEATHER CONDITIONS. NUMBER OF DAYS WITH
THUNDERSTORM              0     MIXED PRECIP               0
HEAVY RAIN                1     RAIN                       4
LIGHT RAIN               14     FREEZING RAIN              0
LT FREEZING RAIN          0     HAIL                       0
HEAVY SNOW                0     SNOW                       1
LIGHT SNOW                1     SLEET                      0
FOG                       6     FOG W/VIS <= 1/4 MILE      0
HAZE                      1

-  INDICATES NEGATIVE NUMBERS.
R  INDICATES RECORD WAS SET OR TIED.
MM INDICATES DATA IS MISSING.
T  INDICATES TRACE AMOUNT.

$$
