000
CXUS51 KBOX 021857
CLMORH


CLIMATE REPORT
NATIONAL WEATHER SERVICE TAUNTON MA
232 PM EDT TUE JUN 2 2015

...................................

...THE WORCESTER MA CLIMATE SUMMARY FOR THE MONTH OF MAY 2015...

CLIMATE NORMAL PERIOD 1981 TO 2010
CLIMATE RECORD PERIOD 1892 TO 2015

WEATHER         OBSERVED          NORMAL  DEPART
                 VALUE   DATE(S)  VALUE   FROM
                                          NORMAL
................................................
TEMPERATURE (F)
RECORD
 HIGH              94   05/26/2010
 LOW               27   05/19/1944
HIGHEST            85   05/27
                        05/10
LOWEST             37   05/23
AVG. MAXIMUM     74.4              65.9     8.5
AVG. MINIMUM     50.7              46.8     3.9
MEAN             62.6              56.3     6.3
DAYS MAX >= 90      0               0.1    -0.1
DAYS MAX <= 32      0               0.0     0.0
DAYS MIN <= 32      0               0.2    -0.2
DAYS MIN <= 0       0               0.0     0.0

PRECIPITATION (INCHES)
RECORD
 MAXIMUM         9.94   1984
 MINIMUM         0.60   2015
TOTALS           0.60R             4.19   -3.59
DAYS >= .01         5              13.6    -8.6
DAYS >= .10         2               8.3    -6.3
DAYS >= .50         0               3.0    -3.0
DAYS >= 1.00        0               1.0    -1.0
GREATEST
 24 HR. TOTAL    0.45   05/31 TO 05/31

SNOWFALL (INCHES)
RECORDS
 TOTAL           12.7   1977
 SNOW DEPTH        MM   MM
TOTALS            0.0                 T     0.0
SINCE 7/1       119.7              64.1    55.6
SNOWDEPTH AVG.     MM
GREATEST
 SNOW DEPTH        MM
 24 HR TOTAL      0.0   05/31 TO 05/31

DEGREE_DAYS
HEATING TOTAL     134               287    -153
 SINCE 7/1       6892              6634     258
COOLING TOTAL      66                19      47
 SINCE 1/1         66                22      44
.................................................

WIND (MPH)
AVERAGE WIND SPEED              10.8
RESULTANT WIND SPEED/DIRECTION   6/249
HIGHEST WIND SPEED/DIRECTION    33/300    DATE  05/20
HIGHEST GUST SPEED/DIRECTION    44/280    DATE  05/13

SKY COVER
POSSIBLE SUNSHINE (PERCENT)   MM
AVERAGE SKY COVER           0.30
NUMBER OF DAYS FAIR           18
NUMBER OF DAYS PC              9
NUMBER OF DAYS CLOUDY          4

AVERAGE RH (PERCENT)     57

WEATHER CONDITIONS. NUMBER OF DAYS WITH
THUNDERSTORM              0     MIXED PRECIP               0
HEAVY RAIN                1     RAIN                       2
LIGHT RAIN                9     FREEZING RAIN              0
LT FREEZING RAIN          0     HAIL                       0
HEAVY SNOW                0     SNOW                       0
LIGHT SNOW                0     SLEET                      0
FOG                       8     FOG W/VIS <= 1/4 MILE      4
HAZE                      4

-  INDICATES NEGATIVE NUMBERS.
R  INDICATES RECORD WAS SET OR TIED.
MM INDICATES DATA IS MISSING.
T  INDICATES TRACE AMOUNT.

$$
