209
CXUS51 KBOX 011315
CLMORH


CLIMATE REPORT
NATIONAL WEATHER SERVICE TAUNTON MA
806 AM EST WED FEB 1 2017

...................................

...THE WORCESTER MA CLIMATE SUMMARY FOR THE MONTH OF JANUARY 2017...

CLIMATE NORMAL PERIOD 1981 TO 2010
CLIMATE RECORD PERIOD 1892 TO 2017

WEATHER         OBSERVED          NORMAL  DEPART
                 VALUE   DATE(S)  VALUE   FROM
                                          NORMAL
................................................
TEMPERATURE (F)
RECORD
 HIGH              67   01/26/1950
                        01/15/1932
 LOW              -19   01/15/1957
HIGHEST            57   01/12
LOWEST              2   01/09
AVG. MAXIMUM     35.7              31.3     4.4
AVG. MINIMUM     23.9              16.8     7.1
MEAN             29.8              24.1     5.7
DAYS MAX >= 90      0               0.0     0.0
DAYS MAX <= 32      9              16.6    -7.6
DAYS MIN <= 32     27              28.5    -1.5
DAYS MIN <= 0       0               2.2    -2.2

PRECIPITATION (INCHES)
RECORD
 MAXIMUM        11.16   1979
 MINIMUM         0.59   1955
TOTALS           3.91              3.49    0.42
DAYS >= .01        17              12.5     4.5
DAYS >= .10        11               6.7     4.3
DAYS >= .50         2               2.4    -0.4
DAYS >= 1.00        0               0.8    -0.8
GREATEST
 24 HR. TOTAL    0.89   01/03 TO 01/04

SNOWFALL (INCHES)
RECORDS
 TOTAL           50.9   2005
 SNOW DEPTH        35   01/31/1966
TOTALS           14.9              17.1    -2.2
SINCE 7/1        32.4              34.3    -1.9
SNOWDEPTH AVG.     MM
GREATEST
 SNOW DEPTH        MM
 24 HR TOTAL      4.8   01/07 TO 01/07

DEGREE_DAYS
HEATING TOTAL    1084              1269    -185
 SINCE 7/1       3361              3773    -412
COOLING TOTAL       0                 0       0
 SINCE 1/1          0                 0       0
.................................................

WIND (MPH)
AVERAGE WIND SPEED              11.3
RESULTANT WIND SPEED/DIRECTION   6/274
HIGHEST WIND SPEED/DIRECTION    37/220    DATE  01/11
HIGHEST GUST SPEED/DIRECTION    46/050    DATE  01/24

SKY COVER
POSSIBLE SUNSHINE (PERCENT)   MM
AVERAGE SKY COVER           0.60
NUMBER OF DAYS FAIR            6
NUMBER OF DAYS PC             15
NUMBER OF DAYS CLOUDY         10

AVERAGE RH (PERCENT)     71

WEATHER CONDITIONS. NUMBER OF DAYS WITH
THUNDERSTORM              1     MIXED PRECIP               0
HEAVY RAIN                1     RAIN                       7
LIGHT RAIN               11     FREEZING RAIN              2
LT FREEZING RAIN          4     HAIL                       0
HEAVY SNOW                3     SNOW                       6
LIGHT SNOW               12     SLEET                      0
FOG                      19     FOG W/VIS <= 1/4 MILE      8
HAZE                      4

-  INDICATES NEGATIVE NUMBERS.
R  INDICATES RECORD WAS SET OR TIED.
MM INDICATES DATA IS MISSING.
T  INDICATES TRACE AMOUNT.

$$

SIPPRELL
