000
CXUS51 KBOX 011235
CLMORH


CLIMATE REPORT
NATIONAL WEATHER SERVICE TAUNTON MA
826 AM EDT FRI SEP 1 2017

...................................

...THE WORCESTER MA CLIMATE SUMMARY FOR THE MONTH OF AUGUST 2017...

CLIMATE NORMAL PERIOD 1981 TO 2010
CLIMATE RECORD PERIOD 1892 TO 2017

WEATHER         OBSERVED          NORMAL  DEPART
                 VALUE   DATE(S)  VALUE   FROM
                                          NORMAL
................................................
TEMPERATURE (F)
RECORD
 HIGH              99   08/12/1944
 LOW               38   08/30/1965
                        08/29/1941
HIGHEST            86   08/22
LOWEST             52   08/31
AVG. MAXIMUM     76.5              77.3    -0.8
AVG. MINIMUM     59.8              60.4    -0.6
MEAN             68.2              68.8    -0.6
DAYS MAX >= 90      0               0.5    -0.5
DAYS MAX <= 32      0               0.0     0.0
DAYS MIN <= 32      0               0.0     0.0
DAYS MIN <= 0       0               0.0     0.0

PRECIPITATION (INCHES)
RECORD
 MAXIMUM        18.68   1955
 MINIMUM         0.90   1944
TOTALS           1.59              3.71   -2.12
DAYS >= .01        10              10.1    -0.1
DAYS >= .10         3               6.1    -3.1
DAYS >= .50         2               2.5    -0.5
DAYS >= 1.00        0               1.1    -1.1
GREATEST
 24 HR. TOTAL    0.57   08/02 TO 08/02

SNOWFALL (INCHES)
RECORDS
 TOTAL             MM   MM
 SNOW DEPTH        MM   MM
TOTALS            0.0               0.0     0.0
SINCE 7/1         0.0               0.0     0.0
SNOWDEPTH AVG.     MM
GREATEST
 SNOW DEPTH        MM
 24 HR TOTAL      0.0   08/31 TO 08/31

DEGREE_DAYS
HEATING TOTAL      19                25      -6
 SINCE 7/1         48                39       9
COOLING TOTAL     124               145     -21
 SINCE 1/1        431               426       5
.................................................

WIND (MPH)
AVERAGE WIND SPEED              8.1
RESULTANT WIND SPEED/DIRECTION   5/261
HIGHEST WIND SPEED/DIRECTION    25/290    DATE  08/31
HIGHEST GUST SPEED/DIRECTION    33/220    DATE  08/22

SKY COVER
POSSIBLE SUNSHINE (PERCENT)   MM
AVERAGE SKY COVER           0.30
NUMBER OF DAYS FAIR           17
NUMBER OF DAYS PC             11
NUMBER OF DAYS CLOUDY          3

AVERAGE RH (PERCENT)     66

WEATHER CONDITIONS. NUMBER OF DAYS WITH
THUNDERSTORM              4     MIXED PRECIP               0
HEAVY RAIN                3     RAIN                       4
LIGHT RAIN               14     FREEZING RAIN              0
LT FREEZING RAIN          0     HAIL                       0
HEAVY SNOW                0     SNOW                       0
LIGHT SNOW                0     SLEET                      0
FOG                      14     FOG W/VIS <= 1/4 MILE      6
HAZE                      2

-  INDICATES NEGATIVE NUMBERS.
R  INDICATES RECORD WAS SET OR TIED.
MM INDICATES DATA IS MISSING.
T  INDICATES TRACE AMOUNT.

$$

SIPPRELL
