083
CXAK59 PAOT 010838
CLMOTZ

CLIMATE REPORT
NATIONAL WEATHER SERVICE KOTZEBUE, AK
1238 AM AKDT MON AUG 1 2016

...................................

...THE KOTZEBUE WSO AP CLIMATE SUMMARY FOR THE MONTH OF JULY 2016...

CLIMATE NORMAL PERIOD 1981 TO 2010
CLIMATE RECORD PERIOD 1898 TO 2016

WEATHER         OBSERVED          NORMAL  DEPART  LAST YEAR`S
                 VALUE   DATE(S)  VALUE   FROM    VALUE  DATE(S)
                                          NORMAL
................................................................
TEMPERATURE (F)
RECORD
 HIGH              85   7/05/1958
 LOW               30   7/02/1976
HIGHEST            73   7/14         66       7      79  7/06
LOWEST             43                36       7      48  7/27
AVG. MAXIMUM       61.4              59.5     1.9    63.6
AVG. MINIMUM       51.9              49.7     2.2    53.8
MEAN               56.6              54.6     2.0    58.7
DAYS MAX >= 90      0                 0.0     0.0     0
DAYS MAX <= 32      0                 0.0     0.0     0
DAYS MAX >= 80      0                 0.1    -0.1     0
DAYS MAX >= 70      3                 2.8     0.2     7
DAYS MIN <= 32      0                 0.0    -0.0     0
DAYS MIN <= 0       0                 0.0     0.0     0

PRECIPITATION (INCHES)
RECORD
 MAXIMUM            3.65   2012
 MINIMUM            0.00   1995
TOTALS              1.44              1.45   -0.01    0.35
DAILY AVG.          0.05              0.05    0.00    0.01
DAYS >= .01         8                 9.5    -1.5     8
DAYS >= .10         5                 3.8     1.2     1
DAYS >= .50         0                 0.4    -0.4     0
DAYS >= 1.0         0                 0.0    -0.0     0
GREATEST
 24 HR TOTAL        0.45   7/20                       0.11  7/16

SNOWFALL (INCHES)
RECORDS
 TOTAL              0.2   2002
 24 HR TOTAL        0.2   7-02-2002
 SNOW DEPTH         0     7-01-2002
TOTALS              0.0               0.0     0.0     0.0
SINCE 7/1           0.0               0.0     0.0     0.0
SNOWDEPTH AVG.      0                 0       0       0
DAYS >= TRACE       0                 0.1    -0.1     0
DAYS >= 1.0         0                 0.0     0.0     0
DAYS >= 6.0         0                 0.0     0.0     0
GREATEST
 SNOW DEPTH         0   MM                            0  MM
 24 HR TOTAL      0.0   MM                          0.0  MM

DEGREE_DAYS
HEATING TOTAL     257               326     -69     196
 SINCE 7/1        257               326     -69     196
COOLING TOTAL       5                 0       5      10
 SINCE 1/1          5                 0       5      14
................................................................

WIND (MPH)
AVERAGE WIND SPEED               10.1
HIGHEST WIND SPEED/DIRECTION     28/300    DATE   07/30
HIGHEST GUST SPEED/DIRECTION     33/300    DATE   07/30

SKY COVER
POSSIBLE SUNSHINE (PERCENT)   MM
AVERAGE SKY COVER             MM
NUMBER OF DAYS FAIR           MM
NUMBER OF DAYS PC             MM
NUMBER OF DAYS CLOUDY         MM

AVERAGE RH (PERCENT)     MM

WEATHER CONDITIONS. NUMBER OF DAYS WITH
THUNDERSTORM              0     ICE PELLETS                 0
RAIN                     13     GLAZE                       0
DRIZZLE                   0     HAIL                        0
SNOW                      0     HAZE                        1
FOG                      10     FOG W/VIS <= 1/4 MILE       2
BLOWING SNOW              0


-  INDICATES NEGATIVE NUMBERS.
R  INDICATES RECORD WAS SET OR TIED.
MM INDICATES DATA IS MISSING.
T  INDICATES TRACE AMOUNT.

&&

JULY TEMPERATURES WERE SLIGHTLY ABOVE AVERAGE FOR THE MONTH WITH THE AVERAGE HIGH
BEING 61.4 DEGREES WHICH WAS 1.9 DEGREES WARMER THAN NORMAL.  NO RECORD HIGH
TEMPERATURES WERE RECORDED FOR THE MONTH HOWEVER KOTZEBUE DID SEE ONE HIGH MINIMUM
TEMPERATURE RECORD BROKEN. THERE WERE 13 DAYS THAT HAD MEASURABLE RAINFALL HOWEVER
WE WERE STILL BELOW THE MONTHLY AVERAGE BY 0.01 INHCHES. THERE WERE 10 DAYS WITH
FOG AND ONLY 2 OF THOSE DAYS HAD FOG DECREASING VISIBILITY TO 1/4 MILE OR LOWER.


$$
SV AUG 16
