000
CXUS53 KDDC 012145
CLMP28


CLIMATE REPORT
NATIONAL WEATHER SERVICE DODGE CITY KS
440 PM CDT THU JUN 1 2017

...................................

...THE MEDICINE LODGE KS CLIMATE SUMMARY FOR THE MONTH OF MAY 2017...

CLIMATE NORMAL PERIOD 1981 TO 2010
CLIMATE RECORD PERIOD 1893 TO 2017

WEATHER         OBSERVED          NORMAL  DEPART  LAST YEAR`S
                 VALUE   DATE(S)  VALUE   FROM    VALUE  DATE(S)
                                          NORMAL
................................................................
TEMPERATURE (F)
RECORD
 HIGH             106   05/31/1953
 LOW               20   05/01/1907
HIGHEST            90   05/31        MM      MM       94  05/25
LOWEST             40   05/21        MM      MM       37  05/03
AVG. MAXIMUM     79.1              79.0     0.1     76.7
AVG. MINIMUM     53.1              55.0    -1.9     52.4
MEAN             66.1              67.0    -0.9     64.6
DAYS MAX >= 90      1               3.2    -2.2        2
DAYS MAX <= 32      0               0.0     0.0        0
DAYS MIN <= 32      0               0.0     0.0        0
DAYS MIN <= 0       0               0.0     0.0        0

PRECIPITATION (INCHES)
RECORD
 MAXIMUM        11.95   1935
 MINIMUM         0.18   1948
TOTALS           5.18              3.30    1.88     2.28
DAYS >= .01        10               9.2     0.8       10
DAYS >= .10         7               5.7     1.3        6
DAYS >= .50         3               2.2     0.8        1
DAYS >= 1.00        2               0.9     1.1        0
GREATEST
 24 HR. TOTAL    1.90   05/11 TO 05/11           05/16 TO 05/17
                                                          05/31 TO 05/31
                                                          05/31 TO 05/31

DEGREE_DAYS
HEATING TOTAL      37                70     -33      109
 SINCE 7/1       3711              4455    -744     3601
COOLING TOTAL      58               132     -74      101
 SINCE 1/1         98               156     -58      137
..................................................

WIND (MPH)
AVERAGE WIND SPEED              9.4
HIGHEST WIND SPEED/DIRECTION    29/230    DATE  05/17
HIGHEST GUST SPEED/DIRECTION    50/150    DATE  05/16



-  INDICATES NEGATIVE NUMBERS.
R  INDICATES RECORD WAS SET OR TIED.
MM INDICATES DATA IS MISSING.
T  INDICATES TRACE AMOUNT.

$$
