000
CXUS52 KMFL 010835
CLMPBI


CLIMATE REPORT
NATIONAL WEATHER SERVICE MIAMI, FL
431 AM EDT THU SEP 1 2016

...................................

...THE WEST PALM BEACH CLIMATE SUMMARY FOR THE MONTH OF AUGUST 2016...

CLIMATE NORMAL PERIOD 1981 TO 2010
CLIMATE RECORD PERIOD 1888 TO 2016

WEATHER         OBSERVED          NORMAL  DEPART  LAST YEAR`S
                 VALUE   DATE(S)  VALUE   FROM    VALUE
                                          NORMAL
.............................................................
TEMPERATURE (F)
RECORD
 HIGH              99   08/13/2006
                        08/25/1924
 LOW               65   08/24/1957
                        08/03/1920
HIGHEST            95   08/04                         93
LOWEST             74   08/30                         72
AVG. MAXIMUM     91.4              90.1     1.3     90.5
AVG. MINIMUM     78.6              75.9     2.7     75.4
MEAN             85.0              83.0     2.0     83.0
DAYS MAX >= 90     28                                 26
DAYS MAX <= 32      0                                  0
DAYS MIN <= 32      0                                  0
DAYS MIN <= 0       0                                  0

PRECIPITATION (INCHES)
RECORD
 MAXIMUM        22.66   2012
 MINIMUM         0.91   1938
TOTALS           6.70              7.95   -1.25     7.08
DAILY AVG.       0.22              0.26   -0.04     0.23
DAYS >= .01        19                                 17
DAYS >= .10        12                                 11
DAYS >= .50         3                                  5
DAYS >= 1.00        2                                  2
GREATEST
 24 HR. TOTAL    2.03   08/30 TO 08/30              2.01

DEGREE_DAYS
HEATING TOTAL       0                 0       0        0
 SINCE 7/1          0                 0       0        0
COOLING TOTAL     626               558      68      565
 SINCE 1/1       3121              2706     415     3214
..............................................................

WIND (MPH)
AVERAGE WIND SPEED              8.8
HIGHEST WIND SPEED/DIRECTION    29/100    DATE  08/25
HIGHEST GUST SPEED/DIRECTION    36/250    DATE  08/06

SKY COVER
POSSIBLE SUNSHINE (PERCENT)   MM
AVERAGE SKY COVER           0.60
NUMBER OF DAYS FAIR            1
NUMBER OF DAYS PC             26
NUMBER OF DAYS CLOUDY          4

AVERAGE RH (PERCENT)     71

WEATHER CONDITIONS. NUMBER OF DAYS WITH
THUNDERSTORM             23     MIXED PRECIP               0
HEAVY RAIN                7     RAIN                       9
LIGHT RAIN               19     FREEZING RAIN              0
LT FREEZING RAIN          0     HAIL                       0
HEAVY SNOW                0     SNOW                       0
LIGHT SNOW                0     SLEET                      0
FOG                       7     FOG W/VIS <= 1/4 MILE      0
HAZE                      0

-  INDICATES NEGATIVE NUMBERS.
R  INDICATES RECORD WAS SET OR TIED.
MM INDICATES DATA IS MISSING.
T  INDICATES TRACE AMOUNT.

$$
