000
CXUS55 KPIH 021403
CLMPIH

CLIMATE REPORT
NATIONAL WEATHER SERVICE POCATELLO ID
759 AM MDT SAT JUL 2 2016

...................................

...THE POCATELLO CLIMATE SUMMARY FOR THE MONTH OF JUNE 2016...

CLIMATE NORMAL PERIOD 1981 TO 2010
CLIMATE RECORD PERIOD 1939 TO 2016

WEATHER         OBSERVED          NORMAL  DEPART  LAST YEAR`S
                 VALUE   DATE(S)  VALUE   FROM    VALUE  DATE(S)
                                          NORMAL
................................................................
TEMPERATURE (F)
RECORD
 HIGH             103   06/25/1988
                        06/19/1940
 LOW               28   06/07/1995
HIGHEST            96   06/28       103      -7      101  06/28
                        06/27
LOWEST             37   06/17        28       9       43  06/06
                        06/01
AVG. MAXIMUM     85.2              77.8     7.4     85.9
AVG. MINIMUM     47.5              46.5     1.0     50.6
MEAN             66.3              62.1     4.2     68.3
DAYS MAX >= 90     12               2.5     9.5        9
DAYS MAX <= 32      0               0.0     0.0        0
DAYS MIN <= 32      0               0.2    -0.2        0
DAYS MIN <= 0       0               0.0     0.0        0

PRECIPITATION (INCHES)
RECORD
 MAXIMUM         4.00   2009
 MINIMUM         0.02   1974
TOTALS           0.05              0.99   -0.94     0.21
DAILY AVG.       0.00              0.03   -0.03     0.01
DAYS >= .01         3               6.6    -3.6        4
DAYS >= .10         0               2.6    -2.6        1
DAYS >= .50         0               0.5    -0.5        0
DAYS >= 1.00        0               0.0     0.0        0
GREATEST
 24 HR. TOTAL    0.03   06/30 TO 06/30              0.18

SNOWFALL (INCHES)
RECORDS
 TOTAL            0.4   1995
TOTALS            0.0                 T     0.0      0.0
SINCE 7/1        33.5              43.4    -9.9     20.3
SNOWDEPTH AVG.      0                MM      MM        0
DAYS >= 1.0         0               0.0     0.0        0
GREATEST
 SNOW DEPTH         0   MM                             0  MM
 24 HR TOTAL      0.0   06/30 TO 06/30               0.0

DEGREE_DAYS
HEATING TOTAL      43               131     -88       28
 SINCE 7/1       6392              7178    -786     5842
COOLING TOTAL      90                46      44      135
 SINCE 1/1         90                51      39      139
.................................................................

WIND (MPH)
AVERAGE WIND SPEED              9.1
HIGHEST WIND SPEED/DIRECTION    31/240    DATE  06/24
HIGHEST GUST SPEED/DIRECTION    37/240    DATE  06/24

SKY COVER
POSSIBLE SUNSHINE (PERCENT)   MM
AVERAGE SKY COVER           0.10
NUMBER OF DAYS FAIR           28
NUMBER OF DAYS PC              2
NUMBER OF DAYS CLOUDY          0

AVERAGE RH (PERCENT)     47

WEATHER CONDITIONS. NUMBER OF DAYS WITH
THUNDERSTORM              3     MIXED PRECIP               0
HEAVY RAIN                0     RAIN                       0
LIGHT RAIN                6     FREEZING RAIN              0
LT FREEZING RAIN          0     HAIL                       0
HEAVY SNOW                0     SNOW                       0
LIGHT SNOW                0     SLEET                      0
FOG                       0     FOG W/VIS <= 1/4 MILE      0
HAZE                      1

-  INDICATES NEGATIVE NUMBERS.
R  INDICATES RECORD WAS SET OR TIED.
MM INDICATES DATA IS MISSING.
T  INDICATES TRACE AMOUNT.
&&

8TH: HIGH OF 94 BREAKS PREVIOUS RECORD OF 91 SET IN 2001.

$$
