000
CXUS55 KPIH 031404
CLMPIH

CLIMATE REPORT
NATIONAL WEATHER SERVICE POCATELLO ID
747 AM MDT MON AUG 3 2015

...................................

...THE POCATELLO CLIMATE SUMMARY FOR THE MONTH OF JULY 2015...

CLIMATE NORMAL PERIOD 1981 TO 2010
CLIMATE RECORD PERIOD 1939 TO 2015

WEATHER         OBSERVED          NORMAL  DEPART  LAST YEAR`S
                 VALUE   DATE(S)  VALUE   FROM    VALUE  DATE(S)
                                          NORMAL
................................................................
TEMPERATURE (F)
RECORD
 HIGH             104   07/22/2000
 LOW               34   07/08/1981
HIGHEST            98   07/03       104      -6       98  07/27
                                                          07/14
                                                          07/04
LOWEST             39   07/29        34       5       39  07/01
                        07/28
AVG. MAXIMUM     85.4              87.8    -2.4     91.7
AVG. MINIMUM     52.9              52.0     0.9     53.6
MEAN             69.2              69.9    -0.7     72.6
DAYS MAX >= 90      8              13.3    -5.3       24
DAYS MAX <= 32      0               0.0     0.0        0
DAYS MIN <= 32      0               0.0     0.0        0
DAYS MIN <= 0       0               0.0     0.0        0

PRECIPITATION (INCHES)
RECORD
 MAXIMUM         2.28   2009
                        1984
 MINIMUM         0.00   2003
                        1988
                        1963
TOTALS           1.38              0.64    0.74     0.46
DAILY AVG.       0.04              0.02    0.02     0.01
DAYS >= .01        11               4.4     6.6        6
DAYS >= .10         6               1.8     4.2        3
DAYS >= .50         0               0.3    -0.3        0
DAYS >= 1.00        0               0.0     0.0        0
GREATEST
 24 HR. TOTAL    0.32   07/23 TO 07/24              0.19

SNOWFALL (INCHES)
RECORDS
 TOTAL            0.0   2010
                        2009
                        2008
TOTALS            0.0               0.0     0.0      0.0
SINCE 7/1         0.0               0.0     0.0      0.0
SNOWDEPTH AVG.      0                MM      MM        0
DAYS >= 1.0         0               0.0     0.0        0
GREATEST
 SNOW DEPTH         0   MM                             0  MM
 24 HR TOTAL      0.0   07/31 TO 07/31               0.0

DEGREE_DAYS
HEATING TOTAL      23                20       3        2
 SINCE 7/1         23                20       3        2
COOLING TOTAL     161               172     -11      247
 SINCE 1/1        300               223      77      267
.................................................................

WIND (MPH)
AVERAGE WIND SPEED              8.0
HIGHEST WIND SPEED/DIRECTION    47/290    DATE  07/23
HIGHEST GUST SPEED/DIRECTION    58/280    DATE  07/23

SKY COVER
POSSIBLE SUNSHINE (PERCENT)   MM
AVERAGE SKY COVER           0.20
NUMBER OF DAYS FAIR           22
NUMBER OF DAYS PC              8
NUMBER OF DAYS CLOUDY          1

AVERAGE RH (PERCENT)     54

WEATHER CONDITIONS. NUMBER OF DAYS WITH
THUNDERSTORM             11     MIXED PRECIP               0
HEAVY RAIN                0     RAIN                       3
LIGHT RAIN               13     FREEZING RAIN              0
LT FREEZING RAIN          0     HAIL                       0
HEAVY SNOW                0     SNOW                       0
LIGHT SNOW                0     SLEET                      0
FOG                       3     FOG W/VIS <= 1/4 MILE      0
HAZE                      0

-  INDICATES NEGATIVE NUMBERS.
R  INDICATES RECORD WAS SET OR TIED.
MM INDICATES DATA IS MISSING.
T  INDICATES TRACE AMOUNT.

8TH: RAINFALL OF 0.19" BREAKS PREVIOUS RECORD OF 0.05" SET IN 1971.
15TH: RAINFALL OF 0.17" BREAKS PREVIOUS RECORD OF 0.13" SET IN 2004.
28TH: LOW TEMP OF 39 BREAKS PREVIOUS RECORD OF 43 SET IN 1993.
29TH: LOW TEMP OF 39 BREAKS PREVIOUS RECORD OF 46 SET IN 1959.
30TH: LOW TEMP OF 43 BREAKS PREVIOUS RECORD OF 44 SET IN 1950.

&&

$$
