000
CXUS51 KPBZ 011406
CLMPIT


CLIMATE REPORT
NATIONAL WEATHER SERVICE PITTSBURGH PA
906 AM EST SUN MAR 1 2015

...................................

...THE PITTSBURGH CLIMATE SUMMARY FOR THE MONTH OF FEBRUARY 2015...

CLIMATE NORMAL PERIOD 1981 TO 2010
CLIMATE RECORD PERIOD 1871 TO 2015

WEATHER         OBSERVED          NORMAL  DEPART  LAST YEAR`S
                 VALUE   DATE(S)  VALUE   FROM    VALUE  DATE(S)
                                          NORMAL
................................................................
TEMPERATURE (F)
RECORD
 HIGH              77   02/08/1900
 LOW              -20   02/10/1899
HIGHEST            53                        16       57  02/21
LOWEST            -10                       -30        1  02/28
                                                          02/17
                                                          02/11
AVG. MAXIMUM     28.0              39.3   -11.3     34.1
AVG. MINIMUM      8.6              23.0   -14.4     17.3
MEAN             18.3              31.1   -12.8     25.7
DAYS MAX >= 90      0               0.0     0.0        0
DAYS MAX <= 32     17               7.6     9.4       16
DAYS MIN <= 32     27              22.8     4.2       25
DAYS MIN <= 0       7               0.5     6.5        0

PRECIPITATION (INCHES)
RECORD
 MAXIMUM         6.52   1887
 MINIMUM         0.07   1841
TOTALS           1.55              2.39   -0.84
DAILY AVG.       0.06              0.09   -0.03     0.08
DAYS >= .01        12              13.6    -1.6       15
DAYS >= .10         4               5.9    -1.9        8
DAYS >= .50         1               1.6    -0.6        1
DAYS >= 1.00        0               0.1    -0.1        0
GREATEST
 24 HR. TOTAL    0.60   02/01 TO 02/02           02/04 TO 02/05
                                                          02/05 TO 02/05
                                                          02/05 TO 02/05

SNOWFALL (INCHES)
RECORDS
 TOTAL           48.7   2010
 24 HR TOTAL     11.4   MM
TOTALS           15.4              10.3     5.1     16.1
SINCE 7/1        37.2              32.8     4.4     58.4
SNOWDEPTH AVG.      3                 2       1        3
DAYS >= TRACE      23
DAYS >= 1.0         4               3.2     0.8        7
GREATEST
 24 HR TOTAL      3.6   MM                           2.6

DEGREE_DAYS
HEATING TOTAL    1299               948     351     1094
 SINCE 7/1       4668              4257     411     4531
COOLING TOTAL       0                 0       0        0
 SINCE 1/1          0                 0       0        0
......................................................

WIND (MPH)
AVERAGE WIND SPEED              9.0
HIGHEST WIND SPEED/DIRECTION    38/320    DATE  02/14
HIGHEST GUST SPEED/DIRECTION    49/320    DATE  02/14

AVERAGE RH (PERCENT)     68

WEATHER CONDITIONS. NUMBER OF DAYS WITH
THUNDERSTORM              0     MIXED PRECIP               2
HEAVY RAIN                0     RAIN                       0
LIGHT RAIN                6     FREEZING RAIN              0
LT FREEZING RAIN          3     HAIL                       0
HEAVY SNOW                3     SNOW                       8
LIGHT SNOW               23     SLEET                      1
FOG                      15     FOG W/VIS <= 1/4 MILE      3
HAZE                     11

-  INDICATES NEGATIVE NUMBERS.
R  INDICATES RECORD WAS SET OR TIED.
MM INDICATES DATA IS MISSING.
T  INDICATES TRACE AMOUNT.

$$
