042
CXUS55 KPUB 011627
CLMPUB


CLIMATE REPORT
NATIONAL WEATHER SERVICE PUEBLO
1026 AM MDT MON MAY 1 2017

...................................

...THE PUEBLO CO CLIMATE SUMMARY FOR THE MONTH OF APRIL 2017...

CLIMATE NORMAL PERIOD 1981 TO 2010
CLIMATE RECORD PERIOD 1888 TO 2017

WEATHER         OBSERVED          NORMAL  DEPART  LAST YEAR`S
                 VALUE   DATE(S)  VALUE   FROM    VALUE  DATE(S)
                                          NORMAL
................................................................
TEMPERATURE (F)
RECORD
 HIGH              93   04/30/1992
                        04/21/1989
 LOW                2   04/12/1997
                        04/02/1975
                        04/08/1957
HIGHEST            87   04/14        69      18       84  04/23
LOWEST             28   04/10        30      -2       22  04/01
AVG. MAXIMUM     67.0              67.2    -0.2     67.6
AVG. MINIMUM     38.0              33.9     4.1     37.5
MEAN             52.5              50.6     1.9     52.5
DAYS MAX >= 90      0               0.2    -0.2
DAYS MAX <= 32      0               0.1    -0.1
DAYS MIN <= 32      7              11.6    -4.6
DAYS MIN <= 0       0               0.0     0.0

PRECIPITATION (INCHES)
RECORD
 MAXIMUM         8.13   1900
 MINIMUM            T   1963
TOTALS           4.19              1.40    2.79     2.97
DAILY AVG.       0.14              0.05    0.09
DAYS >= .01        10               6.6     3.4
DAYS >= .10         9               3.6     5.4
DAYS >= .50         2               0.7     1.3
DAYS >= 1.00        2               0.2     1.8
GREATEST
 24 HR. TOTAL    1.47   04/28 TO 04/29

SNOWFALL (INCHES)
RECORDS
 TOTAL           21.2   1957
TOTALS           14.0               3.8    10.2      3.3
SINCE 7/1        28.2              31.3    -3.1     31.4
SNOWDEPTH AVG.      1
DAYS >= 1.0         3               1.0     2.0
GREATEST
 SNOW DEPTH         8   04/29                          3
 24 HR TOTAL      8.4   04/28 TO 04/29               3.1

DEGREE_DAYS
HEATING TOTAL     368               435     -67      366
 SINCE 7/1       4344              5440   -1096     4473
COOLING TOTAL       0                 2      -2        0
 SINCE 1/1          0                 2      -2        0
.................................................................

WIND (MPH)
AVERAGE WIND SPEED              8.8
HIGHEST WIND SPEED/DIRECTION    43/290    DATE  04/19
HIGHEST GUST SPEED/DIRECTION    49/300    DATE  04/19

SKY COVER
POSSIBLE SUNSHINE (PERCENT)   MM
AVERAGE SKY COVER           0.30
NUMBER OF DAYS FAIR           20
NUMBER OF DAYS PC              6
NUMBER OF DAYS CLOUDY          4

AVERAGE RH (PERCENT)     56

WEATHER CONDITIONS. NUMBER OF DAYS WITH
THUNDERSTORM              2     MIXED PRECIP               2
HEAVY RAIN                4     RAIN                       5
LIGHT RAIN                9     FREEZING RAIN              0
LT FREEZING RAIN          0     HAIL                       0
HEAVY SNOW                1     SNOW                       3
LIGHT SNOW                5     SLEET                      0
FOG                      10     FOG W/VIS <= 1/4 MILE      2
HAZE                      2

-  INDICATES NEGATIVE NUMBERS.
R  INDICATES RECORD WAS SET OR TIED.
MM INDICATES DATA IS MISSING.
T  INDICATES TRACE AMOUNT.

$$
