000
CXUS56 KOTX 011912 CCA
CLMPUW

CLIMATE REPORT...CORRECTED
NATIONAL WEATHER SERVICE SPOKANE, WA
139 AM PDT MON AUG 1 2016

...................................

...THE PULLMAN-MOSCOW  AIRPORT CLIMATE SUMMARY FOR THE MONTH OF JULY 2016...

CLIMATE NORMAL PERIOD 1981 TO 2010
CLIMATE RECORD PERIOD 9999 TO 9999

WEATHER         OBSERVED          NORMAL  DEPART  LAST YEAR`S
                 VALUE   DATE(S)  VALUE   FROM    VALUE  DATE(S)
                                          NORMAL
................................................................
TEMPERATURE (F)
RECORD
 HIGH             104   07/18/1960
 LOW               32   07/31/1945
HIGHEST            96   07/29        MM      MM      100  07/31
LOWEST             45   07/24        MM      MM       42  07/17
                        07/16
                        07/14
AVG. MAXIMUM     79.6              81.7    -2.1     86.1
AVG. MINIMUM     49.5              49.5     0.0     53.2
MEAN             64.6              65.6    -1.0     69.6
DAYS MAX >= 90      7               4.3     2.7       13
DAYS MAX <= 32      0               0.0     0.0        0
DAYS MIN <= 32      0               0.0     0.0        0
DAYS MIN <= 0       0               0.0     0.0        0

PRECIPITATION (INCHES)
RECORD
 MAXIMUM         1.74   1983
 MINIMUM            T   1969
TOTALS           0.75              0.69    0.06     0.54
DAILY AVG.       0.02              0.02    0.00     0.02
DAYS >= .01         6                MM      MM        2
DAYS >= .10         2                MM      MM        1
DAYS >= .50         0                MM      MM        1
DAYS >= 1.00        0                MM      MM        0
GREATEST
 24 HR. TOTAL    0.39   07/08 TO 07/09           07/10 TO 07/11

DEGREE_DAYS
HEATING TOTAL      65                64       1       19
 SINCE 7/1         65                64       1       19
COOLING TOTAL      58                82     -24      169
 SINCE 1/1        102               100       2      274
..................................................

WIND (MPH)
AVERAGE WIND SPEED              5.4
HIGHEST WIND SPEED/DIRECTION    28/160    DATE  07/17
HIGHEST GUST SPEED/DIRECTION    35/170    DATE  07/17

SKY COVER
POSSIBLE SUNSHINE (PERCENT)   MM
AVERAGE SKY COVER           0.20
NUMBER OF DAYS FAIR           26
NUMBER OF DAYS PC              4
NUMBER OF DAYS CLOUDY          1

AVERAGE RH (PERCENT)     56

WEATHER CONDITIONS. NUMBER OF DAYS WITH
THUNDERSTORM              1     MIXED PRECIP               0
HEAVY RAIN                2     RAIN                       2
LIGHT RAIN                7     FREEZING RAIN              0
LT FREEZING RAIN          0     HAIL                       0
HEAVY SNOW                0     SNOW                       0
LIGHT SNOW                0     SLEET                      0
FOG                       1     FOG W/VIS <= 1/4 MILE      0
HAZE                      0

-  INDICATES NEGATIVE NUMBERS.
R  INDICATES RECORD WAS SET OR TIED.
MM INDICATES DATA IS MISSING.
T  INDICATES TRACE AMOUNT.

$$
