000
CXUS56 KOTX 010951 CCA
CLMPUW

CLIMATE REPORT
NATIONAL WEATHER SERVICE SPOKANE, WA
135 AM PDT FRI JUL 1 2016

...................................

...THE PULLMAN-MOSCOW  AIRPORT CLIMATE SUMMARY FOR THE MONTH OF JUNE 2016...

CLIMATE NORMAL PERIOD 1981 TO 2010
CLIMATE RECORD PERIOD 9999 TO 9999

WEATHER         OBSERVED          NORMAL  DEPART  LAST YEAR`S
                 VALUE   DATE(S)  VALUE   FROM    VALUE  DATE(S)
                                          NORMAL
................................................................
TEMPERATURE (F)
RECORD
 HIGH             105   06/28/2015
 LOW               30   06/07/2002
HIGHEST            92   06/06        MM      MM      105  06/28
LOWEST             36   06/15        MM      MM       34  06/13
AVG. MAXIMUM     75.4              71.6     3.8     82.0
AVG. MINIMUM     45.8              45.5     0.3     48.5
MEAN             60.6              58.6     2.0     65.3
DAYS MAX >= 90      5               0.5     4.5        6
DAYS MAX <= 32      0               0.0     0.0        0
DAYS MIN <= 32      0               0.0     0.0        0
DAYS MIN <= 0       0               0.0     0.0        0

PRECIPITATION (INCHES)
RECORD
 MAXIMUM         3.48   1971
 MINIMUM         0.21   1986
TOTALS           0.94              1.08   -0.14     0.45
DAILY AVG.       0.03              0.04   -0.01     0.01
DAYS >= .01         7                MM      MM        2
DAYS >= .10         4                MM      MM        1
DAYS >= .50         0                MM      MM        0
DAYS >= 1.00        0                MM      MM        0
GREATEST
 24 HR. TOTAL    0.32   06/08 TO 06/08           05/31 TO 06/01

DEGREE_DAYS
HEATING TOTAL     168               206     -38       79
 SINCE 7/1       5612              6606    -994     5351
COOLING TOTAL      43                13      30       93
 SINCE 1/1         44                18      26      105
..................................................

WIND (MPH)
AVERAGE WIND SPEED              5.9
HIGHEST WIND SPEED/DIRECTION    32/250    DATE  06/24
HIGHEST GUST SPEED/DIRECTION    41/250    DATE  06/24

SKY COVER
POSSIBLE SUNSHINE (PERCENT)   MM
AVERAGE SKY COVER           0.20
NUMBER OF DAYS FAIR           23
NUMBER OF DAYS PC              5
NUMBER OF DAYS CLOUDY          2

AVERAGE RH (PERCENT)     57

WEATHER CONDITIONS. NUMBER OF DAYS WITH
THUNDERSTORM              2     MIXED PRECIP               0
HEAVY RAIN                1     RAIN                       2
LIGHT RAIN               10     FREEZING RAIN              0
LT FREEZING RAIN          0     HAIL                       0
HEAVY SNOW                0     SNOW                       0
LIGHT SNOW                0     SLEET                      0
FOG                       2     FOG W/VIS <= 1/4 MILE      0
HAZE                      0

-  INDICATES NEGATIVE NUMBERS.
R  INDICATES RECORD WAS SET OR TIED.
MM INDICATES DATA IS MISSING.
T  INDICATES TRACE AMOUNT.

$$
