000
CXUS56 KSTO 021527
CLMRDD


CLIMATE REPORT
NATIONAL WEATHER SERVICE SACRAMENTO, CA
726 AM PST SUN NOV 2 2014

...................................

...THE REDDING AIRPORT CA CLIMATE SUMMARY FOR THE MONTH OF OCTOBER 2014...

CLIMATE NORMAL PERIOD 1981 TO 2010
CLIMATE RECORD PERIOD 1986 TO 2014

WEATHER         OBSERVED          NORMAL  DEPART  LAST YEAR`S
                 VALUE   DATE(S)  VALUE   FROM    VALUE
                                          NORMAL
.............................................................
TEMPERATURE (F)
RECORD
 HIGH             105   10/11/1991
 LOW               33   10/31/1989
                        10/30/1989
HIGHEST           101   10/05        MM      MM
LOWEST             44   10/26        MM      MM
AVG. MAXIMUM     79.5              77.8     1.7
AVG. MINIMUM     52.7              49.4     3.3
MEAN             66.1              63.6     2.5
DAYS MAX >= 90      9               3.6     5.4
DAYS MAX <= 32      0               0.0     0.0
DAYS MIN <= 32      0               0.0     0.0
DAYS MIN <= 0       0               0.0     0.0

PRECIPITATION (INCHES)
RECORD
 MAXIMUM         6.26   1992
 MINIMUM         0.00   2002
TOTALS           2.15              2.10    0.05     0.01
DAYS >= .01         7
DAYS >= .10         4
DAYS >= .50         1
DAYS >= 1.00        1

SNOWFALL (INCHES)
RECORDS
 TOTAL             MM   MM
 24 HR TOTAL       MM
TOTALS            0.0                MM      MM
 LIQUID EQUIV    0.00                MM      MM
SINCE 7/1         0.0                MM      MM
 LIQUID 7/1      0.00
DAYS >= TRACE       0                MM      MM
DAYS >= 1.0         0                MM      MM
GREATEST
 SNOW DEPTH         0   MM
 24 HR TOTAL      0.0   10/31 TO 10/31
 STORM TOTAL       MM
 (MM/DD(HH))            MM

DEGREE_DAYS
HEATING TOTAL      68               114     -46
 SINCE 7/1         70               122     -52
COOLING TOTAL     112                71      41
 SINCE 1/1       2175              1846     329

FREEZE DATES
RECORD
 EARLIEST     MM
 LATEST       MM
EARLIEST                        MM
LATEST                          MM
..............................................................

WIND (MPH)
AVERAGE WIND SPEED              4.3
HIGHEST WIND SPEED/DIRECTION    44/170    DATE  10/25
HIGHEST GUST SPEED/DIRECTION    59/230    DATE  10/25

SKY COVER
POSSIBLE SUNSHINE (PERCENT)   MM
AVERAGE SKY COVER           0.20
NUMBER OF DAYS FAIR           24
NUMBER OF DAYS PC              6
NUMBER OF DAYS CLOUDY          1

AVERAGE RH (PERCENT)     59

WEATHER CONDITIONS. NUMBER OF DAYS WITH
THUNDERSTORM              0     MIXED PRECIP               0
HEAVY RAIN                1     RAIN                       5
LIGHT RAIN                6     FREEZING RAIN              0
LT FREEZING RAIN          0     HAIL                       0
HEAVY SNOW                0     SNOW                       0
LIGHT SNOW                0     SLEET                      0
FOG                       5     FOG W/VIS <= 1/4 MILE      0
HAZE                      2

-  INDICATES NEGATIVE NUMBERS.
R  INDICATES RECORD WAS SET OR TIED.
MM INDICATES DATA IS MISSING.
T  INDICATES TRACE AMOUNT.

$$
