000
CXUS53 KGRB 011055
CLMRHI


CLIMATE REPORT
NATIONAL WEATHER SERVICE GREEN BAY
454 AM CST MON JAN 1 2018

...................................

...THE RHINELANDER WI CLIMATE SUMMARY FOR THE MONTH OF DECEMBER 2017...

CLIMATE NORMAL PERIOD 1981 TO 2010
CLIMATE RECORD PERIOD 1908 TO 2017

WEATHER         OBSERVED          NORMAL  DEPART  LAST YEAR`S
                 VALUE   DATE(S)  VALUE   FROM    VALUE  DATE(S)
                                          NORMAL
................................................................
TEMPERATURE (F)
RECORD
 HIGH              62   12/02/1998
 LOW              -34   12/18/1983
                        12/27/1924
HIGHEST            56   12/04        42      14       40  12/26
LOWEST            -23   12/28       -17      -6      -14  12/18
                        12/27
AVG. MAXIMUM     21.2              25.3    -4.1     24.6
AVG. MINIMUM      4.9               8.4    -3.5     11.5
MEAN             13.0              16.8    -3.8     18.0
DAYS MAX >= 90      0               0.0     0.0        0
DAYS MAX <= 32     24              23.0     1.0       21
DAYS MIN <= 32     30              30.3    -0.3       31
DAYS MIN <= 0       9               9.1    -0.1        8

PRECIPITATION (INCHES)
RECORD
 MAXIMUM         3.96   2015
 MINIMUM         0.03   1943
                        1913
TOTALS           1.73              1.44    0.29     2.08
DAILY AVG.       0.06              0.05    0.01     0.07
DAYS >= .01        16                MM      MM       18
DAYS >= .10         2                MM      MM       10
DAYS >= .50         2                MM      MM        0
DAYS >= 1.00        0                MM      MM        0
GREATEST
 STORM TOTAL       MM
 (MM/DD(HH))            MM

SNOWFALL (INCHES)
RECORDS
 TOTAL           46.0   1968
TOTALS           13.4                MM      MM     19.6
SINCE 7/1        27.1                MM      MM     26.2
DAYS >= TRACE      17                MM      MM       22
DAYS >= 1.0         3                MM      MM        9
GREATEST
 SNOW DEPTH         9   12/15                         10  12/23
                        12/14
 24 HR TOTAL      6.3   12/13 TO 12/13

DEGREE_DAYS
HEATING TOTAL    1604              1492     112     1450
 SINCE 7/1       3577              3626     -49     2932
COOLING TOTAL       0                 0       0        0
 SINCE 1/1        215               261     -46      321
.................................................................

WIND (MPH)
AVERAGE WIND SPEED              7.9
HIGHEST WIND SPEED/DIRECTION    32/260    DATE  12/05
HIGHEST GUST SPEED/DIRECTION    44/230    DATE  12/04

SKY COVER
POSSIBLE SUNSHINE (PERCENT)   MM
AVERAGE SKY COVER           0.70
NUMBER OF DAYS FAIR            7
NUMBER OF DAYS PC              6
NUMBER OF DAYS CLOUDY         18

AVERAGE RH (PERCENT)     79

WEATHER CONDITIONS. NUMBER OF DAYS WITH
THUNDERSTORM              0     MIXED PRECIP               0
HEAVY RAIN                1     RAIN                       1
LIGHT RAIN                2     FREEZING RAIN              0
LT FREEZING RAIN          0     HAIL                       0
HEAVY SNOW                0     SNOW                       2
LIGHT SNOW               20     SLEET                      0
FOG                      23     FOG W/VIS <= 1/4 MILE      1
HAZE                      8

-  INDICATES NEGATIVE NUMBERS.
R  INDICATES RECORD WAS SET OR TIED.
MM INDICATES DATA IS MISSING.
T  INDICATES TRACE AMOUNT.

$$
