000
CXUS53 KGRB 011048
CLMRHI


CLIMATE REPORT
NATIONAL WEATHER SERVICE GREEN BAY
443 AM CST SUN MAR 1 2015

...................................

...THE RHINELANDER WI CLIMATE SUMMARY FOR THE MONTH OF FEBRUARY 2015...

CLIMATE NORMAL PERIOD 1981 TO 2010
CLIMATE RECORD PERIOD 1908 TO 2015

WEATHER         OBSERVED          NORMAL  DEPART  LAST YEAR`S
                 VALUE   DATE(S)  VALUE   FROM    VALUE  DATE(S)
                                          NORMAL
................................................................
TEMPERATURE (F)
RECORD
 HIGH              60   02/16/1931
 LOW              -42   02/03/1996
HIGHEST            26   02/24        46     -20       39  02/19
LOWEST            -24   02/19       -21      -3      -25  02/28
AVG. MAXIMUM     14.0              26.2   -12.2     15.4
AVG. MINIMUM     -8.0               6.6   -14.6     -6.8
MEAN              3.0              16.4   -13.4      4.3
DAYS MAX >= 90      0               0.0     0.0        0
DAYS MAX <= 32     28              20.7     7.3       25
DAYS MIN <= 32     28              27.5     0.5       28
DAYS MIN <= 0      20               9.0    11.0       19

PRECIPITATION (INCHES)
RECORD
 MAXIMUM         4.43   2005
 MINIMUM         0.03   1958
TOTALS           0.21              0.93   -0.72     1.23
DAILY AVG.       0.01              0.03   -0.02     0.04
DAYS >= .01         6                MM      MM       11
DAYS >= .10         0                MM      MM        5
DAYS >= .50         0                MM      MM        0
DAYS >= 1.00        0                MM      MM        0
GREATEST
 STORM TOTAL       MM
 (MM/DD(HH))            MM

SNOWFALL (INCHES)
RECORDS
 TOTAL           39.5   1937
TOTALS            5.4                MM      MM     17.7
SINCE 7/1        68.9                MM      MM     72.5
DAYS >= TRACE      17                MM      MM       22
DAYS >= 1.0         3                MM      MM        5
GREATEST
 SNOW DEPTH        17   02/28                         28  02/21
                        02/27
                        02/26
 24 HR TOTAL      1.5   02/20 TO 02/20

DEGREE_DAYS
HEATING TOTAL    1729              1361     368     1691
 SINCE 7/1       7341              6622     719     7629
COOLING TOTAL       0                 0       0        0
 SINCE 1/1          0                 0       0        0
.................................................................

WIND (MPH)
AVERAGE WIND SPEED              7.7
HIGHEST WIND SPEED/DIRECTION    29/270    DATE  02/24
HIGHEST GUST SPEED/DIRECTION    38/260    DATE  02/24

SKY COVER
POSSIBLE SUNSHINE (PERCENT)   MM
AVERAGE SKY COVER           0.50
NUMBER OF DAYS FAIR            8
NUMBER OF DAYS PC             13
NUMBER OF DAYS CLOUDY          7

AVERAGE RH (PERCENT)     69

WEATHER CONDITIONS. NUMBER OF DAYS WITH
THUNDERSTORM              0     MIXED PRECIP               0
HEAVY RAIN                0     RAIN                       0
LIGHT RAIN                1     FREEZING RAIN              0
LT FREEZING RAIN          0     HAIL                       0
HEAVY SNOW                2     SNOW                       4
LIGHT SNOW               16     SLEET                      0
FOG                      17     FOG W/VIS <= 1/4 MILE      0
HAZE                     19

-  INDICATES NEGATIVE NUMBERS.
R  INDICATES RECORD WAS SET OR TIED.
MM INDICATES DATA IS MISSING.
T  INDICATES TRACE AMOUNT.

$$
