000
CXUS53 KGRB 010751
CLMRHI


CLIMATE REPORT
NATIONAL WEATHER SERVICE GREEN BAY
249 AM CDT SAT APR 1 2017

...................................

...THE RHINELANDER WI CLIMATE SUMMARY FOR THE MONTH OF MARCH 2017...

CLIMATE NORMAL PERIOD 1981 TO 2010
CLIMATE RECORD PERIOD 1908 TO 2017

WEATHER         OBSERVED          NORMAL  DEPART  LAST YEAR`S
                 VALUE   DATE(S)  VALUE   FROM    VALUE  DATE(S)
                                          NORMAL
................................................................
TEMPERATURE (F)
RECORD
 HIGH              79   03/29/1910
 LOW              -34   03/11/1948
HIGHEST            60   03/28        60       0       68  03/12
LOWEST             -5   03/03       -11       6        2  03/02
AVG. MAXIMUM     37.5              37.2     0.3     43.8
AVG. MINIMUM     17.6              17.1     0.5     25.0
MEAN             27.6              27.1     0.5     34.4
DAYS MAX >= 90      0               0.0     0.0        0
DAYS MAX <= 32      9              10.4    -1.4        6
DAYS MIN <= 32     25              27.6    -2.6       23
DAYS MIN <= 0       3               3.3    -0.3        0

PRECIPITATION (INCHES)
RECORD
 MAXIMUM         5.75   1942
 MINIMUM         0.15   1978
TOTALS           1.21              1.57   -0.36     3.67
DAILY AVG.       0.04              0.05   -0.01     0.12
DAYS >= .01        12                MM      MM       11
DAYS >= .10         5                MM      MM        7
DAYS >= .50         0                MM      MM        1
DAYS >= 1.00        0                MM      MM        1
GREATEST
 STORM TOTAL       MM
 (MM/DD(HH))            MM

SNOWFALL (INCHES)
RECORDS
 TOTAL           27.6   2011
TOTALS            3.8                MM      MM      9.3
SINCE 7/1        55.3                MM      MM     44.0
DAYS >= TRACE       9                MM      MM       10
DAYS >= 1.0         1                MM      MM        4
GREATEST
 SNOW DEPTH         3   03/01                         11  03/05
                                                          03/04
 24 HR TOTAL      2.4   MM

DEGREE_DAYS
HEATING TOTAL    1152              1173     -21      939
 SINCE 7/1       6663              7795   -1132     6622
COOLING TOTAL       0                 0       0        0
 SINCE 1/1          0                 0       0        0
.................................................................

WIND (MPH)
AVERAGE WIND SPEED              8.3
HIGHEST WIND SPEED/DIRECTION    40/270    DATE  03/08
HIGHEST GUST SPEED/DIRECTION    61/270    DATE  03/07

SKY COVER
POSSIBLE SUNSHINE (PERCENT)   MM
AVERAGE SKY COVER           0.50
NUMBER OF DAYS FAIR           12
NUMBER OF DAYS PC              6
NUMBER OF DAYS CLOUDY         13

AVERAGE RH (PERCENT)     67

WEATHER CONDITIONS. NUMBER OF DAYS WITH
THUNDERSTORM              0     MIXED PRECIP               0
HEAVY RAIN                0     RAIN                       3
LIGHT RAIN                9     FREEZING RAIN              0
LT FREEZING RAIN          1     HAIL                       0
HEAVY SNOW                1     SNOW                       2
LIGHT SNOW               11     SLEET                      0
FOG                      19     FOG W/VIS <= 1/4 MILE      4
HAZE                      9

-  INDICATES NEGATIVE NUMBERS.
R  INDICATES RECORD WAS SET OR TIED.
MM INDICATES DATA IS MISSING.
T  INDICATES TRACE AMOUNT.

$$
