000
CXUS53 KGRB 010630
CLMRHI


CLIMATE REPORT
NATIONAL WEATHER SERVICE GREEN BAY
129 AM CDT MON SEP 1 2014

...................................

...THE RHINELANDER WI CLIMATE SUMMARY FOR THE MONTH OF AUGUST 2014...

CLIMATE NORMAL PERIOD 1981 TO 2010
CLIMATE RECORD PERIOD 1908 TO 2014

WEATHER         OBSERVED          NORMAL  DEPART  LAST YEAR`S
                 VALUE   DATE(S)  VALUE   FROM    VALUE  DATE(S)
                                          NORMAL
................................................................
TEMPERATURE (F)
RECORD
 HIGH              97   08/16/1988
                        08/02/1964
 LOW               28   08/30/1915
HIGHEST            84   08/25        89      -5       92  08/25
LOWEST             37   08/14        41      -4       34  08/14
AVG. MAXIMUM     74.4              76.9    -2.5     76.7
AVG. MINIMUM     52.1              52.8    -0.7     51.1
MEAN             63.2              64.9    -1.7     63.9
DAYS MAX >= 90      0               0.6    -0.6        1
DAYS MAX <= 32      0               0.0     0.0        0
DAYS MIN <= 32      0               0.0     0.0        0
DAYS MIN <= 0       0               0.0     0.0        0

PRECIPITATION (INCHES)
RECORD
 MAXIMUM         9.15   1978
 MINIMUM         0.69   1970
TOTALS           4.63              3.29    1.34     5.47
DAILY AVG.       0.15              0.11    0.04     0.18
DAYS >= .01        14                MM      MM       10
DAYS >= .10         7                MM      MM        5
DAYS >= .50         4                MM      MM        5
DAYS >= 1.00        2                MM      MM        2
GREATEST
 STORM TOTAL       MM
 (MM/DD(HH))            MM

SNOWFALL (INCHES)
RECORDS
 TOTAL            0.0   MM
TOTALS            0.0                MM      MM      0.0
SINCE 7/1         0.0                MM      MM      0.0
DAYS >= TRACE       0                MM      MM        0
DAYS >= 1.0         0                MM      MM        0
GREATEST
 SNOW DEPTH         0   MM                             0  MM
 24 HR TOTAL      0.0   08/31 TO 08/31

DEGREE_DAYS
HEATING TOTAL      76                76       0      106
 SINCE 7/1        200               127      73      190
COOLING TOTAL      29                71     -42       78
 SINCE 1/1        147               241     -94      264
.................................................................

WIND (MPH)
AVERAGE WIND SPEED              4.5
HIGHEST WIND SPEED/DIRECTION    21/290    DATE  08/25
HIGHEST GUST SPEED/DIRECTION    29/280    DATE  08/25

SKY COVER
POSSIBLE SUNSHINE (PERCENT)   MM
AVERAGE SKY COVER           0.50
NUMBER OF DAYS FAIR           12
NUMBER OF DAYS PC              8
NUMBER OF DAYS CLOUDY         11

AVERAGE RH (PERCENT)     78

WEATHER CONDITIONS. NUMBER OF DAYS WITH
THUNDERSTORM              0     MIXED PRECIP               0
HEAVY RAIN                5     RAIN                       7
LIGHT RAIN               14     FREEZING RAIN              0
LT FREEZING RAIN          0     HAIL                       0
HEAVY SNOW                0     SNOW                       0
LIGHT SNOW                0     SLEET                      0
FOG                      27     FOG W/VIS <= 1/4 MILE     15
HAZE                      3

-  INDICATES NEGATIVE NUMBERS.
R  INDICATES RECORD WAS SET OR TIED.
MM INDICATES DATA IS MISSING.
T  INDICATES TRACE AMOUNT.

$$
