000
CXUS55 KREV 020529
CLMRNO

CLIMATE REPORT
NATIONAL WEATHER SERVICE RENO NV
831 PM PST THU DEC 1 2016

...................................

...THE RENO TAHOE AIRPORT NV CLIMATE SUMMARY FOR THE MONTH OF NOVEMBER 2016...

THE AVERAGE TEMPERATURE FOR NOVEMBER 2016 AT THE RENO TAHOE INTERNATIONAL AIRPORT
WAS 46.5 DEGREES WHICH IS 3.8 DEGREES ABOVE NORMAL. THIS MAKES NOVEMBER 2016
THE 3RD WARMEST ON RECORD. THE HIGHEST TEMPERATURE FOR NOVEMBER WAS 74 DEGREES
WHICH OCCURRED ON BOTH THE 9TH AND 14TH. THE LOWEST TEMPERATURE FOR THE MONTH WAS
21 DEGREES WHICH WAS RECORDED ON THE 29TH.

FOR NOVEMBER 2016 0.15 INCHES OF PRECIPITATION WAS RECORDED AT THE RENO
TAHOE INTERNATIONAL AIRPORT. THIS IS 0.67 INCHES BELOW NORMAL. 0.6 INCHES OF
SNOWFALL WAS RECORDED FOR THE MONTH.

THE AVERAGE WIND SPEED FOR THE MONTH WAS 5.2 MPH. THE PEAK WIND GUST FOR THE
MONTH WAS 69 MPH FROM THE SOUTH WHICH OCCURRED ON THE 19TH.

CLIMATE NORMAL PERIOD 1981 TO 2010
CLIMATE RECORD PERIOD 1888 TO 2016

WEATHER         OBSERVED          NORMAL  DEPART
                 VALUE   DATE(S)  VALUE   FROM
                                          NORMAL
................................................
TEMPERATURE (F)
RECORD
 HIGH              77   11/01/2005
                        11/05/1980
                        11/01/1960
 LOW                1   11/17/1958
HIGHEST            74   11/14        77      -3
                        11/09
LOWEST             21   11/29         1      20
AVG. MAXIMUM     60.1              55.0     5.1
AVG. MINIMUM     32.9              30.5     2.4
MEAN             46.5              42.7     3.8
DAYS MAX >= 90      0               0.0     0.0
DAYS MAX <= 32      0               0.4    -0.4
DAYS MIN <= 32     12              18.2    -6.2
DAYS MIN <= 0       0               0.0     0.0

PRECIPITATION (INCHES)
RECORD
 MAXIMUM         4.65   1892
 MINIMUM         0.00   1959
TOTALS           0.15              0.82   -0.67
DAILY AVG.       0.01              0.03   -0.02
DAYS >= .01         3               5.0    -2.0
DAYS >= .10         0               2.2    -2.2
DAYS >= .50         0               0.4    -0.4
DAYS >= 1.00        0               0.1    -0.1
GREATEST
 24 HR. TOTAL    0.09   11/27 TO 11/27
 STORM TOTAL       MM
 (MM/DD(HH))            MM

SNOWFALL (INCHES)
RECORDS
 TOTAL           16.5   5
                        0
 24 HR TOTAL       MM
TOTALS            0.6               3.1    -2.5
 LIQUID EQUIV    0.06              0.30   -0.24
SINCE 7/1         0.6               3.5    -2.9
 LIQUID 7/1      0.06
DAYS >= TRACE       3               1.9     1.1
DAYS >= 1.0         0               0.8    -0.8
GREATEST
 SNOW DEPTH         T   11/27
 24 HR TOTAL      0.6   MM
 STORM TOTAL       MM
 (MM/DD(HH))            MM

DEGREE_DAYS
HEATING TOTAL     549               667    -118
 SINCE 7/1        878              1103    -225
COOLING TOTAL       0                 0       0
 SINCE 1/1       1088               839     249

FREEZE DATES
RECORD
 EARLIEST     08/23/1973
 LATEST       06/27/1974
EARLIEST      11/16             10/03
LATEST                          05/21
.................................................

WIND (MPH)
AVERAGE WIND SPEED              5.2
HIGHEST WIND SPEED/DIRECTION    45/MM     DATE   MM
HIGHEST GUST SPEED/DIRECTION    69/180    DATE  11/19

AVERAGE RH (PERCENT)     52

WEATHER CONDITIONS. NUMBER OF DAYS WITH
THUNDERSTORM              0     MIXED PRECIP               0
HEAVY RAIN                0     RAIN                       0
LIGHT RAIN                6     FREEZING RAIN              0
LT FREEZING RAIN          0     HAIL                       0
HEAVY SNOW                0     SNOW                       2
LIGHT SNOW                3     SLEET                      0
FOG                       1     FOG W/VIS <= 1/4 MILE      0
HAZE                      1

-  INDICATES NEGATIVE NUMBERS.
R  INDICATES RECORD WAS SET OR TIED.
MM INDICATES DATA IS MISSING.
T  INDICATES TRACE AMOUNT.

$$
