000
CXUS53 KIWX 011027
CLMSBN

CLIMATE REPORT
NATIONAL WEATHER SERVICE NORTHERN INDIANA
518 AM EST SUN MAR 1 2015

...................................

...THE SOUTH BEND CLIMATE SUMMARY FOR THE MONTH OF FEBRUARY 2015...

CLIMATE NORMAL PERIOD 1981 TO 2010
CLIMATE RECORD PERIOD 1893 TO 2015

WEATHER         OBSERVED          NORMAL  DEPART  LAST YEAR`S
                 VALUE   DATE(S)  VALUE   FROM    VALUE  DATE(S)
                                          NORMAL
................................................................
TEMPERATURE (F)
RECORD
 HIGH              74   02/25/2000
 LOW              -20   02/10/1899
                        02/09/1899
HIGHEST            43   02/08        MM      MM       49  02/20
                        02/07
LOWEST            -12   02/20        MM      MM       -8  02/11
AVG. MAXIMUM     24.5              35.1   -10.6     26.4
AVG. MINIMUM      7.1              20.5   -13.4     10.4
MEAN             15.8              27.8   -12.0
DAYS MAX >= 90      0               0.0     0.0        0
DAYS MAX <= 32     24              11.2    12.8       23
DAYS MIN <= 32     28              24.3     3.7       28
DAYS MIN <= 0       5               1.3     3.7        8

PRECIPITATION (INCHES)
RECORD
 MAXIMUM         5.23   1976
 MINIMUM         0.54   1969
TOTALS           1.98              1.95    0.03     2.82
DAILY AVG.       0.07              0.07    0.00     0.10
DAYS >= .01        16              11.8     4.2       11
DAYS >= .10         2               5.4    -3.4        4
DAYS >= .50         1               0.9     0.1        2
DAYS >= 1.00        1               0.2     0.8        1
GREATEST
 24 HR. TOTAL    4.21   02/01 TO 02/02

SNOWFALL (INCHES)
RECORDS
 TOTAL           35.5   1908
TOTALS           36.4R             15.0    21.4     19.7
SINCE 7/1        78.0              58.1    19.9     15.9
SNOWDEPTH AVG.     10                 3       7        0
DAYS >= 1.0         8               4.7     3.3        6
GREATEST
 SNOW DEPTH        15   02/02
 24 HR TOTAL     14.7   MM

DEGREE_DAYS
HEATING TOTAL    1369              1041     328     1293
 SINCE 7/1       5097              4689     408     5183
COOLING TOTAL       0                 0       0        0
 SINCE 1/1          0                 0       0        0
.................................................................

WIND (MPH)
AVERAGE WIND SPEED              10.2
HIGHEST WIND SPEED/DIRECTION    39/340    DATE  02/14
HIGHEST GUST SPEED/DIRECTION    49/340    DATE  02/14

SKY COVER
POSSIBLE SUNSHINE (PERCENT)   MM
AVERAGE SKY COVER           0.70
NUMBER OF DAYS FAIR            5
NUMBER OF DAYS PC             11
NUMBER OF DAYS CLOUDY         12

AVERAGE RH (PERCENT)     70

WEATHER CONDITIONS. NUMBER OF DAYS WITH
THUNDERSTORM              0     MIXED PRECIP               0
HEAVY RAIN                0     RAIN                       0
LIGHT RAIN                1     FREEZING RAIN              0
LT FREEZING RAIN          1     HAIL                       0
HEAVY SNOW                4     SNOW                       6
LIGHT SNOW               22     SLEET                      0
FOG                      16     FOG W/VIS <= 1/4 MILE      3
HAZE                     21

-  INDICATES NEGATIVE NUMBERS.
R  INDICATES RECORD WAS SET OR TIED.
MM INDICATES DATA IS MISSING.
T  INDICATES TRACE AMOUNT.

&&

...AN EXTREMELY COLD AND SNOWY FEBRUARY IN SOUTH BEND AREA...

FEBRUARY BEGAN WITH A POWERFUL WINTER STORM THAT DROPPED RECORD
SNOWFALL ACROSS THE MICHIANA AREA. THIS SET THE STAGE FOR A VERY
COLD AND SNOWY MONTH WITH SEVERAL RECORDS BEING BROKEN FOR BOTH SNOW
AND COLD. AS A MATTER OF FACT...THE SECOND HALF OF FEBRUARY WAS THE
COLDEST ON RECORD. FITTINGLY...THE MONTH ENDED AS IT STARTED
WITH SNOW DURING THE FINAL HOURS.

A RECORD SNOWFALL OF 14.7 INCHES OCCURRED ON THE FIRST DAY OF THE
MONTH...BREAKING THE OLD RECORD FOR THIS DATE BY MORE THAN 6 INCHES.
THIS WAS ALSO THE HIGHEST SINGLE DAY SNOWFALL FOR ANY DAY IN
FEBRUARY AND RANKED AS THE 8TH HIGHEST SINGLE DAY SNOWFALL FOR ANY
MONTH AT SOUTH BEND.

MEASURABLE SNOW CONTINUED TO FALL AT SOUTH BEND THROUGH THE 5TH.
SEASONABLE TEMPERATURES AND GENERALLY DRY CONDITIONS THEN FOLLOWED
UNTIL THE 12TH. THIS WAS WHEN THE FIRST WAVE OF BRUTALLY COLD ARCTIC
AIR ARRIVED AND REMAINED ENTRENCHED ACROSS THE REGION THROUGH THE
END OF THE MONTH. EVERY DAY FROM THE 12TH TO THE 28TH OF FEBRUARY
HAD AN AVERAGE DAILY TEMPERATURE BELOW NORMAL. ALL BUT THREE DAYS IN
THIS STRETCH HAD AN AVERAGE TEMPERATURE OF AT LEAST 10 DEGREES BELOW
NORMAL AND 9 DAYS SAW THE AVERAGE TEMPERATURE 20 DEGREES OR MORE
BELOW NORMAL. THIS STRETCH OF FEBRUARY FROM THE 12TH TO THE 28TH
WAS...BY FAR...THE COLDEST EVER RECORDED. THE AVERAGE TEMPERATURE
DURING THIS PERIOD WAS JUST 11.6 DEGREES. THE PREVIOUS COLDEST
AVERAGE TEMPERATURE FROM THE 12TH TO 28TH WAS 14.6 DEGREES IN 1904.

THE AVERAGE TEMPERATURE FOR THE ENTIRE MONTH OF FEBRUARY WAS 15.8
DEGREES...12.0 DEGREES BELOW NORMAL. THIS RANKED AS THE 5TH COLDEST
FEBRUARY ON RECORD. THE COLDEST WAS 1904 WITH AN AVERAGE TEMPERATURE
OF 14.4 DEGREES. IN COMPARISON...THE AVERAGE TEMPERATURE IN FEBRUARY
2014 WAS 18.4 DEGREES AND THAT RANKED AS THE 13TH COLDEST FEBRUARY.
THE WARMEST TEMPERATURE THIS MONTH WAS 43 DEGREES ON THE 7TH AND 8TH
AND THE COLDEST TEMPERATURE WAS 12 BELOW ZERO ON THE 20TH. THE 43
DEGREE HIGH WAS THE 9TH COLDEST HIGH TEMPERATURE FOR A FEBRUARY
WHILE THE 12 BELOW WAS THE 11TH COLDEST TEMPERATURE EVER RECORDED IN
FEBRUARY.

PRECIPITATION FOR THE MONTH WAS 1.98 INCHES...JUST 0.03 INCHES ABOVE
NORMAL AND TIED AS THE 41ST WETTEST FEBRUARY. DESPITE HAVING NEAR
NORMAL PRECIPITATION...THE VERY COLD AIR ALLOWED NEARLY ALL OF THIS
TO FALL AS SNOW WITH A HIGH RATIO OF SNOW TO LIQUID. TOTAL SNOWFALL
WAS A RECORD 36.4 INCHES...21.4 INCHES ABOVE NORMAL. THIS BROKE THE
PREVIOUS RECORD OF 35.5 INCHES SET IN 1908.

EVERY DAY THIS MONTH HAD A LOW TEMPERATURE BELOW FREEZING AND 24
DAYS HAD A HIGH TEMPERATURE OF 32 DEGREES OR COLDER. MEASURABLE
PRECIPITATION FELL ON 16 DAYS AND ONE DAY...THE FIRST...HAD OVER AN
INCH OF PRECIPITATION WHICH WAS ABOUT HALF OF THE MONTHLY TOTAL. THE
LOWEST SNOW DEPTH FOR THE MONTH WAS 3 INCHES AT 7AM ON THE FIRST.
THE LOWEST SNOW DEPTH AFTER THIS WAS 6 INCHES. THERE WERE 16 DAYS
WITH A SNOW DEPTH OF 10 INCHES OR GREATER. FEBRUARY 2015 TIES THE
YEARS OF 1967...1978 AND 1979 WITH 3 INCHES OR MORE OF SNOW DEPTH ON
EVERY DAY OF THE MONTH.

$$
LASHLEY
