000
CXUS53 KLMK 011518
CLMSDF


CLIMATE REPORT
NATIONAL WEATHER SERVICE LOUISVILLE KY
1012 AM EST THU DEC 1 2016

...................................

...THE LOUISVILLE KY CLIMATE SUMMARY FOR THE MONTH OF NOVEMBER 2016...

CLIMATE NORMAL PERIOD 1981 TO 2010
CLIMATE RECORD PERIOD 1871 TO 2016

WEATHER         OBSERVED          NORMAL  DEPART  LAST YEAR`S
                 VALUE   DATE(S)  VALUE   FROM    VALUE  DATE(S)
                                          NORMAL
................................................................
TEMPERATURE (F)
RECORD
 HIGH              85   11/02/2016
                        11/01/2016
                        07/10/1936
 LOW                    11/25/1950
HIGHEST            85R  11/02        MM      MM       79  11/04
                        11/01                             11/03
LOWEST             27   11/20        MM      MM       26  11/23
AVG. MAXIMUM     63.5              57.9     5.6     62.0
AVG. MINIMUM     41.9              39.5     2.4     43.7
MEAN             52.7              48.7     4.0     52.9
DAYS MAX >= 90      0               0.0     0.0        0
DAYS MAX <= 32      0               0.1    -0.1        0
DAYS MIN <= 32      6               7.1    -1.1        3
DAYS MIN <= 0       0               0.0     0.0        0

PRECIPITATION (INCHES)
RECORD
 MAXIMUM         9.12   1957
 MINIMUM         0.25   1904
TOTALS           1.65              3.59   -1.94     5.47
DAILY AVG.       0.05              0.12   -0.07     0.18
DAYS >= .01         6              10.1    -4.1       12
DAYS >= .10         4               6.3    -2.3        9
DAYS >= .50         1               2.9    -1.9        4
DAYS >= 1.00        0               0.8    -0.8        2
GREATEST
 24 HR. TOTAL    0.89   11/27 TO 11/28           11/18 TO 11/18
                        11/28 TO 11/28                    11/17 TO 11/18
                        11/28 TO 11/29                    11/18 TO 11/18
 STORM TOTAL       MM                                 MM
 (MM/DD(HH))            MM                    11/18(00) TO 11/18(00)
                                                 11/18(00) TO 11/18(00)8
                                                 11/18(00) TO 11/18(00)8

SNOWFALL (INCHES)
RECORDS
 TOTAL           13.2   5
                        0
 24 HR TOTAL     13.1   11/02/1966 TO 11/03/1966
 SNOW DEPTH         8   11/02/1966
TOTALS            0.0               0.1    -0.1      0.0
 LIQUID EQUIV    0.00              0.00    0.00     0.00
SINCE 7/1         0.0               0.2    -0.2      0.0
 LIQUID 7/1      0.00              0.00    0.00     0.00
SNOWDEPTH AVG.      0                MM      MM        0
DAYS >= TRACE       0               0.3    -0.3        0
DAYS >= 1.0         0               0.0     0.0        0
GREATEST
 SNOW DEPTH         0   MM                             0  MM
 24 HR TOTAL      0.0   11/30 TO 11/30           11/30 TO 11/30
                                                          11/18 TO 11/18
                                                          11/18 TO 11/18
 STORM TOTAL       MM                                 MM
 (MM/DD(HH))            MM                    11/30(00) TO 11/30(00)
                                                 11/18(00) TO 11/18(00)8
                                                 11/18(00) TO 11/18(00)8

DEGREE_DAYS
HEATING TOTAL     382               493    -111      366
 SINCE 7/1        467               735    -268      524
COOLING TOTAL      19                 4      15        9
 SINCE 1/1       2082              1613     469     1787

FREEZE DATES
RECORD
 EARLIEST     10/03/1974
 LATEST       05/10/1966
EARLIEST      11/13             10/25
LATEST                          04/15
.........................................................

WIND (MPH)
AVERAGE WIND SPEED              6.5
RESULTANT WIND SPEED/DIRECTION   1/221
HIGHEST WIND SPEED/DIRECTION    31/270    DATE  11/18
HIGHEST GUST SPEED/DIRECTION    40/260    DATE  11/18

SKY COVER
POSSIBLE SUNSHINE (PERCENT)   MM
AVERAGE SKY COVER           0.50
NUMBER OF DAYS FAIR           10
NUMBER OF DAYS PC             13
NUMBER OF DAYS CLOUDY          7

AVERAGE RH (PERCENT)     59

WEATHER CONDITIONS. NUMBER OF DAYS WITH
THUNDERSTORM              0     MIXED PRECIP               0
HEAVY RAIN                2     RAIN                       4
LIGHT RAIN                9     FREEZING RAIN              0
LT FREEZING RAIN          0     HAIL                       0
HEAVY SNOW                0     SNOW                       0
LIGHT SNOW                0     SLEET                      0
FOG                      14     FOG W/VIS <= 1/4 MILE      0
HAZE                     14

-  INDICATES NEGATIVE NUMBERS.
R  INDICATES RECORD WAS SET OR TIED.
MM INDICATES DATA IS MISSING.
T  INDICATES TRACE AMOUNT.

$$

SEVENTH WARMEST NOVEMEBR ON RECORD.
