559
CXUS56 KSEW 011112
CLMSEW


CLIMATE REPORT
NATIONAL WEATHER SERVICE SEATTLE WA
312 AM PST MON FEB 1 2016

...................................

...THE SEATTLE WA WFO CLIMATE SUMMARY FOR THE MONTH OF JANUARY 2016...

CLIMATE NORMAL PERIOD 1981 TO 2010
CLIMATE RECORD PERIOD 1986 TO 2016

WEATHER         OBSERVED          NORMAL  DEPART  LAST YEAR`S
                 VALUE   DATE(S)  VALUE   FROM    VALUE  DATE(S)
                                          NORMAL
................................................................
TEMPERATURE (F)
RECORD
 HIGH              64   01/19/2005
                        01/20/2005
 LOW               18   01/30/1996
HIGHEST            56   01/22        MM      MM       63  01/26
LOWEST             28   01/11        MM      MM       28  01/01
AVG. MAXIMUM     49.0              47.2     1.8     50.8
AVG. MINIMUM     37.9              37.0     0.9     40.0
MEAN             43.5              42.1     1.4     45.4
DAYS MAX >= 90      0               0.0     0.0        0
DAYS MAX <= 32      0               0.3    -0.3        0
DAYS MIN <= 32      8               6.4     1.6        4
DAYS MIN <= 0       0               0.0     0.0        0

PRECIPITATION (INCHES)
RECORD
 MAXIMUM        10.12   2006
 MINIMUM         2.20   1993
TOTALS           7.19              4.81    2.38     2.66
DAILY AVG.       0.23              0.16    0.07     0.09
DAYS >= .01        20              18.5     1.5       14
DAYS >= .10        14              12.1     1.9        8
DAYS >= .50         6               3.1     2.9        2
DAYS >= 1.00        1               0.7     0.3        0

SNOWFALL (INCHES)
TOTALS              T                                0.0
SINCE 7/1           T                                  T
SNOWDEPTH AVG.      0                                  0
GREATEST
 SNOW DEPTH         0                                  0  MM

DEGREE_DAYS
HEATING TOTAL     662               710     -48      600
 SINCE 7/1       2308              2563    -255     2020
COOLING TOTAL       0                 0       0        0
 SINCE 1/1          0                 0       0        0
.................................................................

WIND (MPH)
HIGHEST GUST SPEED/DIRECTION    MM        DATE   MM


WEATHER CONDITIONS. NUMBER OF DAYS WITH
THUNDERSTORM              0     MIXED PRECIP               0
HEAVY RAIN                1     RAIN                       7
LIGHT RAIN               21     FREEZING RAIN              0
LT FREEZING RAIN          0     HAIL                       0
HEAVY SNOW                0     SNOW                       0
LIGHT SNOW                1     SLEET                      0
FOG                      12     FOG W/VIS <= 1/4 MILE      0
HAZE                      0

-  INDICATES NEGATIVE NUMBERS.
R  INDICATES RECORD WAS SET OR TIED.
MM INDICATES DATA IS MISSING.
T  INDICATES TRACE AMOUNT.

$$
