000
CXUS45 KSLC 042055
CLMSLC

SLCCLMSLC 000
TTAA00 KSLC 042054

CLIMATE REPORT
NATIONAL WEATHER SERVICE SALT LAKE CITY UT
152 PM MST SUN JAN 4 2015

...................................

...THE SALT LAKE CITY UT CLIMATE SUMMARY FOR THE MONTH OF DECEMBER 2014...

CLIMATE NORMAL PERIOD 1981 TO 2010
CLIMATE RECORD PERIOD 1874 TO 2015

WEATHER         OBSERVED          NORMAL  DEPART  LAST YEAR`S
                 VALUE   DATE(S)  VALUE   FROM    VALUE  DATE(S)
                                          NORMAL
................................................................
TEMPERATURE (F)
RECORD
 HIGH              69   12/01/1995
 LOW              -21   12/13/1932
HIGHEST            63   12/12                         60  12/02
LOWEST              1   12/31                          4  12/09
AVG. MAXIMUM     45.3              38.0     7.3     32.5
AVG. MINIMUM     29.3              22.6     6.7     16.7
MEAN             37.3              30.3     7.0     24.6
DAYS MAX >= 90      0               0.0     0.0        0
DAYS MAX <= 32      5               8.0    -3.0       17
DAYS MIN <= 32     18              27.2    -9.2       28
DAYS MIN <= 0       0               0.3    -0.3        0

PRECIPITATION (INCHES)
TOTALS           1.40              1.41   -0.01     1.65
DAYS >= .01         9               9.9    -0.9        9
DAYS >= .10         4               4.5    -0.5        3
DAYS >= .50         1               0.5     0.5        1
DAYS >= 1.00        0               0.1    -0.1        0

SNOWFALL (INCHES)
TOTALS            5.7              13.2    -7.5     19.2
SINCE 7/1         6.5              22.2             22.7

DEGREE_DAYS
HEATING TOTAL     850              1076    -226     1244
 SINCE 7/1       1820              2294    -474     2291
COOLING TOTAL       0                 0       0        0
 SINCE 1/1       1244              1160      84     1768
.................................................................

WIND (MPH)
AVERAGE WIND SPEED              7.0
HIGHEST WIND SPEED/DIRECTION    29/170    DATE  12/24
HIGHEST GUST SPEED/DIRECTION    40/170    DATE  12/24


WEATHER CONDITIONS. NUMBER OF DAYS WITH
THUNDERSTORM              0     RAIN                       5
HAIL                      1     SNOW                       4
FOG                      17     FOG W/VIS <= 1/4 MILE      1
HAZE                      9

-  INDICATES NEGATIVE NUMBERS.
R  INDICATES RECORD WAS SET OR TIED.
MM INDICATES DATA IS MISSING.
T  INDICATES TRACE AMOUNT.

$$
