000
CXUS45 KSLC 012114
CLMSLC

SLCCLMSLC 000
TTAA00 KSLC 012110

CLIMATE REPORT
NATIONAL WEATHER SERVICE SALT LAKE CITY UT
310 PM MDT SAT JUL 1 2017

...................................

...THE SALT LAKE CITY UT CLIMATE SUMMARY FOR THE MONTH OF JUNE 2017...

CLIMATE NORMAL PERIOD 1981 TO 2010
CLIMATE RECORD PERIOD 1874 TO 2017

WEATHER         OBSERVED          NORMAL  DEPART  LAST YEAR`S
                 VALUE   DATE(S)  VALUE   FROM    VALUE  DATE(S)
                                          NORMAL
................................................................
TEMPERATURE (F)
RECORD
 HIGH             105   06/29/2013
                        06/28/2013
 LOW               32   06/06/1914
HIGHEST           101   06/20                        103  06/28
LOWEST             50   06/13                         55  06/16
                                                          06/12
AVG. MAXIMUM     89.1              83.0     6.1     90.9
AVG. MINIMUM     62.8              56.4     6.4     64.0
MEAN             75.9              69.7     6.2     77.5
DAYS MAX >= 90     14               8.0     6.0       20
DAYS MAX <= 32      0               0.0     0.0        0
DAYS MIN <= 32      0               0.0     0.0        0
DAYS MIN <= 0       0               0.0     0.0        0

PRECIPITATION (INCHES)
TOTALS           0.25              0.98   -0.73     0.52
DAYS >= .01         2               5.6    -3.6        3
DAYS >= .10         2               2.7    -0.7        2
DAYS >= .50         0               0.4    -0.4        0
DAYS >= 1.00        0               0.1    -0.1        0

SNOWFALL (INCHES)
TOTALS            0.0               0.0     0.0      0.0
SINCE 7/1        51.4              56.2             34.3

DEGREE_DAYS
HEATING TOTAL       4                46     -42        0
 SINCE 7/1       4785              5607    -822     4822
COOLING TOTAL     341               187     154      380
 SINCE 1/1        416               237     179      427
.................................................................

WIND (MPH)
AVERAGE WIND SPEED              8.6
HIGHEST WIND SPEED/DIRECTION    39/190    DATE  06/12
HIGHEST GUST SPEED/DIRECTION    53/190    DATE  06/12


WEATHER CONDITIONS. NUMBER OF DAYS WITH
THUNDERSTORM              2     RAIN                       2
HAIL                      0     SNOW                       0
FOG                       1     FOG W/VIS <= 1/4 MILE      0
HAZE                      6

-  INDICATES NEGATIVE NUMBERS.
R  INDICATES RECORD WAS SET OR TIED.
MM INDICATES DATA IS MISSING.
T  INDICATES TRACE AMOUNT.

$$
