000
CXUS56 KPQR 011426
CLMSLE


CLIMATE REPORT
NATIONAL WEATHER SERVICE PORTLAND OREGON
726 AM PDT TUE AUG 1 2017

...................................

...THE SALEM OR CLIMATE SUMMARY FOR THE MONTH OF JULY 2017...

CLIMATE NORMAL PERIOD 1981 TO 2010
CLIMATE RECORD PERIOD 1892 TO 2017

WEATHER         OBSERVED          NORMAL  DEPART  LAST YEAR`S
                 VALUE   DATE(S)  VALUE   FROM    VALUE  DATE(S)
                                          NORMAL
................................................................
TEMPERATURE (F)
HIGHEST            95                                 97  07/29
LOWEST             50                                 50  07/31
AVG. MAXIMUM     86.0              82.0     4.0     81.0
AVG. MINIMUM     54.3              53.1     1.2     56.0
MEAN             70.1              67.6     2.5     68.5
DAYS MAX >= 90      9               5.4     3.6        3
DAYS MAX <= 32      0               0.0     0.0        0
DAYS MIN <= 32      0               0.0     0.0        0
DAYS MIN <= 0       0               0.0     0.0        0

PRECIPITATION (INCHES)
RECORD
 MAXIMUM         2.72   1916
 MINIMUM         0.00   2013
                        2008
                        1967
TOTALS           0.00R             0.46   -0.46     0.45
DAYS >= .01         0               2.9    -2.9        4
DAYS >= .10         0               1.1    -1.1        2
DAYS >= .50         0               0.2    -0.2        0
DAYS >= 1.00        0               0.0     0.0        0
GREATEST
 24 HR. TOTAL    0.00   07/31 TO 07/31
                        07/30 TO 07/30
                        07/29 TO 07/29

DEGREE_DAYS
HEATING TOTAL       0                30     -30        5
 SINCE 7/1          0                30     -30        5
COOLING TOTAL     163               109      54      121
 SINCE 1/1        262               146     116      233
.................................................................

WIND (MPH)
AVERAGE WIND SPEED              6.7
RESULTANT WIND SPEED/DIRECTION   5/350
HIGHEST WIND SPEED/DIRECTION    22/020    DATE  07/23
HIGHEST GUST SPEED/DIRECTION    27/030    DATE  07/23

SKY COVER
POSSIBLE SUNSHINE (PERCENT)   MM
AVERAGE SKY COVER           0.10
NUMBER OF DAYS FAIR           27
NUMBER OF DAYS PC              3
NUMBER OF DAYS CLOUDY          0

AVERAGE RH (PERCENT)     55

WEATHER CONDITIONS. NUMBER OF DAYS WITH
THUNDERSTORM              0     MIXED PRECIP               0
HEAVY RAIN                0     RAIN                       0
LIGHT RAIN                0     FREEZING RAIN              0
LT FREEZING RAIN          0     HAIL                       0
HEAVY SNOW                0     SNOW                       0
LIGHT SNOW                0     SLEET                      0
FOG                       0     FOG W/VIS <= 1/4 MILE      0
HAZE                      1

-  INDICATES NEGATIVE NUMBERS.
R  INDICATES RECORD WAS SET OR TIED.
MM INDICATES DATA IS MISSING.
T  INDICATES TRACE AMOUNT.

$$
