000
CXAK58 PASN 011150
CLMSNP

CLIMATE REPORT
NATIONAL WEATHER SERVICE ST PAUL, AK
350 AM AKDT WED OCT 1 2014

...................................

...THE ST PAUL AIRPORT CLIMATE SUMMARY FOR THE MONTH OF SEPTEMBER 2014...

CLIMATE NORMAL PERIOD 1981 TO 2010
CLIMATE RECORD PERIOD 1949 TO 2014

WEATHER         OBSERVED          NORMAL  DEPART  LAST YEAR`S
                 VALUE   DATE(S)  VALUE   FROM    VALUE  DATE(S)
                                          NORMAL
................................................................
TEMPERATURE (F)
RECORD
 HIGH              61   9/10/1979
 LOW               22   9/25/1992
HIGHEST            58   9/05         50       8      53  9/02
LOWEST             33   9/22         28       5      30  9/28
AVG. MAXIMUM       54.0              49.6     4.4    49.3
AVG. MINIMUM       45.0              41.1     3.9    40.6
MEAN               49.5              45.3     4.2    45.0
DAYS MAX >= 90      0                 0.0     0.0     0
DAYS MAX <= 32      0                 0.0     0.0     0
DAYS MAX >= 80      0                 0.0     0.0     0
DAYS MAX >= 70      0                 0.0     0.0     0
DAYS MIN <= 32      0                 2.2    -2.2     2
DAYS MIN <= 0       0                 0.0     0.0     0

PRECIPITATION (INCHES)
RECORD
 MAXIMUM            5.65   2005
 MINIMUM            0.62   1977
TOTALS              3.57              2.99    0.58    3.01
DAILY AVG.          0.12              0.10    0.02    0.10
DAYS >= .01        17                17.9    -0.9    16
DAYS >= .10         9                 7.7     1.3     7
DAYS >= .50         2                 1.4     0.6     3
DAYS >= 1.0         0                 0.3    -0.3     0
GREATEST
 24 HR TOTAL        0.81   9/11                       0.63  9/24

SNOWFALL (INCHES)
RECORDS
 TOTAL              3.0   1996
 24 HR TOTAL        3.0   9-05-1996
 SNOW DEPTH         0     9-30-2010
TOTALS              0.0               0.0     0.0     0.0
SINCE 7/1           0.0               0.1    -0.1     0.0
SNOWDEPTH AVG.      0                 0       0       0
DAYS >= TRACE       0                 1.2    -1.2     0
DAYS >= 1.0         0                 0.0    -0.0     0
DAYS >= 6.0         0                 0.0     0.0     0
GREATEST
 SNOW DEPTH         0   MM                            0  MM
 24 HR TOTAL      0.0   MM                          0.0  MM

DEGREE_DAYS
HEATING TOTAL     459               591    -132     592
 SINCE 7/1       1276              1643    -367    1635
COOLING TOTAL       0                 0       0       0
 SINCE 1/1          0                 0       0       0
................................................................

WIND (MPH)
AVERAGE WIND SPEED               12.2
HIGHEST WIND SPEED/DIRECTION     41/110    DATE   09/13
HIGHEST GUST SPEED/DIRECTION     53/100    DATE   09/13

SKY COVER
POSSIBLE SUNSHINE (PERCENT)   MM
AVERAGE SKY COVER             MM
NUMBER OF DAYS FAIR           MM
NUMBER OF DAYS PC             MM
NUMBER OF DAYS CLOUDY         MM

AVERAGE RH (PERCENT)     MM

WEATHER CONDITIONS. NUMBER OF DAYS WITH
THUNDERSTORM              0     ICE PELLETS                 0
RAIN                     22     GLAZE                       0
DRIZZLE                   0     HAIL                        0
SNOW                      0     HAZE                        4
FOG                      22     FOG W/VIS <= 1/4 MILE       3
BLOWING SNOW              0


-  INDICATES NEGATIVE NUMBERS.
R  INDICATES RECORD WAS SET OR TIED.
MM INDICATES DATA IS MISSING.
T  INDICATES TRACE AMOUNT.

&&
...WARMEST SEPTEMBER IN HISTORY WITH MORE RAINFALL FOR SAINT PAUL...


SEPTEMBER 2014 FOR ST PAUL HAS OFFICIALLY SET THE RECORD AS ONE OF THE WARMEST IN
RECORDED HISTORY WITH TWENTY TIED OR BROKEN HIGH TEMPERATURE RECORDS. THE BEGINNING
OF THE MONTH BEGAN WITH HIGH PRESSURE BUILT OVER THE AREA...CREATING MOSTLY SUNNY
DAYS...WHICH CREATED RECORD MAXIMUM HIGH CONDITIONS THE 1ST...4TH...AND 5TH.
TOWARDS THE MIDDLE OF SEPTEMBER... A VIGOROUS LOW PRESSURE CAME THROUGH...GIVING ST
PAUL THE BULK OF ITS SEPTEMBER PRECIPITATION...INCLUDING A RECORD AMOUNT ON THE
11TH.  SOUTHERLY FLOW AND OVERCAST SKIES ALSO CONTRIBUTED TO THE HIGH MINIMUMS
DURING THIS PERIOD.  FOLLOWING A SUCCEEDING SERIES OF MINOR LOWS...HIGH PRESSURE
BUILT BACK OVER THE PRIBILOFS THROUGH THE END OF THE MONTH...CONTRIBUTING TO A FEW
MORE MAXIMUM HIGH RECORDS.


MONTHLY TEMPERATURE AVERAGES WERE ONCE AGAIN IN THE TOP TEN ON RECORD FOR THE MONTH
OF  SEPTEMBER. THE AVERAGE MAXIMUM TEMPERATURE WAS THE WARMEST... THE AVERAGE
MINIMUM TEMPERATURE WAS THE SECOND WARMEST... AND THE OVERALL AVERAGE MONTHLY
TEMPERATURE WAS THE WARMEST ON RECORD. ON AVERAGE...THE DAILY MAXIMUM TEMPERATURE
WAS 4.4 DEGREES WARMER THAN NORMAL. ST PAUL TIED SIX AND BROKE SEVEN RECORD MAXIMUM
TEMPERATURES... AND TIED ONE AND BROKE SEVEN HIGH MINIMUMS...FOR A TOTAL OF TWENTY-
ONE NEW TEMPERATURE RECORDS.


PRECIPITATION FOR SEPTEMBER 2014 WAS SLIGHTLY ABOVE NORMAL AS WELL... WITH TOTAL
ACCUMULATION 0.58 ABOVE NORMAL OF THE MONTHLY AVERAGE.  17 DAYS HAD PRECIPITATION
GREATER THAN 0.01... WITH THE 11TH SETTING A RECORD FOR 0.81 INCHES IN ONE DAY.

$$
WIW OCT 14
