000
CXAK58 PASN 011554
CLMSNP


CLIMATE REPORT
NATIONAL WEATHER SERVICE ANCHORAGE, AK
654 AM AKST WED FEB 1 2017

...................................

...THE SAINT PAUL ISLAND CLIMATE SUMMARY FOR THE MONTH OF JANUARY 2017...

CLIMATE NORMAL PERIOD 1981 TO 2010
CLIMATE RECORD PERIOD 1892 TO 2017

WEATHER         OBSERVED          NORMAL  DEPART  LAST YEAR`S
                 VALUE   DATE(S)  VALUE   FROM    VALUE  DATE(S)
                                          NORMAL
................................................................
TEMPERATURE (F)
RECORD
 HIGH              44   MM
 LOW                4   01/21/2017
                        01/15/2017
                        01/19/1947
HIGHEST            39                MM      MM       46
LOWEST              4R               MM      MM       12
AVG. MAXIMUM     30.0              29.1     0.9     35.8
AVG. MINIMUM     20.9              21.1    -0.2     26.8
MEAN             25.4              25.1     0.3     31.3
DAYS MAX >= 90      0               0.0     0.0        0
DAYS MAX <= 32     20              16.4     3.6        4
DAYS MIN <= 32     27              26.1     0.9       24
DAYS MIN <= 0       0               0.8    -0.8        0

PRECIPITATION (INCHES)
RECORD
 MAXIMUM           MM   MM
 MINIMUM           MM   MM
TOTALS           3.55              1.58    1.97     1.62
DAILY AVG.       0.12              0.05    0.07     0.05
DAYS >= .01        18              17.4     0.6       23
DAYS >= .10         8               5.1     2.9        4
DAYS >= .50         2               0.2     1.8        0
DAYS >= 1.00        1               0.0     1.0        0
GREATEST
 24 HR. TOTAL    4.50   01/22 TO 01/23           01/09 TO 01/09
                                                          01/12 TO 01/12
                                                          01/12 TO 01/12
 STORM TOTAL       MM                                 MM
 (MM/DD(HH))            MM                    01/09(00) TO 01/09(00)
                                                 01/12(00) TO 01/12(00)2
                                                 01/12(00) TO 01/12(00)2

SNOWFALL (INCHES)
RECORDS
 TOTAL             MM   MM
 24 HR TOTAL       MM
 SNOW DEPTH        MM   MM
TOTALS           27.9              12.6    15.3      0.0
SINCE 7/1        38.1              35.0     3.1      0.0
SNOWDEPTH AVG.      7                 5       2        0
DAYS >= TRACE      26              15.2    10.8        0
DAYS >= 1.0         9               4.3     4.7
GREATEST
 SNOW DEPTH        19   01/25                          6  01/29
                        01/24
 24 HR TOTAL      5.6   MM                       01/12 TO 01/12
                                                          01/12 TO 01/12
                                                          01/12 TO 01/12
 STORM TOTAL       MM                                 MM
 (MM/DD(HH))            MM

DEGREE_DAYS
HEATING TOTAL    1219              1237     -18      971
 SINCE 7/1       4744              5779   -1035     4375
COOLING TOTAL       0                 0       0        0
 SINCE 1/1          0                 0       0        0

FREEZE DATES
RECORD
 EARLIEST     MM
 LATEST       MM
EARLIEST                        MM
LATEST                          MM
...................................................

WIND (MPH)
AVERAGE WIND SPEED              16.5
RESULTANT WIND SPEED/DIRECTION   4/067
HIGHEST WIND SPEED/DIRECTION    58/080    DATE  01/22
HIGHEST GUST SPEED/DIRECTION    68/070    DATE  01/22

SKY COVER
POSSIBLE SUNSHINE (PERCENT)   MM
AVERAGE SKY COVER           0.80
NUMBER OF DAYS FAIR            2
NUMBER OF DAYS PC             10
NUMBER OF DAYS CLOUDY         19

AVERAGE RH (PERCENT)     84

WEATHER CONDITIONS. NUMBER OF DAYS WITH
THUNDERSTORM              0     MIXED PRECIP               0
HEAVY RAIN                0     RAIN                       1
LIGHT RAIN                2     FREEZING RAIN              0
LT FREEZING RAIN          0     HAIL                       1
HEAVY SNOW                8     SNOW                      15
LIGHT SNOW               25     SLEET                      0
FOG                      24     FOG W/VIS <= 1/4 MILE      7
HAZE                     12

-  INDICATES NEGATIVE NUMBERS.
R  INDICATES RECORD WAS SET OR TIED.
MM INDICATES DATA IS MISSING.
T  INDICATES TRACE AMOUNT.

$$
