000
CXUS55 KCYS 012035 CCA
CLMSNY


CLIMATE REPORT...CORRECTED
NATIONAL WEATHER SERVICE CHEYENNE WY
135 PM MST THU FEB 1 2018

...................................

...THE SIDNEY NE AIRPORT CLIMATE SUMMARY FOR THE MONTH OF JANUARY 2018...

CLIMATE NORMAL PERIOD 1981 TO 2010
CLIMATE RECORD PERIOD 1948 TO 2018

WEATHER         OBSERVED          NORMAL  DEPART  LAST YEAR`S
                 VALUE   DATE(S)  VALUE   FROM    VALUE
                                          NORMAL
.............................................................
TEMPERATURE (F)
RECORD
 HIGH              74   01/05/2012
 LOW              -30   01/19/1963
HIGHEST            63   01/18        MM      MM       59
LOWEST            -14   01/16        MM      MM      -19
AVG. MAXIMUM     42.5              42.1     0.4     37.3
AVG. MINIMUM     14.5              16.3    -1.8     13.8
MEAN             28.5              29.2    -0.7     25.5
DAYS MAX >= 90      0               0.0                0
DAYS MAX <= 32      8               6.2                9
DAYS MIN <= 32     31              29.9               31
DAYS MIN <= 0       4               2.3                3

PRECIPITATION (INCHES)
RECORD
 MAXIMUM         1.12   1978
 MINIMUM         0.00   1998
                        1986
                        1981
TOTALS           0.11              0.20   -0.09     0.36
DAYS >= .01         2               3.3    -1.3        5
DAYS >= .10         0               0.6    -0.6        1
DAYS >= .50         0               0.0     0.0        0
DAYS >= 1.00        0               0.0     0.0        0
GREATEST
 24 HR. TOTAL    0.08   01/10 TO 01/10

DEGREE_DAYS
HEATING TOTAL    1127              1110      17     1217
 SINCE 7/1       3755              3657      98     3412
COOLING TOTAL       0                 0       0        0
 SINCE 1/1          0                 0       0        0
..............................................................

WIND (MPH)
AVERAGE WIND SPEED              10.9
HIGHEST WIND SPEED/DIRECTION    39/350    DATE  01/10
HIGHEST GUST SPEED/DIRECTION    46/350    DATE  01/10

SKY COVER
POSSIBLE SUNSHINE (PERCENT)    0
AVERAGE SKY COVER           0.20
NUMBER OF DAYS FAIR           25
NUMBER OF DAYS PC              3
NUMBER OF DAYS CLOUDY          3

AVERAGE RH (PERCENT)     67

WEATHER CONDITIONS. NUMBER OF DAYS WITH
THUNDERSTORMS  0MIXED PRECIP0
HEAVY RAIN  0RAIN1
LIGHT RAIN  1 FREEZING RAIN0
LT FREEZING RAIN  0HAIL0
HEAVY SNOW  0SNOW1
LIGHT SNOW  9SLEET0
FOG    8FOG W/VIS <= 1/4 MILE0
HAZE                  0

-  INDICATES NEGATIVE NUMBERS.
R  INDICATES RECORD WAS SET OR TIED.
MM INDICATES DATA IS MISSING.
T  INDICATES TRACE AMOUNT.

$$
