000
CXUS54 KBMX 011416
CLMTCL


CLIMATE REPORT
NATIONAL WEATHER SERVICE BIRMINGHAM, AL
915 AM CDT WED JUL 1 2015

...................................

...THE TUSCALOOSA CLIMATE SUMMARY FOR THE MONTH OF JUNE 2015...

CLIMATE NORMAL PERIOD 1994 TO 1994
CLIMATE RECORD PERIOD 1994 TO 2015

WEATHER         OBSERVED          NORMAL  DEPART  LAST YEAR`S
                 VALUE   DATE(S)  VALUE   FROM    VALUE  DATE(S)
                                          NORMAL
................................................................
TEMPERATURE (F)
RECORD
 HIGH             105   06/29/2012
                        06/27/1954
                        06/28/1952
 LOW               45   06/01/1984
                        06/03/1956
HIGHEST            99   06/24        MM      MM       94  06/21
                                                          06/18
LOWEST             60   06/03        MM      MM       65  06/14
AVG. MAXIMUM     91.2              89.3     1.9     89.1
AVG. MINIMUM     69.6              67.5     2.1     69.4
MEAN             80.4                               79.2
DAYS MAX >= 90     21              14.3     6.7       17
DAYS MAX <= 32      0               0.0     0.0        0
DAYS MIN <= 32      0               0.0     0.0        0
DAYS MIN <= 0       0               0.0     0.0        0

PRECIPITATION (INCHES)
RECORD
 MAXIMUM        11.98   1989
 MINIMUM         0.48   2012
TOTALS           1.70              4.77   -3.07     5.15
DAILY AVG.       0.06              0.16   -0.10
DAYS >= .01         9               9.5    -0.5
DAYS >= .10         5               6.9    -1.9
DAYS >= .50         1               3.3    -2.3
DAYS >= 1.00        0               1.6    -1.6

DEGREE_DAYS
COOLING TOTAL     470               403      67      434
 SINCE 1/1        831               714     117      724
.................................................................

WIND (MPH)
AVERAGE WIND SPEED              4.3
HIGHEST WIND SPEED/DIRECTION    31/200    DATE  06/13
HIGHEST GUST SPEED/DIRECTION    40/200    DATE  06/13

AVERAGE RH (PERCENT)     70

WEATHER CONDITIONS. NUMBER OF DAYS WITH
THUNDERSTORM              0     MIXED PRECIP               0
HEAVY RAIN                6     RAIN                       6
LIGHT RAIN               10     FREEZING RAIN              0
LT FREEZING RAIN          0     HAIL                       0
HEAVY SNOW                0     SNOW                       0
LIGHT SNOW                0     SLEET                      0
FOG                      26     FOG W/VIS <= 1/4 MILE      0
HAZE                     18

-  INDICATES NEGATIVE NUMBERS.
R  INDICATES RECORD WAS SET OR TIED.
MM INDICATES DATA IS MISSING.
T  INDICATES TRACE AMOUNT.

$$
