000
CXUS54 KBMX 011154
CLMTCL


CLIMATE REPORT
NATIONAL WEATHER SERVICE BIRMINGHAM, AL
553 AM CST THU DEC 1 2016

...................................

...THE TUSCALOOSA CLIMATE SUMMARY FOR THE MONTH OF NOVEMBER 2016...

CLIMATE NORMAL PERIOD 1981 TO 2010
CLIMATE RECORD PERIOD 1948 TO 2016

WEATHER         OBSERVED          NORMAL  DEPART  LAST YEAR`S
                 VALUE   DATE(S)  VALUE   FROM    VALUE  DATE(S)
                                          NORMAL
................................................................
TEMPERATURE (F)
RECORD
 HIGH              89   11/01/2016
 LOW               10   11/25/1950
HIGHEST            89R  11/01        MM      MM       83  11/06
LOWEST             25   11/27        MM      MM       26  11/23
AVG. MAXIMUM     73.0              67.1     5.9     69.5
AVG. MINIMUM     42.0              42.7    -0.7     49.4
MEAN             57.5                               59.5
DAYS MAX >= 90      0               0.0     0.0        0
DAYS MAX <= 32      0               0.0     0.0        0
DAYS MIN <= 32      5               5.1    -0.1        3
DAYS MIN <= 0       0               0.0     0.0        0

PRECIPITATION (INCHES)
RECORD
 MAXIMUM        14.25   1948
 MINIMUM         0.67   1949
TOTALS           2.53              5.08   -2.55     5.47
DAILY AVG.       0.08              0.17   -0.09
DAYS >= .01         2               9.1    -7.1
DAYS >= .10         2               6.5    -4.5
DAYS >= .50         2               3.8    -1.8
DAYS >= 1.00        2               1.9     0.1

DEGREE_DAYS
HEATING TOTAL     238               320     -82      204
 SINCE 7/1        259               437    -178      263
.................................................................

WIND (MPH)
AVERAGE WIND SPEED              3.9
HIGHEST WIND SPEED/DIRECTION    39/170    DATE  11/28
HIGHEST GUST SPEED/DIRECTION    53/170    DATE  11/28

AVERAGE RH (PERCENT)     63

WEATHER CONDITIONS. NUMBER OF DAYS WITH
THUNDERSTORM              0     MIXED PRECIP               0
HEAVY RAIN                2     RAIN                       2
LIGHT RAIN                5     FREEZING RAIN              0
LT FREEZING RAIN          0     HAIL                       0
HEAVY SNOW                0     SNOW                       0
LIGHT SNOW                0     SLEET                      0
FOG                      13     FOG W/VIS <= 1/4 MILE      3
HAZE                      4

-  INDICATES NEGATIVE NUMBERS.
R  INDICATES RECORD WAS SET OR TIED.
MM INDICATES DATA IS MISSING.
T  INDICATES TRACE AMOUNT.

$$
