000
CXUS55 KCYS 082006
CLMTOR


CLIMATE REPORT
NATIONAL WEATHER SERVICE CHEYENNE WY
204 PM MDT FRI MAY 8 2015

...................................

...THE TORRINGTON WY AIRPORT CLIMATE SUMMARY FOR THE MONTH OF APRIL 2015...

CLIMATE NORMAL PERIOD 1981 TO 2010
CLIMATE RECORD PERIOD 1998 TO 2015

WEATHER         OBSERVED          NORMAL  DEPART  LAST YEAR`S
                 VALUE   DATE(S)  VALUE   FROM    VALUE
                                          NORMAL
.............................................................
TEMPERATURE (F)
RECORD
 HIGH              90   04/24/2012
 LOW                2   04/11/2013
                        04/04/1999
                        02/06/1989
HIGHEST            80   04/14        MM      MM       82
LOWEST             22   04/04        MM      MM       13
                        04/03
AVG. MAXIMUM     63.1              61.2     1.9     61.3
AVG. MINIMUM     32.3              32.3     0.0     31.9
MEAN             47.7              46.7     1.0     46.6
DAYS MAX >= 90      0               0.0                0
DAYS MAX <= 32      0               0.5                0
DAYS MIN <= 32     15              13.9               13
DAYS MIN <= 0       0               0.0                0

PRECIPITATION (INCHES)
RECORD
 MAXIMUM         2.93   2009
 MINIMUM         0.00   2011
TOTALS           3.19R             1.66    1.53     1.14
DAYS >= .01        11                MM      MM        7
DAYS >= .10         7                MM      MM        3
DAYS >= .50         3                MM      MM        1
DAYS >= 1.00        0                MM      MM        0
GREATEST
 24 HR. TOTAL    1.33   04/17 TO 04/18

DEGREE_DAYS
HEATING TOTAL     512               548     -36      543
 SINCE 7/1       5872              6232    -360     6509
COOLING TOTAL       0                 1      -1        0
 SINCE 1/1          0                 1      -1        0
..............................................................

WIND (MPH)
AVERAGE WIND SPEED              9.9
HIGHEST WIND SPEED/DIRECTION    38/300    DATE  04/15
HIGHEST GUST SPEED/DIRECTION    47/270    DATE  04/12

SKY COVER
POSSIBLE SUNSHINE (PERCENT)   MM
AVERAGE SKY COVER           0.40
NUMBER OF DAYS FAIR           15
NUMBER OF DAYS PC              9
NUMBER OF DAYS CLOUDY          4

AVERAGE RH (PERCENT)     57

WEATHER CONDITIONS. NUMBER OF DAYS WITH
THUNDERSTORM              0     MIXED PRECIP               0
HEAVY RAIN                2     RAIN                       7
LIGHT RAIN               10     FREEZING RAIN              0
LT FREEZING RAIN          0     HAIL                       0
HEAVY SNOW                0     SNOW                       0
LIGHT SNOW                4     SLEET                      0
FOG                      11     FOG W/VIS <= 1/4 MILE      0
HAZE                      2

-  INDICATES NEGATIVE NUMBERS.
R  INDICATES RECORD WAS SET OR TIED.
MM INDICATES DATA IS MISSING.
T  INDICATES TRACE AMOUNT.

$$
