322
CXUS55 KCYS 031624
CLMTOR


CLIMATE REPORT
NATIONAL WEATHER SERVICE CHEYENNE WY
1024 AM MDT THU NOV 3 2016

...................................

...THE TORRINGTON WY AIRPORT CLIMATE SUMMARY FOR THE MONTH OF OCTOBER 2016...

CLIMATE NORMAL PERIOD 1981 TO 2010
CLIMATE RECORD PERIOD 1998 TO 2016

WEATHER         OBSERVED          NORMAL  DEPART  LAST YEAR`S
                 VALUE   DATE(S)  VALUE   FROM    VALUE
                                          NORMAL
.............................................................
TEMPERATURE (F)
RECORD
 HIGH              90   10/02/2005
                        10/09/2003
 LOW               11   10/27/2011
                        10/30/2002
HIGHEST            85   10/10        MM      MM       88
LOWEST             24   10/07        MM      MM       24
AVG. MAXIMUM     71.9              63.3     8.6     67.7
AVG. MINIMUM     36.0              33.4     2.6     40.0
MEAN             54.0              48.3     5.7     53.9
DAYS MAX >= 90      0               0.1                0
DAYS MAX <= 32      0               0.5                0
DAYS MIN <= 32     10              11.9                6
DAYS MIN <= 0       0               0.0                0

PRECIPITATION (INCHES)
RECORD
 MAXIMUM         3.94   2013
 MINIMUM         0.10   2014
TOTALS           0.20              1.07   -0.87     0.74
DAYS >= .01         3                MM      MM        5
DAYS >= .10         1                MM      MM        1
DAYS >= .50         0                MM      MM        1
DAYS >= 1.00        0                MM      MM        0
GREATEST
 24 HR. TOTAL    0.15   10/03 TO 10/03

DEGREE_DAYS
HEATING TOTAL     338               516    -178      341
 SINCE 7/1        460               710    -250      416
COOLING TOTAL       2                 0       2        2
 SINCE 1/1        821               678     143      721
..............................................................

WIND (MPH)
AVERAGE WIND SPEED              8.7
HIGHEST WIND SPEED/DIRECTION    48/270    DATE  10/17
HIGHEST GUST SPEED/DIRECTION    65/270    DATE  10/17

SKY COVER
POSSIBLE SUNSHINE (PERCENT)   MM
AVERAGE SKY COVER           0.10
NUMBER OF DAYS FAIR           23
NUMBER OF DAYS PC              8
NUMBER OF DAYS CLOUDY          0

AVERAGE RH (PERCENT)     51

WEATHER CONDITIONS. NUMBER OF DAYS WITH
THUNDERSTORM              0     MIXED PRECIP               0
HEAVY RAIN                0     RAIN                       1
LIGHT RAIN                7     FREEZING RAIN              0
LT FREEZING RAIN          0     HAIL                       0
HEAVY SNOW                0     SNOW                       0
LIGHT SNOW                0     SLEET                      0
FOG                       3     FOG W/VIS <= 1/4 MILE      1
HAZE                      0

-  INDICATES NEGATIVE NUMBERS.
R  INDICATES RECORD WAS SET OR TIED.
MM INDICATES DATA IS MISSING.
T  INDICATES TRACE AMOUNT.

$$
