000
CXUS52 KTBW 011346
CLMTPA


CLIMATE REPORT
NATIONAL WEATHER SERVICE TAMPA BAY FL
945 AM EDT MON AUG 1 2016

...................................

...THE TAMPA CLIMATE SUMMARY FOR THE MONTH OF JULY 2016...

 ...TIED FOR WARMEST JULY SINCE RECORDS BEGAN IN 1890...

CLIMATE NORMAL PERIOD 1981 TO 2010
CLIMATE RECORD PERIOD 1890 TO 2016

WEATHER         OBSERVED          NORMAL  DEPART  LAST YEAR`S
                 VALUE   DATE(S)  VALUE   FROM    VALUE  DATE(S)
                                          NORMAL
................................................................
TEMPERATURE (F)
ALL-TIME JULY RECORD
 HIGH              98   07/21/1942
                        07/20/1942
 LOW               62   07/14/1890

JULY 2016
HIGHEST            96   07/17        MM      MM       97  07/11
LOWEST             73   07/24        MM      MM       72  07/04
                        07/12
AVG. MAXIMUM     92.2              90.1     2.1     89.2
AVG. MINIMUM     77.5              75.9     1.6     77.2
MEAN             84.9              83.0     1.9     83.2
DAYS MAX >= 90     29              17.0    12.0       14
DAYS MAX <= 32      0               0.0     0.0        0
DAYS MIN <= 32      0               0.0     0.0        0
DAYS MIN <= 0       0               0.0     0.0        0

PRECIPITATION (INCHES)
ALL-TIME JULY RECORD
 MAXIMUM        20.59   1960
 MINIMUM         1.65   1981

JULY 2016
TOTALS           6.34              7.07   -0.73    11.84
DAILY AVG.       0.20              0.23   -0.03     0.38
DAYS >= .01        15              15.9    -0.9       22
DAYS >= .10         9              10.6    -1.6       13
DAYS >= .50         5               4.8     0.2        6
DAYS >= 1.00        3               2.1     0.9        5
GREATEST
 24 HR. TOTAL    1.34   07/26 TO 07/26

DEGREE_DAYS
HEATING TOTAL       0                 0       0        0
 SINCE 7/1          0                 0       0        0
COOLING TOTAL     624               558      66      573
 SINCE 1/1       2195              1951     244     2337
.................................................................

WIND (MPH)
AVERAGE WIND SPEED              5.0
HIGHEST WIND SPEED/DIRECTION    26/250    DATE  07/26
HIGHEST GUST SPEED/DIRECTION    39/210    DATE  07/26

SKY COVER
POSSIBLE SUNSHINE (PERCENT)   MM
AVERAGE SKY COVER           0.50
NUMBER OF DAYS FAIR            1
NUMBER OF DAYS PC             29
NUMBER OF DAYS CLOUDY          1

AVERAGE RH (PERCENT)     72

WEATHER CONDITIONS. NUMBER OF DAYS WITH
THUNDERSTORM             27     MIXED PRECIP               0
HEAVY RAIN                4     RAIN                       8
LIGHT RAIN               20     FREEZING RAIN              0
LT FREEZING RAIN          0     HAIL                       0
HEAVY SNOW                0     SNOW                       0
LIGHT SNOW                0     SLEET                      0
FOG                      12     FOG W/VIS <= 1/4 MILE      0
HAZE                      8
.................................................................

REMARKS
THE JULY 2016 MONTHLY AVERAGE TEMPERATURE OF 84.9 DEGREES TIES
WITH 1932 AS THE WARMEST JULY SINCE RECORDS BEGAN IN 1890.

THE JULY 2016 MONTHLY RAINFALL TOTAL OF 6.34 INCHES RANKS AS THE
83RD WETTEST/45TH DRIEST JULY SINCE RECORDS BEGAN IN 1890.


-  INDICATES NEGATIVE NUMBERS.
R  INDICATES RECORD WAS SET OR TIED.
MM INDICATES DATA IS MISSING.
T  INDICATES TRACE AMOUNT.

$$
