000
CXUS56 KPQR 011503
CLMTTD


CLIMATE REPORT
NATIONAL WEATHER SERVICE PORTLAND OREGON
803 AM PDT FRI APR 1 2016

...................................

...THE TROUTDALE OR CLIMATE SUMMARY FOR THE MONTH OF MARCH 2016...

CLIMATE NORMAL PERIOD 1981 TO 2010
CLIMATE RECORD PERIOD 1948 TO 2016

WEATHER         OBSERVED          NORMAL  DEPART  LAST YEAR`S
                 VALUE   DATE(S)  VALUE   FROM    VALUE  DATE(S)
                                          NORMAL
................................................................
TEMPERATURE (F)
HIGHEST            74                                 73  03/26
LOWEST             30                                 29  03/05
                                                          03/04
                                                          03/03
AVG. MAXIMUM     57.5              56.3     1.2     63.3
AVG. MINIMUM     42.6              38.5     4.1     41.6
MEAN             50.0              47.4     2.6     52.5
DAYS MAX >= 90      0               0.0     0.0        0
DAYS MAX <= 32      0               0.0     0.0        0
DAYS MIN <= 32      1               3.4    -2.4        5
DAYS MIN <= 0       0               0.0     0.0        0

PRECIPITATION (INCHES)
RECORD
 MAXIMUM           MM   MM
 MINIMUM           MM   MM
TOTALS           4.57              4.64   -0.07     4.48
DAYS >= .01        22              17.8     4.2       11
DAYS >= .10        16              12.3     3.7        9
DAYS >= .50         1               2.6    -1.6        3
DAYS >= 1.00        0               0.5    -0.5        1
GREATEST
 24 HR. TOTAL    0.85   03/12 TO 03/13

DEGREE_DAYS
HEATING TOTAL     456               546     -90      381
 SINCE 7/1       3066              3862    -796     2826
COOLING TOTAL       0                 0       0        0
 SINCE 1/1          0                 0                0
.................................................................

WIND (MPH)
AVERAGE WIND SPEED              9.1
RESULTANT WIND SPEED/DIRECTION   5/112
HIGHEST WIND SPEED/DIRECTION    35/090    DATE  03/09
HIGHEST GUST SPEED/DIRECTION    44/090    DATE  03/01

SKY COVER
POSSIBLE SUNSHINE (PERCENT)   MM
AVERAGE SKY COVER           0.60
NUMBER OF DAYS FAIR            7
NUMBER OF DAYS PC              8
NUMBER OF DAYS CLOUDY         16

AVERAGE RH (PERCENT)     69

WEATHER CONDITIONS. NUMBER OF DAYS WITH
THUNDERSTORM              0     MIXED PRECIP               0
HEAVY RAIN                2     RAIN                       3
LIGHT RAIN               24     FREEZING RAIN              0
LT FREEZING RAIN          0     HAIL                       0
HEAVY SNOW                0     SNOW                       0
LIGHT SNOW                0     SLEET                      0
FOG                      16     FOG W/VIS <= 1/4 MILE      1
HAZE                      3

-  INDICATES NEGATIVE NUMBERS.
R  INDICATES RECORD WAS SET OR TIED.
MM INDICATES DATA IS MISSING.
T  INDICATES TRACE AMOUNT.

$$
