177
CXUS54 KMEG 021424
CLMTUP


CLIMATE REPORT
NATIONAL WEATHER SERVICE MEMPHIS TN
814 AM CST THU MAR 2 2017

...................................

...THE TUPELO CLIMATE SUMMARY FOR THE MONTH OF FEBRUARY 2017...

CLIMATE NORMAL PERIOD 1981 TO 2010
CLIMATE RECORD PERIOD 1930 TO 2017

WEATHER         OBSERVED          NORMAL  DEPART  LAST YEAR`S
                 VALUE   DATE(S)  VALUE   FROM    VALUE  DATE(S)
                                          NORMAL
................................................................
TEMPERATURE (F)
RECORD
 HIGH              84   02/23/1996
 LOW               -3   02/01/1936
HIGHEST            80   02/24        55      25       73  02/29
                                                          02/19
                                                          02/02
LOWEST             22   02/04        34     -12       20  02/10
AVG. MAXIMUM     65.6              56.6     9.0     58.6
AVG. MINIMUM     42.2              35.3     6.9     37.0
MEAN             53.9              45.9     8.0     47.8
DAYS MAX >= 90      0               0.0     0.0        0
DAYS MAX <= 32      0               0.5    -0.5        0
DAYS MIN <= 32      5              10.9    -5.9       13
DAYS MIN <= 0       0               0.0     0.0        0

PRECIPITATION (INCHES)
RECORD
 MAXIMUM        10.91   1948
 MINIMUM         1.20   1978
TOTALS           2.70              4.96   -2.26     3.33
DAILY AVG.       0.10              0.18   -0.08     0.11
DAYS >= .01        11              10.1     0.9        7
DAYS >= .10         6               6.8    -0.8        4
DAYS >= .50         2               3.4    -1.4        3
DAYS >= 1.00        0               1.6    -1.6        2
GREATEST
 24 HR. TOTAL    0.59   02/27 TO 02/27

SNOWFALL (INCHES)
RECORDS
 TOTAL            7.3   2015
TOTALS            0.0               0.6    -0.6      0.0
SINCE 7/1           T               1.8    -1.8        T
SNOWDEPTH AVG.      0                MM      MM        0
DAYS >= 1.0         0               0.3    -0.3        0
GREATEST
 SNOW DEPTH         0   MM                             0  MM
 24 HR TOTAL      0.0   02/28 TO 02/28

DEGREE_DAYS
HEATING TOTAL     305               535    -230      488
 SINCE 7/1       1618              2431    -813     1937
COOLING TOTAL       4                 1       3        0
 SINCE 1/1         12                 2      10        0
.................................................................

WIND (MPH)
AVERAGE WIND SPEED              7.9
HIGHEST WIND SPEED/DIRECTION    31/310    DATE  02/08
HIGHEST GUST SPEED/DIRECTION    40/320    DATE  02/08

SKY COVER
POSSIBLE SUNSHINE (PERCENT)   MM
AVERAGE SKY COVER           0.40
NUMBER OF DAYS FAIR           12
NUMBER OF DAYS PC             10
NUMBER OF DAYS CLOUDY          6

AVERAGE RH (PERCENT)     65

WEATHER CONDITIONS. NUMBER OF DAYS WITH
THUNDERSTORM              0     MIXED PRECIP               0
HEAVY RAIN                1     RAIN                       2
LIGHT RAIN                6     FREEZING RAIN              0
LT FREEZING RAIN          0     HAIL                       0
HEAVY SNOW                0     SNOW                       0
LIGHT SNOW                0     SLEET                      0
FOG                      14     FOG W/VIS <= 1/4 MILE      3
HAZE                      8

-  INDICATES NEGATIVE NUMBERS.
R  INDICATES RECORD WAS SET OR TIED.
MM INDICATES DATA IS MISSING.
T  INDICATES TRACE AMOUNT.

$$
