000
CXUS53 KAPX 010749
CLMTVC


CLIMATE REPORT
NATIONAL WEATHER SERVICE GAYLORD MI
344 AM EDT SUN OCT 1 2017

...................................

...THE TRAVERSE CITY MI CLIMATE SUMMARY FOR THE MONTH OF SEPTEMBER 2017...

CLIMATE NORMAL PERIOD 1981 TO 2010
CLIMATE RECORD PERIOD 1896 TO 2017

WEATHER         OBSERVED          NORMAL  DEPART  LAST YEAR`S
                 VALUE   DATE(S)  VALUE   FROM    VALUE  DATE(S)
                                          NORMAL
................................................................
TEMPERATURE (F)
RECORD
 HIGH              96   09/02/1953
                        09/01/1953
                        09/15/1939
 LOW               26   09/30/1945
HIGHEST            95   09/24        MM      MM       91  09/06
                        09/23
                        09/22
LOWEST             40   09/09        MM      MM       48  09/24
                                                          09/15
AVG. MAXIMUM     76.8              70.0     6.8     75.2
AVG. MINIMUM     54.3              49.7     4.6     57.6
MEAN             65.5              59.8     5.7     66.4
DAYS MAX >= 90      5               0.2     4.8        1
DAYS MAX <= 32      0               0.0     0.0        0
DAYS MIN <= 32      0               0.3    -0.3        0
DAYS MIN <= 0       0               0.0     0.0        0

PRECIPITATION (INCHES)
RECORD
 MAXIMUM           MM   MM
 MINIMUM           MM   MM
TOTALS           2.40              3.53   -1.13     3.77
DAILY AVG.       0.08              0.12   -0.04     0.13
DAYS >= .01         7              12.3    -5.3       12
DAYS >= .10         7               7.2    -0.2       10
DAYS >= .50         2               2.2    -0.2        1
DAYS >= 1.00        0               0.7    -0.7        0
GREATEST
 24 HR. TOTAL    0.65   09/05 TO 09/05
 STORM TOTAL       MM
 (MM/DD(HH))            MM

DEGREE_DAYS
HEATING TOTAL     101               193     -92
 SINCE 7/1        135               262    -127
COOLING TOTAL     124                38      86
 SINCE 1/1        507               407     100

FREEZE DATES
RECORD
 EARLIEST     MM
 LATEST       MM
EARLIEST                        MM
LATEST                          MM
.................................................................

WIND (MPH)
AVERAGE WIND SPEED              4.4
HIGHEST WIND SPEED/DIRECTION    26/320    DATE  09/22
HIGHEST GUST SPEED/DIRECTION    40/320    DATE  09/22

SKY COVER
POSSIBLE SUNSHINE (PERCENT)   MM
AVERAGE SKY COVER           0.40
NUMBER OF DAYS FAIR           15
NUMBER OF DAYS PC             10
NUMBER OF DAYS CLOUDY          5

AVERAGE RH (PERCENT)     67

WEATHER CONDITIONS. NUMBER OF DAYS WITH
THUNDERSTORM              6     MIXED PRECIP               0
HEAVY RAIN                4     RAIN                       4
LIGHT RAIN                7     FREEZING RAIN              0
LT FREEZING RAIN          0     HAIL                       0
HEAVY SNOW                0     SNOW                       0
LIGHT SNOW                0     SLEET                      0
FOG                      14     FOG W/VIS <= 1/4 MILE      0
HAZE                     12

-  INDICATES NEGATIVE NUMBERS.
R  INDICATES RECORD WAS SET OR TIED.
MM INDICATES DATA IS MISSING.
T  INDICATES TRACE AMOUNT.

$$
