000
CXUS55 KREV 020348 AAA
CLMTVL

CLIMATE REPORT
NATIONAL WEATHER SERVICE RENO NV
344 PM PDT SAT JUL 1 2017

...................................

...THE SOUTH LAKE TAHOE CA CLIMATE SUMMARY FOR THE MONTH OF JUNE
2017...

THE AVERAGE TEMPERATURE FOR JUNE 2017 AT SOUTH LAKE TAHOE WAS 58.0
DEGREES WHICH IS 3.3 DEGREES ABOVE NORMAL. THE HIGHEST TEMPERATURE
FOR JUNE WAS 90 DEGREES WHICH OCCURRED ON THE 19TH. THIS 90 DEGREE
TEMPERATURE TIES THE ALL-TIME RECORD HIGH TEMPERATURE FOR JUNE AT
SOUTH LAKE TAHOE. A READING OF 90 DEGREES IN JUNE PREVIOUSLY
OCCURRED ON BOTH JUNE 25, 1988, AND ON JUNE 25, 2015. THE LOWEST
TEMPERATURE FOR THE MONTH WAS 28 DEGREES WHICH WAS RECORDED ON THE
13TH.

FOR JUNE 2017 0.07 INCHES OF PRECIPITATION WAS RECORDED AT SOUTH
LAKE TAHOE. THIS IS 0.52 INCHES BELOW NORMAL.

A TOTAL OF 0.4 INCHES OF SNOWFALL WAS REPORTED FOR JUNE AT SOUTH
LAKE TAHOE.

THE AVERAGE WIND SPEED FOR THE MONTH WAS 5.7 MPH. THE PEAK WIND GUST
FOR THE MONTH WAS 47 MPH FROM THE SOUTH WHICH OCCURRED ON THE 9TH.

CLIMATE NORMAL PERIOD 1981 TO 2010
CLIMATE RECORD PERIOD 1968 TO 2017

WEATHER         OBSERVED          NORMAL  DEPART
                 VALUE   DATE(S)  VALUE   FROM
                                          NORMAL
................................................
TEMPERATURE (F)
RECORD
 HIGH              90   06/19/2017
                        06/25/2015
                        06/25/1988
 LOW               21   06/09/1988
HIGHEST            90R  06/19        90       0
LOWEST             28   06/13        21       7
AVG. MAXIMUM     75.0              72.3     2.7
AVG. MINIMUM     41.0              37.1     3.9
MEAN             58.0              54.7     3.3
DAYS MAX >= 90      1               0.0     1.0
DAYS MAX <= 32      0               0.0     0.0
DAYS MIN <= 32      3               5.5    -2.5
DAYS MIN <= 0       0               0.0     0.0

PRECIPITATION (INCHES)
RECORD
 MAXIMUM           MM   MM
 MINIMUM           MM   MM
TOTALS           0.07              0.59   -0.52
DAILY AVG.       0.00              0.02   -0.02
DAYS >= .01         3                MM      MM
DAYS >= .10         0                MM      MM
DAYS >= .50         0                MM      MM
DAYS >= 1.00        0                MM      MM
GREATEST
 24 HR. TOTAL    0.04   06/09 TO 06/09
 STORM TOTAL       MM
 (MM/DD(HH))            MM

SNOWFALL (INCHES)
 LIQUID EQUIV    0.04                MM      MM
 LIQUID 7/1     16.56
GREATEST
 SNOW DEPTH         0   MM

DEGREE_DAYS
HEATING TOTAL     223               310     -87
 SINCE 7/1       7310              7732    -422
COOLING TOTAL      19                 1      18
 SINCE 1/1         19                 1      18

FREEZE DATES
RECORD
 EARLIEST     MM
 LATEST       MM
EARLIEST      08/08             09/16
LATEST        06/13             05/18
.................................................

WIND (MPH)
AVERAGE WIND SPEED              5.7
HIGHEST WIND SPEED/DIRECTION    28/190    DATE  06/09
HIGHEST GUST SPEED/DIRECTION    47/180    DATE  06/09

AVERAGE RH (PERCENT)     54

WEATHER CONDITIONS. NUMBER OF DAYS WITH
THUNDERSTORM              3     MIXED PRECIP               0
HEAVY RAIN                0     RAIN                       0
LIGHT RAIN                3     FREEZING RAIN              0
LT FREEZING RAIN          0     HAIL                       0
HEAVY SNOW                0     SNOW                       1
LIGHT SNOW                2     SLEET                      0
FOG                       3     FOG W/VIS <= 1/4 MILE      0
HAZE                      1

-  INDICATES NEGATIVE NUMBERS.
R  INDICATES RECORD WAS SET OR TIED.
MM INDICATES DATA IS MISSING.
T  INDICATES TRACE AMOUNT.

$$
