000
CXUS54 KCRP 060330
CLMVCT

CLIMATE REPORT
NATIONAL WEATHER SERVICE CORPUS CHRISTI TX
1026 PM CDT TUE SEP 5 2017

...................................

...THE VICTORIA CLIMATE SUMMARY FOR THE MONTH OF AUGUST 2017...

CLIMATE NORMAL PERIOD 1981 TO 2010
CLIMATE RECORD PERIOD 1893 TO 2017

WEATHER         OBSERVED          NORMAL  DEPART  LAST YEAR`S
                 VALUE   DATE(S)  VALUE   FROM    VALUE  DATE(S)
                                          NORMAL
................................................................
TEMPERATURE (F)
RECORD
 HIGH             109   08/28/2011
 LOW               61   08/31/1915
HIGHEST           101   08/23        94       7      101  08/11
                                                          08/10
                                                          08/08
LOWEST             70   08/30        75      -5       70  08/28
                                                          08/27
AVG. MAXIMUM     93.2              95.0    -1.8     93.9
AVG. MINIMUM     75.1              73.7     1.4     73.6
MEAN             84.2              84.3    -0.1     83.8
DAYS MAX >= 90     25              28.6    -3.6       26
DAYS MAX <= 32      0               0.0     0.0        0
DAYS MIN <= 32      0               0.0     0.0        0
DAYS MIN <= 0       0               0.0     0.0        0

PRECIPITATION (INCHES)
RECORD
 MAXIMUM        10.88   1966
 MINIMUM         0.00   1902
TOTALS          16.94R             2.85   14.09     5.52
DAILY AVG.       0.55              0.09    0.46     0.18
DAYS >= .01        12               8.1     3.9       10
DAYS >= .10         7               4.9     2.1        8
DAYS >= .50         7               2.0     5.0        6
DAYS >= 1.00        5               0.7     4.3        1
GREATEST
 24 HR. TOTAL    7.58   08/26 TO 08/26           08/17 TO 08/17


SNOWFALL (INCHES)
RECORDS
 TOTAL            0.0   MM
 24 HR TOTAL      0.0   MM
TOTALS            0.0               0.0     0.0      0.0
SINCE 7/1         0.0               0.0     0.0      0.0
SNOWDEPTH AVG.      0                MM      MM        0
DAYS >= 1.0         0               0.0     0.0        0
GREATEST
 SNOW DEPTH         0   MM                             0
 24 HR TOTAL      0.0   08/31 TO 08/31               0.0

DEGREE_DAYS
HEATING TOTAL       0                 0       0        0
 SINCE 7/1          0                 0       0        0
COOLING TOTAL     602               600       2      590
 SINCE 1/1       2833              2353     480     2487
........................................................

WIND (MPH)
AVERAGE WIND SPEED              9.5
HIGHEST WIND SPEED/DIRECTION    58/120    DATE  08/26
HIGHEST GUST SPEED/DIRECTION    83/130    DATE  08/26

SKY COVER
AVERAGE SKY COVER           0.30

AVERAGE RH (PERCENT)     71

WEATHER CONDITIONS. NUMBER OF DAYS WITH
THUNDERSTORM              6     MIXED PRECIP               0
HEAVY RAIN                7     RAIN                       7
LIGHT RAIN               12     FREEZING RAIN              0
LT FREEZING RAIN          0     HAIL                       0
HEAVY SNOW                0     SNOW                       0
LIGHT SNOW                0     SLEET                      0
FOG                      14     FOG W/VIS <= 1/4 MILE      1
HAZE                      3

-  INDICATES NEGATIVE NUMBERS.
R  INDICATES RECORD WAS SET OR TIED.
MM INDICATES DATA IS MISSING.
T  INDICATES TRACE AMOUNT.

$$

CB
