000
CXUS54 KCRP 011626
CLMVCT

CLIMATE REPORT
NATIONAL WEATHER SERVICE CORPUS CHRISTI TX
1111 AM CDT SAT OCT 1 2016

...................................

...THE VICTORIA CLIMATE SUMMARY FOR THE MONTH OF SEPTEMBER 2016...

CLIMATE NORMAL PERIOD 1981 TO 2010
CLIMATE RECORD PERIOD 1893 TO 2016

WEATHER         OBSERVED          NORMAL  DEPART  LAST YEAR`S
                 VALUE   DATE(S)  VALUE   FROM    VALUE  DATE(S)
                                          NORMAL
................................................................
TEMPERATURE (F)
RECORD
 HIGH             111   09/05/2000
 LOW               45   09/27/1942
HIGHEST            97   09/20        90       7       94  09/26
                        09/19                             09/25
                        09/18                             09/07
LOWEST             54   09/30        71     -17       62  09/24
                                                          09/14
AVG. MAXIMUM     91.7              90.4     1.3     90.2
AVG. MINIMUM     71.2              69.2     2.0     69.7
MEAN             81.4              79.8     1.6     79.9
DAYS MAX >= 90     24              18.0     6.0       19
DAYS MAX <= 32      0               0.0     0.0        0
DAYS MIN <= 32      0               0.0     0.0        0
DAYS MIN <= 0       0               0.0     0.0        0

PRECIPITATION (INCHES)
RECORD
 MAXIMUM        19.05   1978
 MINIMUM         0.00   1920
TOTALS           2.55              4.16   -1.61     4.52
DAILY AVG.       0.09              0.14   -0.05     0.15
DAYS >= .01         7               9.5    -2.5       13
DAYS >= .10         5               5.7    -0.7       10
DAYS >= .50         2               2.7    -0.7        3
DAYS >= 1.00        1               1.3    -0.3        1
GREATEST
 24 HR. TOTAL    1.30   09/02 TO 09/02           09/11 TO 09/11
                                                          09/10 TO 09/11
                                                          09/11 TO 09/11

SNOWFALL (INCHES)
RECORDS
 TOTAL            0.0   MM
 24 HR TOTAL      0.0   MM
TOTALS            0.0               0.0     0.0      0.0
SINCE 7/1         0.0               0.0     0.0      0.0
SNOWDEPTH AVG.      0                MM      MM        0
DAYS >= 1.0         0               0.0     0.0        0
GREATEST
 SNOW DEPTH         0   MM                             0
 24 HR TOTAL      0.0   MM                           0.0

DEGREE_DAYS
HEATING TOTAL       0                 1      -1        0
 SINCE 7/1          0                 1      -1        0
COOLING TOTAL     501               445      56      456
 SINCE 1/1       2988              2798     190     2878
..................................................

WIND (MPH)
AVERAGE WIND SPEED              6.3
HIGHEST WIND SPEED/DIRECTION    24/020    DATE  09/25
HIGHEST GUST SPEED/DIRECTION    34/360    DATE  09/10

SKY COVER
AVERAGE SKY COVER           0.20

AVERAGE RH (PERCENT)     77

WEATHER CONDITIONS. NUMBER OF DAYS WITH
THUNDERSTORM             12     MIXED PRECIP               0
HEAVY RAIN                3     RAIN                       5
LIGHT RAIN               10     FREEZING RAIN              0
LT FREEZING RAIN          0     HAIL                       0
HEAVY SNOW                0     SNOW                       0
LIGHT SNOW                0     SLEET                      0
FOG                      24     FOG W/VIS <= 1/4 MILE      0
HAZE                      1

-  INDICATES NEGATIVE NUMBERS.
R  INDICATES RECORD WAS SET OR TIED.
MM INDICATES DATA IS MISSING.
T  INDICATES TRACE AMOUNT.

$$

95/TJC
