493
CXUS54 KCRP 011812
CLMVCT

CLIMATE REPORT
NATIONAL WEATHER SERVICE CORPUS CHRISTI TX
1140 AM CST MON FEB 1 2016

...................................

...THE VICTORIA CLIMATE SUMMARY FOR THE MONTH OF JANUARY 2016...

CLIMATE NORMAL PERIOD 1981 TO 2010
CLIMATE RECORD PERIOD 1893 TO 2016

WEATHER         OBSERVED          NORMAL  DEPART  LAST YEAR`S
                 VALUE   DATE(S)  VALUE   FROM    VALUE  DATE(S)
                                          NORMAL
................................................................
TEMPERATURE (F)
RECORD
 HIGH              88   01/30/1971
 LOW                9   01/18/1930
HIGHEST            81   01/31        64      17       82  01/27
LOWEST             31   01/28        44     -13       30  01/08
                        01/23
AVG. MAXIMUM     65.0              64.7     0.3     61.8
AVG. MINIMUM     41.1              43.1    -2.0     41.5
MEAN             53.1              53.9    -0.8     51.7
DAYS MAX >= 90      0               0.0     0.0        0
DAYS MAX <= 32      0               0.0     0.0        0
DAYS MIN <= 32      3               3.6    -0.6        2
DAYS MIN <= 0       0               0.0     0.0        0

PRECIPITATION (INCHES)
RECORD
 MAXIMUM        11.87   1934
 MINIMUM         0.00   1912
                        1911
                        1909
TOTALS           3.15              2.52    0.63     3.07
DAILY AVG.       0.10              0.08    0.02     0.10
DAYS >= .01         7               8.4    -1.4       10
DAYS >= .10         5               4.4     0.6        4
DAYS >= .50         2               1.8     0.2        2
DAYS >= 1.00        2               0.6     1.4        2
GREATEST
 24 HR. TOTAL    1.50   01/06 TO 01/07           01/10 TO 01/11


SNOWFALL (INCHES)
RECORDS
 TOTAL            3.0   1940
 24 HR TOTAL      3.0
TOTALS            0.0               0.1    -0.1      0.0
SINCE 7/1         0.0               0.1    -0.1      0.0
SNOWDEPTH AVG.      0                MM      MM        0
DAYS >= 1.0         0               0.1    -0.1        0
GREATEST
 SNOW DEPTH         0   MM                             0
 24 HR TOTAL      0.0   MM                           0.0

DEGREE_DAYS
HEATING TOTAL     367               358       9      407
 SINCE 7/1        678               852    -174      790
COOLING TOTAL       5                14      -9        1
 SINCE 1/1          5                 7      -2        1
..................................................

WIND (MPH)
AVERAGE WIND SPEED              8.6
HIGHEST WIND SPEED/DIRECTION    30/330    DATE  01/21
HIGHEST GUST SPEED/DIRECTION    39/320    DATE  01/21

SKY COVER
AVERAGE SKY COVER           0.40

AVERAGE RH (PERCENT)     75

WEATHER CONDITIONS. NUMBER OF DAYS WITH
THUNDERSTORM              2     MIXED PRECIP               0
HEAVY RAIN                3     RAIN                       4
LIGHT RAIN                9     FREEZING RAIN              0
LT FREEZING RAIN          0     HAIL                       0
HEAVY SNOW                0     SNOW                       0
LIGHT SNOW                0     SLEET                      0
FOG                      19     FOG W/VIS <= 1/4 MILE      7
HAZE                      2

-  INDICATES NEGATIVE NUMBERS.
R  INDICATES RECORD WAS SET OR TIED.
MM INDICATES DATA IS MISSING.
T  INDICATES TRACE AMOUNT.

$$

ANM
