000
CXUS53 KLOT 021551
CLMVPZ


CLIMATE REPORT
NATIONAL WEATHER SERVICE CHICAGO IL
1048 AM CDT FRI SEP 2 2016

...................................

...THE VALPARAISO CLIMATE SUMMARY FOR THE MONTH OF AUGUST 2016...

CLIMATE NORMAL PERIOD 1981 TO 2010
CLIMATE RECORD PERIOD 1998 TO 2016

WEATHER         OBSERVED          NORMAL  DEPART  LAST YEAR`S
                 VALUE   DATE(S)  VALUE   FROM    VALUE
                                          NORMAL
.............................................................
TEMPERATURE (F)
RECORD
 HIGH              95   08/21/2003
 LOW               43   08/15/2014
                        08/31/2009
                        01/05/1999
HIGHEST            92   08/11        MM      MM       93
LOWEST             53   08/23        MM      MM       53
                        08/22
AVG. MAXIMUM     83.9              80.4     3.5     80.3
AVG. MINIMUM     64.6              60.7     3.9     60.3
MEAN             74.2              70.6     3.6     70.3

PRECIPITATION (INCHES)
RECORD
 MAXIMUM        10.49   2014
 MINIMUM         0.46   2008
TOTALS           9.25              4.31    4.94     4.38

DEGREE_DAYS
HEATING TOTAL       0                13     -13        5
 SINCE 7/1          8                17      -9       11
COOLING TOTAL     291               185     106      177
 SINCE 1/1        849               636     213      587
..............................................................

WIND (MPH)
AVERAGE WIND SPEED              5.3
HIGHEST WIND SPEED/DIRECTION    24/210    DATE  08/20
HIGHEST GUST SPEED/DIRECTION    34/290    DATE  08/19

AVERAGE RH (PERCENT)     77


-  INDICATES NEGATIVE NUMBERS.
R  INDICATES RECORD WAS SET OR TIED.
MM INDICATES DATA IS MISSING.
T  INDICATES TRACE AMOUNT.

$$
