000
CXUS53 KLBF 011853
CLMVTN


CLIMATE REPORT
NATIONAL WEATHER SERVICE NORTH PLATTE
1249 PM CST WED FEB 1 2017

...................................

...THE VALENTINE NE CLIMATE SUMMARY FOR THE MONTH OF JANUARY 2017...

CLIMATE NORMAL PERIOD 1981 TO 2010
CLIMATE RECORD PERIOD 1885 TO 2017

WEATHER         OBSERVED          NORMAL  DEPART  LAST YEAR`S
                 VALUE   DATE(S)  VALUE   FROM    VALUE  DATE(S)
                                          NORMAL
................................................................
TEMPERATURE (F)
RECORD
 HIGH              72   01/27/2015
                        01/12/1987
                        38/08/2445
 LOW              -38   01/24/1894
HIGHEST            61   01/18        59       2       46  01/29
                                                          01/28
                                                          01/23
LOWEST            -11   01/06       -15       4      -16  01/18
AVG. MAXIMUM     34.7              36.5    -1.8     33.1
AVG. MINIMUM     10.9              10.7     0.2     12.2
MEAN             22.8              23.6    -0.8     22.7
DAYS MAX >= 90      0               0.0     0.0        0
DAYS MAX <= 32     13              11.1     1.9       14
DAYS MIN <= 32     31              30.7     0.3       31
DAYS MIN <= 0       5               6.6    -1.6        5

PRECIPITATION (INCHES)
RECORD
 MAXIMUM         1.74   1944
 MINIMUM            T   1961
TOTALS           0.91              0.26    0.65     0.52
DAILY AVG.       0.03              0.01    0.02     0.02
DAYS >= .01         7               3.9     3.1        9
DAYS >= .10         1               0.8     0.2        1
DAYS >= .50         1               0.0     1.0        0
DAYS >= 1.00        0               0.0     0.0        0
GREATEST
 24 HR. TOTAL    0.77   01/24 TO 01/24           01/25 TO 01/25
                                                          01/25 TO 01/25
                                                          01/25 TO 01/25

SNOWFALL (INCHES)
RECORDS
 TOTAL           18.3   1929
TOTALS           11.5               3.8     7.7      7.0
SINCE 7/1        23.2              16.5     6.7     30.2
SNOWDEPTH AVG.      2                 2       0        3
DAYS >= 1.0         1               1.5    -0.5        1
GREATEST
 SNOW DEPTH        10   01/27                          6  01/27
                        01/26                             01/26
 24 HR TOTAL      9.1R  01/24 TO 01/24

DEGREE_DAYS
HEATING TOTAL    1303              1283      20     1305
 SINCE 7/1       3824              4178    -354     3830
COOLING TOTAL       0                 0       0        0
 SINCE 1/1          0                 0       0        0
......................................................

WIND (MPH)
AVERAGE WIND SPEED              9.8
HIGHEST WIND SPEED/DIRECTION    31/320    DATE  01/28
HIGHEST GUST SPEED/DIRECTION    42/310    DATE  01/28

SKY COVER
POSSIBLE SUNSHINE (PERCENT)   MM
AVERAGE SKY COVER           0.40
NUMBER OF DAYS FAIR           17
NUMBER OF DAYS PC             11
NUMBER OF DAYS CLOUDY          3

AVERAGE RH (PERCENT)     67

WEATHER CONDITIONS. NUMBER OF DAYS WITH
THUNDERSTORM              0     MIXED PRECIP               0
HEAVY RAIN                0     RAIN                       0
LIGHT RAIN                0     FREEZING RAIN              0
LT FREEZING RAIN          0     HAIL                       0
HEAVY SNOW                1     SNOW                       1
LIGHT SNOW                8     SLEET                      0
FOG                       8     FOG W/VIS <= 1/4 MILE      1
HAZE                      4

-  INDICATES NEGATIVE NUMBERS.
R  INDICATES RECORD WAS SET OR TIED.
MM INDICATES DATA IS MISSING.
T  INDICATES TRACE AMOUNT.

$$
